{"id":1968,"date":"2015-07-28T12:25:06","date_gmt":"2015-07-28T12:25:06","guid":{"rendered":"http:\/\/www.fasupi.com.br\/site\/?page_id=87"},"modified":"2021-09-06T19:23:01","modified_gmt":"2021-09-06T22:23:01","slug":"localizacao","status":"publish","type":"page","link":"https:\/\/portal.unisepe.com.br\/asmec\/a-instituicao\/localizacao\/","title":{"rendered":"Localiza\u00e7\u00e3o"},"content":{"rendered":"<p>Privilegiada pelo seu clima ameno de montanha e pela sua localiza\u00e7\u00e3o, pr\u00f3xima aos grandes centros consumidores, por rodovias pavimentadas, est\u00e1 a 450 Km da capital do Estado, Belo Horizonte, 200 Km de S\u00e3o Paulo, 440 Km do Rio de Janeiro, 130 Km de Campinas e 900 Km de Bras\u00edlia, Situada na Av. Dr. Professor Ant\u00f4nio Eufr\u00e1sio de Toledo, 100 &#8211; Jardim dos Yp\u00eas &#8211; Ouro Fino\/MG CEP: 37.570-000.<\/p>\n<p>A economia do Munic\u00edpio \u00e9 est\u00e1vel e diversificada, tendo como suas principais fontes de renda a agricultura com forte concentra\u00e7\u00e3o no caf\u00e9, a pecu\u00e1ria de leite e de corte, as ind\u00fatrias n\u00e3o poluentes de m\u00e9dio e pequeno porte, as malharias e o com\u00e9rcio micro polarizado.<\/p>\n<p align=\"left\">Na \u00e1rea de ensino, Ouro Fino se destaca pela qualidade do ensino. Ao todo s\u00e3o cinco pr\u00e9-escolas, seis escolas de Ensino Fundamental e uma escola de Ensino M\u00e9dio, al\u00e9m das escolas rurais de Ensino Fundamental, todas p\u00fablicas.<\/p>\n<p><strong>Endere\u00e7o:<\/strong> Av. Dr. Professor Ant\u00f4nio Eufr\u00e1sio de Toledo, 100 &#8211; Jardim dos Yp\u00eas &#8211; Ouro Fino\/MG CEP: 37.570-000.<\/p>\n<p><iframe loading=\"lazy\" width=\"600\" height=\"450\" style=\"border: 0\" src=\"https:\/\/www.google.com\/maps\/embed?pb=!1m18!1m12!1m3!1d922.9439079984969!2d-46.374774618091465!3d-22.28648745852244!2m3!1f0!2f0!3f0!3m2!1i1024!2i768!4f13.1!3m3!1m2!1s0x94c976f07f92d98d%3A0xe7d4dc3b07caec82!2sFaculdade%20Asmec!5e0!3m2!1spt-BR!2sbr!4v1630966892628!5m2!1spt-BR!2sbr\"><\/iframe><\/p>\n","protected":false},"excerpt":{"rendered":"<p>Privilegiada pelo seu clima ameno de montanha e pela sua localiza\u00e7\u00e3o, pr\u00f3xima aos grandes centros consumidores, por rodovias pavimentadas, est\u00e1 a 450 Km da capital do Estado, Belo Horizonte, 200 Km de S\u00e3o Paulo, 440 Km do Rio de Janeiro, 130 Km de Campinas e 900 Km de Bras\u00edlia, Situada<\/p>\n","protected":false},"author":1,"featured_media":0,"parent":81,"menu_order":0,"comment_status":"open","ping_status":"open","template":"templates\/template-pagina_menu_vertical.php","meta":{"footnotes":""},"categories":[],"tags":[],"class_list":["post-1968","page","type-page","status-publish","hentry"],"_links":{"self":[{"href":"https:\/\/portal.unisepe.com.br\/asmec\/wp-json\/wp\/v2\/pages\/1968","targetHints":{"allow":["GET"]}}],"collection":[{"href":"https:\/\/portal.unisepe.com.br\/asmec\/wp-json\/wp\/v2\/pages"}],"about":[{"href":"https:\/\/portal.unisepe.com.br\/asmec\/wp-json\/wp\/v2\/types\/page"}],"author":[{"embeddable":true,"href":"https:\/\/portal.unisepe.com.br\/asmec\/wp-json\/wp\/v2\/users\/1"}],"replies":[{"embeddable":true,"href":"https:\/\/portal.unisepe.com.br\/asmec\/wp-json\/wp\/v2\/comments?post=1968"}],"version-history":[{"count":51,"href":"https:\/\/portal.unisepe.com.br\/asmec\/wp-json\/wp\/v2\/pages\/1968\/revisions"}],"predecessor-version":[{"id":3684,"href":"https:\/\/portal.unisepe.com.br\/asmec\/wp-json\/wp\/v2\/pages\/1968\/revisions\/3684"}],"up":[{"embeddable":true,"href":"https:\/\/portal.unisepe.com.br\/asmec\/wp-json\/wp\/v2\/pages\/81"}],"wp:attachment":[{"href":"https:\/\/portal.unisepe.com.br\/asmec\/wp-json\/wp\/v2\/media?parent=1968"}],"wp:term":[{"taxonomy":"category","embeddable":true,"href":"https:\/\/portal.unisepe.com.br\/asmec\/wp-json\/wp\/v2\/categories?post=1968"},{"taxonomy":"post_tag","embeddable":true,"href":"https:\/\/portal.unisepe.com.br\/asmec\/wp-json\/wp\/v2\/tags?post=1968"}],"curies":[{"name":"wp","href":"https:\/\/api.w.org\/{rel}","templated":true}]}}