{"id":212,"date":"2016-07-08T00:29:54","date_gmt":"2016-07-08T00:29:54","guid":{"rendered":"http:\/\/www.fvr.edu.br\/fvr\/site\/?page_id=212"},"modified":"2025-06-03T20:59:17","modified_gmt":"2025-06-03T23:59:17","slug":"contatos","status":"publish","type":"page","link":"https:\/\/portal.unisepe.com.br\/asmec\/a-instituicao\/contatos\/","title":{"rendered":"Contatos"},"content":{"rendered":"<h4>Telefone:<\/h4>\n<p>(35) 3441-1617<\/p>\n<p>(35) 3441-1616<\/p>\n<p>(35) 3441-1426<\/p>\n<p>&nbsp;<\/p>\n<h4>Whatsapp:<\/h4>\n<p><a href=\"https:\/\/web.whatsapp.com\/send\/?phone=5535999653832&amp;text&amp;type=phone_number&amp;app_absent=0\"><span>(35) 99965-3832<\/span><\/a><\/p>\n<h3><\/h3>\n<h3 style=\"font-family: Arial\"><strong>Diretoria:<\/strong><\/h3>\n<hr \/>\n<p style=\"padding-left: 40px\"><strong>Diretor<\/strong><br \/>\nF\u00e1bio Gomes de Ara\u00fajo<strong><br \/>\n<\/strong>E-mail: <a href=\"mailto:diretoria.ourofino@unisepe.com.br\">diretoria.ourofino@unisepe.com.br<\/a><\/p>\n<p style=\"padding-left: 40px\"><strong>Vice &#8211; diretor<\/strong><br \/>\nDiego Pereira Jer\u00f4nimo<strong><br \/>\n<\/strong>E-mail: <a href=\"mailto:vicediretoria.of@unisepe.com.br\">vicediretoria.of@unisepe.com.br<\/a><\/p>\n<h3 style=\"font-family: Arial\"><strong>Coordenadores de Curso:<\/strong><\/h3>\n<hr \/>\n<p style=\"padding-left: 40px\"><strong>Coordenador do curso de Administra\u00e7\u00e3o<\/strong><br \/>\nProf\u00ba Diego Pereira Jer\u00f4nimo<br \/>\nE-mail: <a href=\"mailto:educacaofisica@asmec.br\">educacaofisica@asmec.br<\/a><\/p>\n<p style=\"padding-left: 40px\"><strong>Coordenador do curso de Ci\u00eancias Cont\u00e1beis<\/strong><br \/>\nProf\u00ba Diego Pereira Jer\u00f4nimo<br \/>\nE-mail: <a href=\"mailto:educacaofisica@asmec.br\">educacaofisica@asmec.br<\/a><\/p>\n<p style=\"padding-left: 40px\"><strong>Coordenador do curso de Direito<\/strong><br \/>\nProf\u00ba Wanderson Gomes de Oliveira<br \/>\nE-mail: <a href=\"mailto:direito.of@unisepe.com.br\">direito.of@unisepe.com.br<\/a><\/p>\n<p style=\"padding-left: 40px\"><strong>Coordenador do Curso de Educa\u00e7\u00e3o F\u00edsica<\/strong><br \/>\nProf\u00ba Diego Pereira Jer\u00f4nimo <strong><br \/>\n<\/strong>E-mail: <a href=\"mailto:educacaofisica@asmec.br\">educacaofisica@asmec.br<\/a><\/p>\n<p style=\"padding-left: 40px\"><strong>Coordenadora do Curso de Enfermagem\u00a0<\/strong><br \/>\nProf\u00ba Diego Pereira Jer\u00f4nimo <strong><br \/>\n<\/strong>E-mail: <a href=\"mailto:educacaofisica@asmec.br\">educacaofisica@asmec.br<\/a><\/p>\n<p style=\"padding-left: 40px\"><strong>Coordenador do curso de Psicologia<\/strong><br \/>\nProf\u00ba Anderson Luiz Barbosa Martins<br \/>\nE-mail: <a href=\"mailto:psicologia.of@unisepe.com.br\">psicologia.of@unisepe.com.br<\/a><\/p>\n<p>&nbsp;<\/p>\n<h3 style=\"font-family: Arial\"><strong>Administrativos<\/strong><\/h3>\n<hr \/>\n<p style=\"padding-left: 40px\"><strong>Diretoria da Mantenedora<\/strong><\/p>\n<p style=\"padding-left: 40px\">Diretor Presidente da Mantenedora: Prof\u00ba Guilherme Bernardes<\/p>\n<p style=\"padding-left: 40px\">Diretor Secretario da Mantenedora: Bel. Aderbal Alfredo Calderari Bernardes<\/p>\n<p>&nbsp;<\/p>\n<p style=\"padding-left: 40px\"><strong>Coordenadoria de Registros\u00a0<\/strong><b>Acad\u00eamicos<\/b><\/p>\n<p style=\"padding-left: 40px\">Cheize Maria Bufeti de Toledo<\/p>\n<p style=\"padding-left: 40px\">E-mail: <a href=\"mailto:cheizetoledo@asmec.br\">cheizetoledo@asmec.br<\/a><\/p>\n<p>&nbsp;<\/p>\n<p style=\"padding-left: 40px\"><strong>Auxiliar de Secretaria<\/strong><\/p>\n<p style=\"padding-left: 40px\">Daiana Pereira dos Santos<\/p>\n<p style=\"padding-left: 40px\">E-mail: <a href=\"mailto:secretaria02.of@unisepe.edu.br\">secretaria02.of@unisepe.edu.br<\/a><\/p>\n<p>&nbsp;<\/p>\n<p style=\"padding-left: 40px\"><strong>Centro de Processamento de Dados (CPD)<\/strong><\/p>\n<p style=\"padding-left: 40px\">Nielson Ferreira do Couto de Lima<\/p>\n<p style=\"padding-left: 40px\">E-mail: <a href=\"mailto:ti01.of@unisepe.com.br\">ti01.of@unisepe.com.br<\/a><\/p>\n<p>&nbsp;<\/p>\n<p style=\"padding-left: 40px\"><strong>Biblioteca<\/strong><\/p>\n<p style=\"padding-left: 40px\">Fernanda Pereira de Castro<\/p>\n<p style=\"padding-left: 40px\">E-mail: <a href=\"mailto:biblioteca01.of@unisepe.com.br\">biblioteca01.of@unisepe.com.br<\/a><\/p>\n<p style=\"padding-left: 40px\">Ana Clara da Silva Pedro<\/p>\n<p style=\"padding-left: 40px\">E-mail: <a href=\"mailto:biblioteca01.of@unisepe.com.br\">biblioteca01.of@unisepe.com.br<\/a><\/p>\n<p>&nbsp;<\/p>\n<p style=\"padding-left: 40px\"><strong>Tesouraria<\/strong><\/p>\n<p style=\"padding-left: 40px\">Leila Prado<\/p>\n<p style=\"padding-left: 40px\">E-mail: <a href=\"mailto:leila@asmec.br\">leila@asmec.br<\/a><\/p>\n<p>&nbsp;<\/p>\n<p style=\"padding-left: 40px\"><strong>Recursos Humanos<\/strong><\/p>\n<p style=\"padding-left: 40px\">Elaine Cristina R. de Sousa<\/p>\n<p style=\"padding-left: 40px\">E-mail: <a href=\"mailto:financeiro01.sl@unisepe.edu.br\">financeiro01.sl@unisepe.edu.br<\/a><\/p>\n<p>&nbsp;<\/p>\n<p style=\"padding-left: 40px\"><strong>N\u00facleo de Vestibular<\/strong><\/p>\n<p style=\"padding-left: 40px\">Rebeca Olanda de Padua Paiva<\/p>\n<p style=\"padding-left: 40px\">E-mail: <a href=\"mailto:nucleo01.of@unisepe.com.br\">nucleo01.of@unisepe.com.br<\/a><\/p>\n<p>&nbsp;<\/p>\n","protected":false},"excerpt":{"rendered":"<p>Telefone: (35) 3441-1617 (35) 3441-1616 (35) 3441-1426 &nbsp; Whatsapp: (35) 99965-3832 Diretoria: Diretor F\u00e1bio Gomes de Ara\u00fajo E-mail: diretoria.ourofino@unisepe.com.br Vice &#8211; diretor Diego Pereira Jer\u00f4nimo E-mail: vicediretoria.of@unisepe.com.br Coordenadores de Curso: Coordenador do curso de Administra\u00e7\u00e3o Prof\u00ba Diego Pereira Jer\u00f4nimo E-mail: educacaofisica@asmec.br Coordenador do curso de Ci\u00eancias Cont\u00e1beis Prof\u00ba Diego Pereira<\/p>\n","protected":false},"author":1,"featured_media":0,"parent":81,"menu_order":0,"comment_status":"closed","ping_status":"closed","template":"templates\/template-pagina_menu_vertical.php","meta":{"footnotes":""},"categories":[],"tags":[],"class_list":["post-212","page","type-page","status-publish","hentry"],"_links":{"self":[{"href":"https:\/\/portal.unisepe.com.br\/asmec\/wp-json\/wp\/v2\/pages\/212","targetHints":{"allow":["GET"]}}],"collection":[{"href":"https:\/\/portal.unisepe.com.br\/asmec\/wp-json\/wp\/v2\/pages"}],"about":[{"href":"https:\/\/portal.unisepe.com.br\/asmec\/wp-json\/wp\/v2\/types\/page"}],"author":[{"embeddable":true,"href":"https:\/\/portal.unisepe.com.br\/asmec\/wp-json\/wp\/v2\/users\/1"}],"replies":[{"embeddable":true,"href":"https:\/\/portal.unisepe.com.br\/asmec\/wp-json\/wp\/v2\/comments?post=212"}],"version-history":[{"count":33,"href":"https:\/\/portal.unisepe.com.br\/asmec\/wp-json\/wp\/v2\/pages\/212\/revisions"}],"predecessor-version":[{"id":5358,"href":"https:\/\/portal.unisepe.com.br\/asmec\/wp-json\/wp\/v2\/pages\/212\/revisions\/5358"}],"up":[{"embeddable":true,"href":"https:\/\/portal.unisepe.com.br\/asmec\/wp-json\/wp\/v2\/pages\/81"}],"wp:attachment":[{"href":"https:\/\/portal.unisepe.com.br\/asmec\/wp-json\/wp\/v2\/media?parent=212"}],"wp:term":[{"taxonomy":"category","embeddable":true,"href":"https:\/\/portal.unisepe.com.br\/asmec\/wp-json\/wp\/v2\/categories?post=212"},{"taxonomy":"post_tag","embeddable":true,"href":"https:\/\/portal.unisepe.com.br\/asmec\/wp-json\/wp\/v2\/tags?post=212"}],"curies":[{"name":"wp","href":"https:\/\/api.w.org\/{rel}","templated":true}]}}