{"id":214,"date":"2016-07-08T00:30:46","date_gmt":"2016-07-08T00:30:46","guid":{"rendered":"http:\/\/www.fvr.edu.br\/fvr\/site\/?page_id=214"},"modified":"2024-11-25T21:23:19","modified_gmt":"2024-11-26T00:23:19","slug":"areas-de-atuacao","status":"publish","type":"page","link":"https:\/\/portal.unisepe.com.br\/asmec\/a-instituicao\/areas-de-atuacao\/","title":{"rendered":"\u00c1reas de Atua\u00e7\u00e3o"},"content":{"rendered":"<p>A Institui\u00e7\u00e3o vem atuando no campo de ensino superior h\u00e1 mais de 35 anos, de forma ininterrupta. Atualmente oferece onze cursos de gradua\u00e7\u00e3o, abrangendo as seguintes \u00e1reas de conhecimento:<\/p>\n<p align=\"left\"><strong>Bacharelados<\/strong><br \/>\nAdministra\u00e7\u00e3o<br \/>\nCi\u00eancias Cont\u00e1beis<br \/>\nEduca\u00e7\u00e3o F\u00edsica<br \/>\nEnfermagem<br \/>\nNutri\u00e7\u00e3o<br \/>\nDireito<br \/>\nPsicologia<\/p>\n<p align=\"left\"><strong>Licenciaturas<\/strong><br \/>\nEduca\u00e7\u00e3o F\u00edsica<\/p>\n<p>&nbsp;<\/p>\n<p><strong>&#8220;A Educa\u00e7\u00e3o \u00e9 a for\u00e7a transformadora da sociedade, humanizando o mundo&#8221;<\/strong><\/p>\n","protected":false},"excerpt":{"rendered":"<p>A Institui\u00e7\u00e3o vem atuando no campo de ensino superior h\u00e1 mais de 35 anos, de forma ininterrupta. Atualmente oferece onze cursos de gradua\u00e7\u00e3o, abrangendo as seguintes \u00e1reas de conhecimento: Bacharelados Administra\u00e7\u00e3o Ci\u00eancias Cont\u00e1beis Educa\u00e7\u00e3o F\u00edsica Enfermagem Nutri\u00e7\u00e3o Direito Psicologia Licenciaturas Educa\u00e7\u00e3o F\u00edsica &nbsp; &#8220;A Educa\u00e7\u00e3o \u00e9 a for\u00e7a transformadora da<\/p>\n","protected":false},"author":1,"featured_media":0,"parent":81,"menu_order":0,"comment_status":"closed","ping_status":"closed","template":"templates\/template-pagina_menu_vertical.php","meta":{"footnotes":""},"categories":[],"tags":[],"class_list":["post-214","page","type-page","status-publish","hentry"],"_links":{"self":[{"href":"https:\/\/portal.unisepe.com.br\/asmec\/wp-json\/wp\/v2\/pages\/214","targetHints":{"allow":["GET"]}}],"collection":[{"href":"https:\/\/portal.unisepe.com.br\/asmec\/wp-json\/wp\/v2\/pages"}],"about":[{"href":"https:\/\/portal.unisepe.com.br\/asmec\/wp-json\/wp\/v2\/types\/page"}],"author":[{"embeddable":true,"href":"https:\/\/portal.unisepe.com.br\/asmec\/wp-json\/wp\/v2\/users\/1"}],"replies":[{"embeddable":true,"href":"https:\/\/portal.unisepe.com.br\/asmec\/wp-json\/wp\/v2\/comments?post=214"}],"version-history":[{"count":5,"href":"https:\/\/portal.unisepe.com.br\/asmec\/wp-json\/wp\/v2\/pages\/214\/revisions"}],"predecessor-version":[{"id":4766,"href":"https:\/\/portal.unisepe.com.br\/asmec\/wp-json\/wp\/v2\/pages\/214\/revisions\/4766"}],"up":[{"embeddable":true,"href":"https:\/\/portal.unisepe.com.br\/asmec\/wp-json\/wp\/v2\/pages\/81"}],"wp:attachment":[{"href":"https:\/\/portal.unisepe.com.br\/asmec\/wp-json\/wp\/v2\/media?parent=214"}],"wp:term":[{"taxonomy":"category","embeddable":true,"href":"https:\/\/portal.unisepe.com.br\/asmec\/wp-json\/wp\/v2\/categories?post=214"},{"taxonomy":"post_tag","embeddable":true,"href":"https:\/\/portal.unisepe.com.br\/asmec\/wp-json\/wp\/v2\/tags?post=214"}],"curies":[{"name":"wp","href":"https:\/\/api.w.org\/{rel}","templated":true}]}}