{"id":3337,"date":"2018-11-22T16:38:16","date_gmt":"2018-11-22T18:38:16","guid":{"rendered":"http:\/\/portal.unisepe.com.br\/asmec\/?page_id=3337"},"modified":"2025-10-30T20:35:31","modified_gmt":"2025-10-30T23:35:31","slug":"avin","status":"publish","type":"page","link":"https:\/\/portal.unisepe.com.br\/asmec\/comissao-propria-de-avaliacao\/avin\/","title":{"rendered":"Resultados AVIN"},"content":{"rendered":"<h2>Resultados da Avalia\u00e7\u00e3o Institucional<\/h2>\n<hr \/>\n<p><a href=\"https:\/\/portal.unisepe.com.br\/asmec\/wp-content\/uploads\/sites\/10006\/2025\/10\/AVIN-OF-ALUNOS-2025-2.pdf\">Avalia\u00e7\u00e3o Institucional (AVIN) 2025 &#8211; 2\u00ba Semestre<\/a><\/p>\n<p><a href=\"https:\/\/portal.unisepe.com.br\/asmec\/wp-content\/uploads\/sites\/10006\/2025\/05\/AVIN-OF-2025-1.pdf\">Avalia\u00e7\u00e3o Institucional (AVIN) 2025 &#8211; 1\u00ba Semestre<\/a><\/p>\n<p><a href=\"https:\/\/portal.unisepe.com.br\/asmec\/wp-content\/uploads\/sites\/10006\/2024\/10\/CPA-2024-2-ASMEC.pdf\">Avalia\u00e7\u00e3o Institucional (AVIN) 2024<\/a><\/p>\n<p><a href=\"https:\/\/portal.unisepe.com.br\/asmec\/wp-content\/uploads\/sites\/10006\/2024\/06\/CPA-2023-ASMEC.pdf\">Avalia\u00e7\u00e3o Institucional (AVIN) 2023<\/a><\/p>\n<p><a href=\"https:\/\/portal.unisepe.com.br\/asmec\/wp-content\/uploads\/sites\/10006\/2023\/05\/CPA-2022-ASMEC.pdf\">Avalia\u00e7\u00e3o Institucional (AVIN) 2022<\/a><\/p>\n<p><a href=\"https:\/\/portal.unisepe.com.br\/asmec\/wp-content\/uploads\/sites\/10006\/2023\/05\/CPA-2021-ASMEC.pdf\">Avalia\u00e7\u00e3o Institucional (AVIN) 2021<\/a><\/p>\n<p><a href=\"https:\/\/portal.unisepe.com.br\/asmec\/wp-content\/uploads\/sites\/10006\/2023\/05\/CPA-2020-ASMEC.pdf\">Avalia\u00e7\u00e3o Institucional (AVIN) 2020<\/a><\/p>\n<p><a href=\"https:\/\/portal.unisepe.com.br\/asmec\/wp-content\/uploads\/sites\/10006\/2023\/05\/CPA-2019-ASMEC.pdf\">Avalia\u00e7\u00e3o Institucional (AVIN) 2019<\/a><\/p>\n<p>&nbsp;<\/p>\n","protected":false},"excerpt":{"rendered":"<p>Resultados da Avalia\u00e7\u00e3o Institucional Avalia\u00e7\u00e3o Institucional (AVIN) 2025 &#8211; 2\u00ba Semestre Avalia\u00e7\u00e3o Institucional (AVIN) 2025 &#8211; 1\u00ba Semestre Avalia\u00e7\u00e3o Institucional (AVIN) 2024 Avalia\u00e7\u00e3o Institucional (AVIN) 2023 Avalia\u00e7\u00e3o Institucional (AVIN) 2022 Avalia\u00e7\u00e3o Institucional (AVIN) 2021 Avalia\u00e7\u00e3o Institucional (AVIN) 2020 Avalia\u00e7\u00e3o Institucional (AVIN) 2019 &nbsp;<\/p>\n","protected":false},"author":5,"featured_media":0,"parent":732,"menu_order":0,"comment_status":"closed","ping_status":"closed","template":"templates\/template-pagina_menu_vertical.php","meta":{"footnotes":""},"categories":[],"tags":[],"class_list":["post-3337","page","type-page","status-publish","hentry"],"_links":{"self":[{"href":"https:\/\/portal.unisepe.com.br\/asmec\/wp-json\/wp\/v2\/pages\/3337","targetHints":{"allow":["GET"]}}],"collection":[{"href":"https:\/\/portal.unisepe.com.br\/asmec\/wp-json\/wp\/v2\/pages"}],"about":[{"href":"https:\/\/portal.unisepe.com.br\/asmec\/wp-json\/wp\/v2\/types\/page"}],"author":[{"embeddable":true,"href":"https:\/\/portal.unisepe.com.br\/asmec\/wp-json\/wp\/v2\/users\/5"}],"replies":[{"embeddable":true,"href":"https:\/\/portal.unisepe.com.br\/asmec\/wp-json\/wp\/v2\/comments?post=3337"}],"version-history":[{"count":23,"href":"https:\/\/portal.unisepe.com.br\/asmec\/wp-json\/wp\/v2\/pages\/3337\/revisions"}],"predecessor-version":[{"id":5441,"href":"https:\/\/portal.unisepe.com.br\/asmec\/wp-json\/wp\/v2\/pages\/3337\/revisions\/5441"}],"up":[{"embeddable":true,"href":"https:\/\/portal.unisepe.com.br\/asmec\/wp-json\/wp\/v2\/pages\/732"}],"wp:attachment":[{"href":"https:\/\/portal.unisepe.com.br\/asmec\/wp-json\/wp\/v2\/media?parent=3337"}],"wp:term":[{"taxonomy":"category","embeddable":true,"href":"https:\/\/portal.unisepe.com.br\/asmec\/wp-json\/wp\/v2\/categories?post=3337"},{"taxonomy":"post_tag","embeddable":true,"href":"https:\/\/portal.unisepe.com.br\/asmec\/wp-json\/wp\/v2\/tags?post=3337"}],"curies":[{"name":"wp","href":"https:\/\/api.w.org\/{rel}","templated":true}]}}