{"id":3470,"date":"2020-02-18T19:43:46","date_gmt":"2020-02-18T22:43:46","guid":{"rendered":"http:\/\/portal.unisepe.com.br\/asmec\/?page_id=3470"},"modified":"2020-09-24T08:52:27","modified_gmt":"2020-09-24T11:52:27","slug":"ouvidoria","status":"publish","type":"page","link":"https:\/\/portal.unisepe.com.br\/asmec\/ouvidoria\/","title":{"rendered":"Ouvidoria"},"content":{"rendered":"<blockquote><p><strong>Essa ouvidoria \u00e9 destinada ao publico externo da institui\u00e7\u00e3o. Caso voc\u00ea j\u00e1 seja um(a) aluno(a), <a id=\"portal-link\" title=\"portal\" href=\"#line-form\">clique aqui<\/a> para fazer o login e efetuar sua ouvidoria atrav\u00e9s do portal.<\/strong><\/p><\/blockquote>\n<p class='text-center'>\n<a class='btn btn-primary btn-block' href='http:\/\/central.unisep.com.br\/newsige\/ouvidoriaExterna.php?filial=0006'>Iniciar ouvidoria<\/a>\n<\/p>\n<p><!--\n<iframe id=\"contentOuv\" style=\"width: 100%;height: 1100px\" src=\"http:\/\/central.unisep.com.br\/newsige\/ouvidoriaExterna.php?filial=0006\"><\/iframe>\n--><\/p>\n","protected":false},"excerpt":{"rendered":"<p>Essa ouvidoria \u00e9 destinada ao publico externo da institui\u00e7\u00e3o. Caso voc\u00ea j\u00e1 seja um(a) aluno(a), clique aqui para fazer o login e efetuar sua ouvidoria atrav\u00e9s do portal. Iniciar ouvidoria<\/p>\n","protected":false},"author":5,"featured_media":0,"parent":0,"menu_order":0,"comment_status":"closed","ping_status":"closed","template":"templates\/template-fullwidth.php","meta":{"footnotes":""},"categories":[],"tags":[],"class_list":["post-3470","page","type-page","status-publish","hentry"],"_links":{"self":[{"href":"https:\/\/portal.unisepe.com.br\/asmec\/wp-json\/wp\/v2\/pages\/3470","targetHints":{"allow":["GET"]}}],"collection":[{"href":"https:\/\/portal.unisepe.com.br\/asmec\/wp-json\/wp\/v2\/pages"}],"about":[{"href":"https:\/\/portal.unisepe.com.br\/asmec\/wp-json\/wp\/v2\/types\/page"}],"author":[{"embeddable":true,"href":"https:\/\/portal.unisepe.com.br\/asmec\/wp-json\/wp\/v2\/users\/5"}],"replies":[{"embeddable":true,"href":"https:\/\/portal.unisepe.com.br\/asmec\/wp-json\/wp\/v2\/comments?post=3470"}],"version-history":[{"count":13,"href":"https:\/\/portal.unisepe.com.br\/asmec\/wp-json\/wp\/v2\/pages\/3470\/revisions"}],"predecessor-version":[{"id":3564,"href":"https:\/\/portal.unisepe.com.br\/asmec\/wp-json\/wp\/v2\/pages\/3470\/revisions\/3564"}],"wp:attachment":[{"href":"https:\/\/portal.unisepe.com.br\/asmec\/wp-json\/wp\/v2\/media?parent=3470"}],"wp:term":[{"taxonomy":"category","embeddable":true,"href":"https:\/\/portal.unisepe.com.br\/asmec\/wp-json\/wp\/v2\/categories?post=3470"},{"taxonomy":"post_tag","embeddable":true,"href":"https:\/\/portal.unisepe.com.br\/asmec\/wp-json\/wp\/v2\/tags?post=3470"}],"curies":[{"name":"wp","href":"https:\/\/api.w.org\/{rel}","templated":true}]}}