{"id":366,"date":"2016-07-12T16:08:05","date_gmt":"2016-07-12T19:08:05","guid":{"rendered":"http:\/\/www.fvr.edu.br\/fvr\/site\/?page_id=366"},"modified":"2024-11-26T21:26:54","modified_gmt":"2024-11-27T00:26:54","slug":"matriz-curricular","status":"publish","type":"page","link":"https:\/\/portal.unisepe.com.br\/asmec\/educacao-fisica\/matriz-curricular\/","title":{"rendered":"Matriz Curricular de Educa\u00e7\u00e3o F\u00edsica"},"content":{"rendered":"<p><strong>Educa\u00e7\u00e3o F\u00edsica Bacharelado<\/strong><\/p>\n<ul>\n<li><a href=\"https:\/\/portal.unisepe.com.br\/asmec\/wp-content\/uploads\/sites\/10006\/2024\/11\/matriz-curricular-hib-ead-educa\u00e7\u00e3o-fisica-25-11-20242.pdf\">EFB_2020<\/a><\/li>\n<\/ul>\n<p><strong>Educa\u00e7\u00e3o F\u00edsica Licenciatura<\/strong><\/p>\n<ul>\n<li><a href=\"https:\/\/portal.unisepe.com.br\/asmec\/wp-content\/uploads\/sites\/10006\/2024\/11\/matriz-curricular-hib-ead-educa\u00e7\u00e3o-fisica-25-11-20242.pdf\">EFL_2020<\/a><\/li>\n<\/ul>\n<p>&nbsp;<\/p>\n","protected":false},"excerpt":{"rendered":"<p>Educa\u00e7\u00e3o F\u00edsica Bacharelado EFB_2020 Educa\u00e7\u00e3o F\u00edsica Licenciatura EFL_2020 &nbsp;<\/p>\n","protected":false},"author":1,"featured_media":0,"parent":360,"menu_order":0,"comment_status":"closed","ping_status":"closed","template":"templates\/template-curso_menu_vertical.php","meta":{"footnotes":""},"categories":[],"tags":[],"class_list":["post-366","page","type-page","status-publish","hentry"],"_links":{"self":[{"href":"https:\/\/portal.unisepe.com.br\/asmec\/wp-json\/wp\/v2\/pages\/366","targetHints":{"allow":["GET"]}}],"collection":[{"href":"https:\/\/portal.unisepe.com.br\/asmec\/wp-json\/wp\/v2\/pages"}],"about":[{"href":"https:\/\/portal.unisepe.com.br\/asmec\/wp-json\/wp\/v2\/types\/page"}],"author":[{"embeddable":true,"href":"https:\/\/portal.unisepe.com.br\/asmec\/wp-json\/wp\/v2\/users\/1"}],"replies":[{"embeddable":true,"href":"https:\/\/portal.unisepe.com.br\/asmec\/wp-json\/wp\/v2\/comments?post=366"}],"version-history":[{"count":4,"href":"https:\/\/portal.unisepe.com.br\/asmec\/wp-json\/wp\/v2\/pages\/366\/revisions"}],"predecessor-version":[{"id":4874,"href":"https:\/\/portal.unisepe.com.br\/asmec\/wp-json\/wp\/v2\/pages\/366\/revisions\/4874"}],"up":[{"embeddable":true,"href":"https:\/\/portal.unisepe.com.br\/asmec\/wp-json\/wp\/v2\/pages\/360"}],"wp:attachment":[{"href":"https:\/\/portal.unisepe.com.br\/asmec\/wp-json\/wp\/v2\/media?parent=366"}],"wp:term":[{"taxonomy":"category","embeddable":true,"href":"https:\/\/portal.unisepe.com.br\/asmec\/wp-json\/wp\/v2\/categories?post=366"},{"taxonomy":"post_tag","embeddable":true,"href":"https:\/\/portal.unisepe.com.br\/asmec\/wp-json\/wp\/v2\/tags?post=366"}],"curies":[{"name":"wp","href":"https:\/\/api.w.org\/{rel}","templated":true}]}}