{"id":3765,"date":"2022-03-22T18:59:18","date_gmt":"2022-03-22T21:59:18","guid":{"rendered":"https:\/\/portal.unisepe.com.br\/asmec\/?page_id=3765"},"modified":"2026-03-17T22:00:51","modified_gmt":"2026-03-18T01:00:51","slug":"oportunidades-de-emprego","status":"publish","type":"page","link":"https:\/\/portal.unisepe.com.br\/asmec\/oportunidades-de-emprego\/","title":{"rendered":"Oportunidades de emprego"},"content":{"rendered":"<hr \/>\n<p><strong>SSA Automotive &#8211; Solu\u00e7\u00f5es em sistemas automotivos<\/strong><\/p>\n<hr \/>\n<p><a href=\"https:\/\/portal.unisepe.com.br\/asmec\/wp-content\/uploads\/sites\/10006\/2026\/03\/ssa.png\"><img decoding=\"async\" src=\"https:\/\/portal.unisepe.com.br\/asmec\/wp-content\/uploads\/sites\/10006\/2026\/03\/ssa.png\" alt=\"\" width=\"50%\" class=\"size-full wp-image-5568 alignnone\" srcset=\"https:\/\/portal.unisepe.com.br\/asmec\/wp-content\/uploads\/sites\/10006\/2026\/03\/ssa.png 543w, https:\/\/portal.unisepe.com.br\/asmec\/wp-content\/uploads\/sites\/10006\/2026\/03\/ssa-212x300.png 212w\" sizes=\"(max-width: 543px) 100vw, 543px\" \/><\/a><\/p>\n<p><strong>Inscri\u00e7\u00f5es:<\/strong><br \/>\nOs alunos interessados devem encaminhar o curr\u00edculo atualizado para o e-mail: <a href=\"mailto:josecastellanineto.psi@gmail.com\">josecastellanineto.psi@gmail.com<\/a> mencionando o t\u00edtulo da vaga no assunto.<\/p>\n<hr \/>\n<p><strong>BM Vagas<\/strong><\/p>\n<hr \/>\n<p><img decoding=\"async\" src=\"https:\/\/portal.unisepe.com.br\/asmec\/wp-content\/uploads\/sites\/10006\/2026\/01\/1a9a769f-fc1b-4fd9-a689-7e16ee306b68.jpeg\" width=\"50%\" \/><\/p>\n<p>Cadastre seu curr\u00edculo: <a href=\"https:\/\/jobs.recrutei.com.br\/bm-vagas\/vacancy\/127824-3404of-estagiarioa-de-recursos-humanos\">https:\/\/jobs.recrutei.com.br\/bm-vagas\/vacancy\/127824-3404of-estagiarioa-de-recursos-humanos<\/a><\/p>\n<hr \/>\n<p><strong>1\u00ba Cart\u00f3rio de Notas de Ouro Fino<\/strong><\/p>\n<hr \/>\n<p><img decoding=\"async\" src=\"https:\/\/portal.unisepe.com.br\/asmec\/wp-content\/uploads\/sites\/10006\/2025\/09\/vaga-cartorio-2025-2.jpg\" width=\"50%\" \/><\/p>\n<p>Enviar curr\u00edculo para:<\/p>\n<p><a href=\"mailto:tabelionatoof@yahoo.com.br\">tabelionatoof@yahoo.com.br<\/a><\/p>\n<hr \/>\n<p><strong>TSTech<\/strong><\/p>\n<hr \/>\n<p><img decoding=\"async\" src=\"https:\/\/portal.unisepe.com.br\/asmec\/wp-content\/uploads\/sites\/10006\/2025\/03\/WhatsApp-Image-2025-03-12-at-22.48.05.jpeg\" width=\"50%\" class=\"\" \/><\/p>\n<p>Enviar curr\u00edculo para:<br \/>\n<a href=\"mailto:julia.crestani@tstech.com\">julia.crestani@tstech.com<\/a><\/p>\n","protected":false},"excerpt":{"rendered":"<p>SSA Automotive &#8211; Solu\u00e7\u00f5es em sistemas automotivos Inscri\u00e7\u00f5es: Os alunos interessados devem encaminhar o curr\u00edculo atualizado para o e-mail: josecastellanineto.psi@gmail.com mencionando o t\u00edtulo da vaga no assunto. BM Vagas Cadastre seu curr\u00edculo: https:\/\/jobs.recrutei.com.br\/bm-vagas\/vacancy\/127824-3404of-estagiarioa-de-recursos-humanos 1\u00ba Cart\u00f3rio de Notas de Ouro Fino Enviar curr\u00edculo para: tabelionatoof@yahoo.com.br TSTech Enviar curr\u00edculo para: julia.crestani@tstech.com<\/p>\n","protected":false},"author":5,"featured_media":0,"parent":0,"menu_order":0,"comment_status":"closed","ping_status":"closed","template":"templates\/template-curso_menu_vertical.php","meta":{"footnotes":""},"categories":[],"tags":[],"class_list":["post-3765","page","type-page","status-publish","hentry"],"_links":{"self":[{"href":"https:\/\/portal.unisepe.com.br\/asmec\/wp-json\/wp\/v2\/pages\/3765","targetHints":{"allow":["GET"]}}],"collection":[{"href":"https:\/\/portal.unisepe.com.br\/asmec\/wp-json\/wp\/v2\/pages"}],"about":[{"href":"https:\/\/portal.unisepe.com.br\/asmec\/wp-json\/wp\/v2\/types\/page"}],"author":[{"embeddable":true,"href":"https:\/\/portal.unisepe.com.br\/asmec\/wp-json\/wp\/v2\/users\/5"}],"replies":[{"embeddable":true,"href":"https:\/\/portal.unisepe.com.br\/asmec\/wp-json\/wp\/v2\/comments?post=3765"}],"version-history":[{"count":32,"href":"https:\/\/portal.unisepe.com.br\/asmec\/wp-json\/wp\/v2\/pages\/3765\/revisions"}],"predecessor-version":[{"id":5569,"href":"https:\/\/portal.unisepe.com.br\/asmec\/wp-json\/wp\/v2\/pages\/3765\/revisions\/5569"}],"wp:attachment":[{"href":"https:\/\/portal.unisepe.com.br\/asmec\/wp-json\/wp\/v2\/media?parent=3765"}],"wp:term":[{"taxonomy":"category","embeddable":true,"href":"https:\/\/portal.unisepe.com.br\/asmec\/wp-json\/wp\/v2\/categories?post=3765"},{"taxonomy":"post_tag","embeddable":true,"href":"https:\/\/portal.unisepe.com.br\/asmec\/wp-json\/wp\/v2\/tags?post=3765"}],"curies":[{"name":"wp","href":"https:\/\/api.w.org\/{rel}","templated":true}]}}