{"id":3800,"date":"2022-04-26T10:46:12","date_gmt":"2022-04-26T13:46:12","guid":{"rendered":"https:\/\/portal.unisepe.com.br\/asmec\/?page_id=3800"},"modified":"2025-04-02T21:22:22","modified_gmt":"2025-04-03T00:22:22","slug":"avaliacao-do-egresso","status":"publish","type":"page","link":"https:\/\/portal.unisepe.com.br\/asmec\/comissao-propria-de-avaliacao\/egressos\/avaliacao-do-egresso\/","title":{"rendered":"Avalia\u00e7\u00e3o do egresso"},"content":{"rendered":"<p style=\"text-align: justify\">As <span>Faculdades Integradas ASMEC<\/span> quer saber como est\u00e1 a vida profissional de seus ex-alunos. Para isso, pedimos sua colabora\u00e7\u00e3o, para responder o question\u00e1rio que ser\u00e1 lhe apresentado. Este question\u00e1rio tem o objetivo de colher informa\u00e7\u00f5es que possibilitem tomadas de decis\u00f5es, visando \u00e0 melhoria cont\u00ednua da oferta de educa\u00e7\u00e3o. Sua colabora\u00e7\u00e3o \u00e9 de fundamental import\u00e2ncia para o aprimoramento dos cursos e da institui\u00e7\u00e3o.<\/p>\n<p style=\"text-align: center\"><a href=\"https:\/\/forms.gle\/z2fv68miyouFKUCs6\" class=\"btn btn-primary \">Iniciar pesquisa<\/a><\/p>\n<p>&nbsp;<\/p>\n","protected":false},"excerpt":{"rendered":"<p>As Faculdades Integradas ASMEC quer saber como est\u00e1 a vida profissional de seus ex-alunos. Para isso, pedimos sua colabora\u00e7\u00e3o, para responder o question\u00e1rio que ser\u00e1 lhe apresentado. Este question\u00e1rio tem o objetivo de colher informa\u00e7\u00f5es que possibilitem tomadas de decis\u00f5es, visando \u00e0 melhoria cont\u00ednua da oferta de educa\u00e7\u00e3o. Sua colabora\u00e7\u00e3o<\/p>\n","protected":false},"author":1,"featured_media":0,"parent":5112,"menu_order":0,"comment_status":"closed","ping_status":"closed","template":"templates\/template-pagina_menu_vertical.php","meta":{"footnotes":""},"categories":[],"tags":[],"class_list":["post-3800","page","type-page","status-publish","hentry"],"_links":{"self":[{"href":"https:\/\/portal.unisepe.com.br\/asmec\/wp-json\/wp\/v2\/pages\/3800","targetHints":{"allow":["GET"]}}],"collection":[{"href":"https:\/\/portal.unisepe.com.br\/asmec\/wp-json\/wp\/v2\/pages"}],"about":[{"href":"https:\/\/portal.unisepe.com.br\/asmec\/wp-json\/wp\/v2\/types\/page"}],"author":[{"embeddable":true,"href":"https:\/\/portal.unisepe.com.br\/asmec\/wp-json\/wp\/v2\/users\/1"}],"replies":[{"embeddable":true,"href":"https:\/\/portal.unisepe.com.br\/asmec\/wp-json\/wp\/v2\/comments?post=3800"}],"version-history":[{"count":5,"href":"https:\/\/portal.unisepe.com.br\/asmec\/wp-json\/wp\/v2\/pages\/3800\/revisions"}],"predecessor-version":[{"id":5300,"href":"https:\/\/portal.unisepe.com.br\/asmec\/wp-json\/wp\/v2\/pages\/3800\/revisions\/5300"}],"up":[{"embeddable":true,"href":"https:\/\/portal.unisepe.com.br\/asmec\/wp-json\/wp\/v2\/pages\/5112"}],"wp:attachment":[{"href":"https:\/\/portal.unisepe.com.br\/asmec\/wp-json\/wp\/v2\/media?parent=3800"}],"wp:term":[{"taxonomy":"category","embeddable":true,"href":"https:\/\/portal.unisepe.com.br\/asmec\/wp-json\/wp\/v2\/categories?post=3800"},{"taxonomy":"post_tag","embeddable":true,"href":"https:\/\/portal.unisepe.com.br\/asmec\/wp-json\/wp\/v2\/tags?post=3800"}],"curies":[{"name":"wp","href":"https:\/\/api.w.org\/{rel}","templated":true}]}}