{"id":3864,"date":"2022-05-30T18:36:43","date_gmt":"2022-05-30T21:36:43","guid":{"rendered":"https:\/\/portal.unisepe.com.br\/asmec\/?page_id=3864"},"modified":"2025-01-13T21:25:03","modified_gmt":"2025-01-14T00:25:03","slug":"repositorio-de-direito","status":"publish","type":"page","link":"https:\/\/portal.unisepe.com.br\/asmec\/biblioteca\/repositorio\/repositorio-de-direito\/","title":{"rendered":"Reposit\u00f3rio de Direito"},"content":{"rendered":"<p><strong>2023<\/strong><\/p>\n<hr \/>\n<ul>\n<li><a href=\"https:\/\/portal.unisepe.com.br\/asmec\/wp-content\/uploads\/sites\/10006\/2025\/01\/Feminicidio-e-a-violencia-contra-a-mulher-um-estudo-acerca-dos-seus-aspectos-sociojuridicos-\u2013-Aquinoa-Silva-Correa.pdf\">Feminic\u00eddio e a viol\u00eancia contra a mulher: um estudo acerca dos seus aspectos sociojur\u00eddicos \u2013 Aquino\u00e3 Silva Corr\u00eaa<\/a><\/li>\n<li><a href=\"https:\/\/portal.unisepe.com.br\/asmec\/wp-content\/uploads\/sites\/10006\/2025\/01\/A-inclusao-escolar-de-criancas-e-adolescentes-portadoras-do-transtorno-do-espectro-autista-um-olhar-sobre-a-sociologia-de-pierre-bourdieu-barbara-carolaine-bruzomoline.pdf\">A inclus\u00e3o escolar de crian\u00e7as e adolescentes portadoras do transtorno do espectro autista: Um olhar sobre a sociologia de Pierre Bourdieu &#8211; B\u00e1rbara Carolaine Bruzomoline<\/a><\/li>\n<li><a href=\"https:\/\/portal.unisepe.com.br\/asmec\/wp-content\/uploads\/sites\/10006\/2025\/01\/Assedio-moral-no-ambiente-de-trabalho-meu-colega-e-eu-O-assedio-moral-horizontal-existe-Danielle-Mangia-da-Silva.pdf\">Ass\u00e9dio moral no ambiente de trabalho, meu colega e eu: O ass\u00e9dio moral horizontal existe? &#8211; Danielle M\u00e2ngia da Silva<\/a><\/li>\n<li><a href=\"https:\/\/portal.unisepe.com.br\/asmec\/wp-content\/uploads\/sites\/10006\/2025\/01\/Infiltracao-policial-na-internet-para-repreensao-dos-crimes-de-pedofilia-Giovanna-da-Silva-Morais.pdf\">Infiltra\u00e7\u00e3o policial na internet para repreens\u00e3o dos crimes de pedofilia &#8211; Giovanna da Silva Morais<\/a><\/li>\n<li><a href=\"https:\/\/portal.unisepe.com.br\/asmec\/wp-content\/uploads\/sites\/10006\/2025\/01\/Os-movimentos-feministas-e-as-conquistas-dos-direitos-trabalhistas-das-mulheres-no-brasil-Jessica-Maria-Bueno.pdf\">\u00a0Os movimentos feministas e as conquistas dos direitos trabalhistas das mulheres no brasil &#8211; J\u00e9ssica Maria Bueno<\/a><\/li>\n<li><a href=\"https:\/\/portal.unisepe.com.br\/asmec\/wp-content\/uploads\/sites\/10006\/2025\/01\/Privacidade-e-seguranca-de-dados-e-aplicacao-da-lei-Um-estudo-sobre-violacoes-e-protecao-de-dados-na-atuacao-policial-Juliano-Augusto-da-Silva-Pereira-Pinto.pdf\">Privacidade e seguran\u00e7a de dados e aplica\u00e7\u00e3o da lei: Um estudo sobre viola\u00e7\u00f5es e prote\u00e7\u00e3o de dados na atua\u00e7\u00e3o policial &#8211; Juliano Augusto da Silva Pereira Pinto<\/a><\/li>\n<li><a href=\"https:\/\/portal.unisepe.com.br\/asmec\/wp-content\/uploads\/sites\/10006\/2025\/01\/Empregados-domesticos-Um-estudo-comparativo-e-sociologico-Leticia-Aparecida-Lima-Godoi.pdf\">Empregados dom\u00e9sticos: Um estudo comparativo e sociol\u00f3gico &#8211; Let\u00edcia Aparecida Lima Godoi<\/a><\/li>\n<li><a href=\"https:\/\/portal.unisepe.com.br\/asmec\/wp-content\/uploads\/sites\/10006\/2025\/01\/Saude-e-seguranca-do-trabalho-A-percepcao-de-riscos-e-vulnerabilidade-em-relacao-ao-trabalhador-rural-Paola-Mariano.pdf\">Sa\u00fade e seguran\u00e7a do trabalho: A percep\u00e7\u00e3o de riscos e vulnerabilidade em rela\u00e7\u00e3o ao trabalhador rural &#8211; Paola Mariano<\/a><\/li>\n<li><a href=\"https:\/\/portal.unisepe.com.br\/asmec\/wp-content\/uploads\/sites\/10006\/2025\/01\/Taxacao-do-e-commerce-no-brasil-aspectos-juridicos-e-tributarios-Paulo-de-Moura-Rossi.pdf\">Taxa\u00e7\u00e3o do e-commerce no brasil: aspectos jur\u00eddicos e tribut\u00e1rios &#8211; Paulo de Moura Rossi<\/a><\/li>\n<li><a href=\"https:\/\/portal.unisepe.com.br\/asmec\/wp-content\/uploads\/sites\/10006\/2025\/01\/A-efetividade-do-direito-a-saude-face-ao-assedio-moral-no-ambiente-do-trabalho-\u2013-Tobias-Thomaz-de-Oliveira.pdf\">A efetividade do direito \u00e0 sa\u00fade face ao ass\u00e9dio moral no ambiente do trabalho \u2013 Tobias Thomaz de Oliveira<\/a><\/li>\n<li><a href=\"https:\/\/portal.unisepe.com.br\/asmec\/wp-content\/uploads\/sites\/10006\/2025\/01\/Politicas-publicas-e-capacitacao-em-seguranca-radiologica-aprendizagens-com-o-acidente-de-Goiania-Vania-Florencio-Galvao.pdf\">Pol\u00edticas p\u00fablicas e capacita\u00e7\u00e3o em seguran\u00e7a radiol\u00f3gica: Aprendizagens com o acidente de Goi\u00e2nia &#8211; GO e implica\u00e7\u00f5es para o setor de coleta e reciclagem no Brasil &#8211; V\u00e2nia Flor\u00eancio Galv\u00e3o<\/a><\/li>\n<li><a href=\"https:\/\/portal.unisepe.com.br\/asmec\/wp-content\/uploads\/sites\/10006\/2025\/01\/O-trabalhador-rural-A-qualidade-de-segurado-perante-a-autarquia-previdenciaria-e-a-lacuna-juridica-Rayssa-Pereira-Maciel.pdf\">O trabalhador rural: A qualidade de segurado perante a autarquia previdenci\u00e1ria e a lacuna jur\u00eddica &#8211; Rayssa Pereira Maciel<\/a><\/li>\n<\/ul>\n<p><strong>2022<\/strong><\/p>\n<hr \/>\n<ul>\n<li><a href=\"https:\/\/portal.unisepe.com.br\/asmec\/wp-content\/uploads\/sites\/10006\/2023\/05\/Artigo-Carolyna.pdf\">Estudos acerca da ressocializa\u00e7\u00e3o de privados de liberdade: Os princ\u00edpios normativos e a realidade na aplica\u00e7\u00e3o de institutos para a reintegra\u00e7\u00e3o social &#8211; Carolyna Beth\u00e2nia Novaes<\/a><\/li>\n<\/ul>\n","protected":false},"excerpt":{"rendered":"<p>2023 Feminic\u00eddio e a viol\u00eancia contra a mulher: um estudo acerca dos seus aspectos sociojur\u00eddicos \u2013 Aquino\u00e3 Silva Corr\u00eaa A inclus\u00e3o escolar de crian\u00e7as e adolescentes portadoras do transtorno do espectro autista: Um olhar sobre a sociologia de Pierre Bourdieu &#8211; B\u00e1rbara Carolaine Bruzomoline Ass\u00e9dio moral no ambiente de trabalho,<\/p>\n","protected":false},"author":5,"featured_media":0,"parent":3857,"menu_order":0,"comment_status":"closed","ping_status":"closed","template":"templates\/template-pagina_menu_vertical.php","meta":{"footnotes":""},"categories":[],"tags":[],"class_list":["post-3864","page","type-page","status-publish","hentry"],"_links":{"self":[{"href":"https:\/\/portal.unisepe.com.br\/asmec\/wp-json\/wp\/v2\/pages\/3864","targetHints":{"allow":["GET"]}}],"collection":[{"href":"https:\/\/portal.unisepe.com.br\/asmec\/wp-json\/wp\/v2\/pages"}],"about":[{"href":"https:\/\/portal.unisepe.com.br\/asmec\/wp-json\/wp\/v2\/types\/page"}],"author":[{"embeddable":true,"href":"https:\/\/portal.unisepe.com.br\/asmec\/wp-json\/wp\/v2\/users\/5"}],"replies":[{"embeddable":true,"href":"https:\/\/portal.unisepe.com.br\/asmec\/wp-json\/wp\/v2\/comments?post=3864"}],"version-history":[{"count":7,"href":"https:\/\/portal.unisepe.com.br\/asmec\/wp-json\/wp\/v2\/pages\/3864\/revisions"}],"predecessor-version":[{"id":4958,"href":"https:\/\/portal.unisepe.com.br\/asmec\/wp-json\/wp\/v2\/pages\/3864\/revisions\/4958"}],"up":[{"embeddable":true,"href":"https:\/\/portal.unisepe.com.br\/asmec\/wp-json\/wp\/v2\/pages\/3857"}],"wp:attachment":[{"href":"https:\/\/portal.unisepe.com.br\/asmec\/wp-json\/wp\/v2\/media?parent=3864"}],"wp:term":[{"taxonomy":"category","embeddable":true,"href":"https:\/\/portal.unisepe.com.br\/asmec\/wp-json\/wp\/v2\/categories?post=3864"},{"taxonomy":"post_tag","embeddable":true,"href":"https:\/\/portal.unisepe.com.br\/asmec\/wp-json\/wp\/v2\/tags?post=3864"}],"curies":[{"name":"wp","href":"https:\/\/api.w.org\/{rel}","templated":true}]}}