{"id":4206,"date":"2023-03-02T20:09:08","date_gmt":"2023-03-02T23:09:08","guid":{"rendered":"https:\/\/portal.unisepe.com.br\/asmec\/?page_id=4206"},"modified":"2025-03-11T17:15:38","modified_gmt":"2025-03-11T20:15:38","slug":"coordenacao-e-atribuicoes-2","status":"publish","type":"page","link":"https:\/\/portal.unisepe.com.br\/asmec\/cpex\/coordenacao-e-atribuicoes-2\/","title":{"rendered":"Coordena\u00e7\u00e3o e atribui\u00e7\u00f5es"},"content":{"rendered":"<p><strong>Coordenador de Produ\u00e7\u00e3o e Extens\u00e3o:<\/strong><span>\u00a0<\/span><\/p>\n<ul>\n<li>Diego Pereira Jer\u00f4nimo<\/li>\n<\/ul>\n<p>&nbsp;<\/p>\n<p><strong>Equipe de Produ\u00e7\u00e3o e Extens\u00e3o:<\/strong><\/p>\n<ul>\n<li>Diego Pereira Jer\u00f4nimo<\/li>\n<li>Andr\u00e9 de Godoy<\/li>\n<li>Wanderson Gomes de Oliveira<\/li>\n<\/ul>\n<p><strong>\u00a0<\/strong><\/p>\n<p><strong>S\u00e3o atribui\u00e7\u00f5es da Coordenadoria:<\/strong><\/p>\n<ol>\n<li>Estimular, sugerir, coordenar, propor normas gerais, utilizar as atividades de produ\u00e7\u00e3o e extens\u00e3o, conforme e as pol\u00edticas da Faculdades Integradas Asmec, dando \u00eanfase a problemas regionais;<\/li>\n<li>Promover as atividades de produ\u00e7\u00e3o cient\u00edfica e extens\u00e3o;<\/li>\n<li>Estabelecer crit\u00e9rios para a participa\u00e7\u00e3o de docentes e discentes em eventos t\u00e9cnicos-cient\u00edficos;<\/li>\n<li>Promover encontros das comunidades voltadas \u00e0 integra\u00e7\u00e3o e a conviv\u00eancia acad\u00eamica.<\/li>\n<\/ol>\n<p><strong>Contato:<\/strong><\/p>\n<p>Diego Pereira Jer\u00f4nimo<\/p>\n<p>e-mail:<a href=\"mailto:cpex.of@unisepe.com.br\"><span> cpex.of@unisepe.com.br<\/span><\/a><\/p>\n<p>Tel: 3441-1617<\/p>\n","protected":false},"excerpt":{"rendered":"<p>Coordenador de Produ\u00e7\u00e3o e Extens\u00e3o:\u00a0 Diego Pereira Jer\u00f4nimo &nbsp; Equipe de Produ\u00e7\u00e3o e Extens\u00e3o: Diego Pereira Jer\u00f4nimo Andr\u00e9 de Godoy Wanderson Gomes de Oliveira \u00a0 S\u00e3o atribui\u00e7\u00f5es da Coordenadoria: Estimular, sugerir, coordenar, propor normas gerais, utilizar as atividades de produ\u00e7\u00e3o e extens\u00e3o, conforme e as pol\u00edticas da Faculdades Integradas Asmec,<\/p>\n","protected":false},"author":5,"featured_media":0,"parent":4196,"menu_order":0,"comment_status":"closed","ping_status":"closed","template":"templates\/template-curso_menu_vertical.php","meta":{"footnotes":""},"categories":[],"tags":[],"class_list":["post-4206","page","type-page","status-publish","hentry"],"_links":{"self":[{"href":"https:\/\/portal.unisepe.com.br\/asmec\/wp-json\/wp\/v2\/pages\/4206","targetHints":{"allow":["GET"]}}],"collection":[{"href":"https:\/\/portal.unisepe.com.br\/asmec\/wp-json\/wp\/v2\/pages"}],"about":[{"href":"https:\/\/portal.unisepe.com.br\/asmec\/wp-json\/wp\/v2\/types\/page"}],"author":[{"embeddable":true,"href":"https:\/\/portal.unisepe.com.br\/asmec\/wp-json\/wp\/v2\/users\/5"}],"replies":[{"embeddable":true,"href":"https:\/\/portal.unisepe.com.br\/asmec\/wp-json\/wp\/v2\/comments?post=4206"}],"version-history":[{"count":8,"href":"https:\/\/portal.unisepe.com.br\/asmec\/wp-json\/wp\/v2\/pages\/4206\/revisions"}],"predecessor-version":[{"id":5090,"href":"https:\/\/portal.unisepe.com.br\/asmec\/wp-json\/wp\/v2\/pages\/4206\/revisions\/5090"}],"up":[{"embeddable":true,"href":"https:\/\/portal.unisepe.com.br\/asmec\/wp-json\/wp\/v2\/pages\/4196"}],"wp:attachment":[{"href":"https:\/\/portal.unisepe.com.br\/asmec\/wp-json\/wp\/v2\/media?parent=4206"}],"wp:term":[{"taxonomy":"category","embeddable":true,"href":"https:\/\/portal.unisepe.com.br\/asmec\/wp-json\/wp\/v2\/categories?post=4206"},{"taxonomy":"post_tag","embeddable":true,"href":"https:\/\/portal.unisepe.com.br\/asmec\/wp-json\/wp\/v2\/tags?post=4206"}],"curies":[{"name":"wp","href":"https:\/\/api.w.org\/{rel}","templated":true}]}}