{"id":4378,"date":"2023-10-04T19:28:12","date_gmt":"2023-10-04T22:28:12","guid":{"rendered":"https:\/\/portal.unisepe.com.br\/asmec\/?page_id=4378"},"modified":"2025-10-29T22:13:44","modified_gmt":"2025-10-30T01:13:44","slug":"bolsa-iesep","status":"publish","type":"page","link":"https:\/\/portal.unisepe.com.br\/asmec\/bolsas-e-financiamento\/bolsas-institucionais\/bolsa-iesep\/","title":{"rendered":"Bolsa IESEP"},"content":{"rendered":"<p><a href=\"https:\/\/portal.unisepe.com.br\/asmec\/manuais-editais-e-regulamentos\/editais\/\"><strong>Edital Bolsa IESEP<\/strong><\/a><\/p>\n<p>&nbsp;<\/p>\n<p><strong style=\"font-size: 0.95em\">Edital Informativo<\/strong><\/p>\n<ul><\/ul>\n<ul>\n<li><a href=\"https:\/\/portal.unisepe.com.br\/asmec\/wp-content\/uploads\/sites\/10006\/2025\/04\/Edital-informativo-Bolsa-IESEP.pdf\">REQUISITOS PARA CUMPRIMENTO DE HORAS DE BOLSA IESEP \u2013 FACULDADE ASMEC<\/a><strong style=\"font-size: 0.95em\"><\/strong><\/li>\n<\/ul>\n<p><strong style=\"font-size: 0.95em\">Formul\u00e1rios\/fichas e modelos<\/strong><\/p>\n<ul><\/ul>\n<ul>\n<li><a href=\"https:\/\/portal.unisepe.com.br\/asmec\/wp-content\/uploads\/sites\/10006\/2023\/10\/Roteiro-de-constru\u00e7\u00e3o-para-cumprimento-horas-bolsa-IESEP.docx\">Roteiro de constru\u00e7\u00e3o para cumprimento horas bolsa IESEP<\/a><\/li>\n<li><a href=\"https:\/\/portal.unisepe.com.br\/asmec\/wp-content\/uploads\/sites\/10006\/2023\/10\/FICHA-CUMULATIVA-DAS-HORAS-BOLSA-IESEP.docx\">FICHA CUMULATIVA DAS HORAS BOLSA IESEP<\/a><\/li>\n<\/ul>\n<p><strong>Link para envio do relat\u00f3rio da Bolsa IESEP<\/strong><\/p>\n<p><a href=\"https:\/\/forms.gle\/vrpC1PFdGgg2L7ZD7\">Administra\u00e7\u00e3o<\/a><\/p>\n<p><a href=\"https:\/\/forms.gle\/xdTQux5cA7k7G8tt7\">Ci\u00eancias Cont\u00e1beis<\/a><\/p>\n<p><a href=\"https:\/\/forms.gle\/FH7K5nXw1Pzo8xbWA\">Direito<\/a><\/p>\n<p><a href=\"https:\/\/forms.gle\/qveGuSh9FBoUfSCt6\">Educa\u00e7\u00e3o F\u00edsica<\/a><\/p>\n<p><a href=\"https:\/\/forms.gle\/rhC867iRBGcKo9g46\">Enfermagem<\/a><\/p>\n<p><a href=\"https:\/\/forms.gle\/1XsQKW1xduGuyusW7\">Psicologia<\/a><\/p>\n","protected":false},"excerpt":{"rendered":"<p>Edital Bolsa IESEP &nbsp; Edital Informativo REQUISITOS PARA CUMPRIMENTO DE HORAS DE BOLSA IESEP \u2013 FACULDADE ASMEC Formul\u00e1rios\/fichas e modelos Roteiro de constru\u00e7\u00e3o para cumprimento horas bolsa IESEP FICHA CUMULATIVA DAS HORAS BOLSA IESEP Link para envio do relat\u00f3rio da Bolsa IESEP Administra\u00e7\u00e3o Ci\u00eancias Cont\u00e1beis Direito Educa\u00e7\u00e3o F\u00edsica Enfermagem Psicologia<\/p>\n","protected":false},"author":5,"featured_media":0,"parent":661,"menu_order":0,"comment_status":"closed","ping_status":"closed","template":"templates\/template-curso_menu_vertical.php","meta":{"footnotes":""},"categories":[],"tags":[],"class_list":["post-4378","page","type-page","status-publish","hentry"],"_links":{"self":[{"href":"https:\/\/portal.unisepe.com.br\/asmec\/wp-json\/wp\/v2\/pages\/4378","targetHints":{"allow":["GET"]}}],"collection":[{"href":"https:\/\/portal.unisepe.com.br\/asmec\/wp-json\/wp\/v2\/pages"}],"about":[{"href":"https:\/\/portal.unisepe.com.br\/asmec\/wp-json\/wp\/v2\/types\/page"}],"author":[{"embeddable":true,"href":"https:\/\/portal.unisepe.com.br\/asmec\/wp-json\/wp\/v2\/users\/5"}],"replies":[{"embeddable":true,"href":"https:\/\/portal.unisepe.com.br\/asmec\/wp-json\/wp\/v2\/comments?post=4378"}],"version-history":[{"count":10,"href":"https:\/\/portal.unisepe.com.br\/asmec\/wp-json\/wp\/v2\/pages\/4378\/revisions"}],"predecessor-version":[{"id":5439,"href":"https:\/\/portal.unisepe.com.br\/asmec\/wp-json\/wp\/v2\/pages\/4378\/revisions\/5439"}],"up":[{"embeddable":true,"href":"https:\/\/portal.unisepe.com.br\/asmec\/wp-json\/wp\/v2\/pages\/661"}],"wp:attachment":[{"href":"https:\/\/portal.unisepe.com.br\/asmec\/wp-json\/wp\/v2\/media?parent=4378"}],"wp:term":[{"taxonomy":"category","embeddable":true,"href":"https:\/\/portal.unisepe.com.br\/asmec\/wp-json\/wp\/v2\/categories?post=4378"},{"taxonomy":"post_tag","embeddable":true,"href":"https:\/\/portal.unisepe.com.br\/asmec\/wp-json\/wp\/v2\/tags?post=4378"}],"curies":[{"name":"wp","href":"https:\/\/api.w.org\/{rel}","templated":true}]}}