{"id":4420,"date":"2023-10-16T19:52:54","date_gmt":"2023-10-16T22:52:54","guid":{"rendered":"https:\/\/portal.unisepe.com.br\/asmec\/?page_id=4420"},"modified":"2023-10-16T19:52:54","modified_gmt":"2023-10-16T22:52:54","slug":"bom-filho-a-casa-retorna","status":"publish","type":"page","link":"https:\/\/portal.unisepe.com.br\/asmec\/bolsas-e-financiamento\/bolsas-institucionais\/bom-filho-a-casa-retorna\/","title":{"rendered":"Bom filho a casa retorna"},"content":{"rendered":"<h4 class=\"texto_destacado\"><span><strong>BOM FILHO A CASA RETORNA<\/strong><\/span><\/h4>\n<p>&nbsp;<\/p>\n<p><strong>O que \u00e9 a bolsa Bom Filho a Casa Retorna?<\/strong><\/p>\n<ul>\n<li>\u00c9 uma bolsa concedida aos ex-alunos que tenham conclu\u00eddo curso superior.<\/li>\n<li>A bolsa \u00e9 exclusiva para os cursos de gradua\u00e7\u00e3o.<\/li>\n<li>Os descontos s\u00e3o concedidos na mensalidade integral dos cursos escolhidos e sempre s\u00e3o divulgados semestralmente.<\/li>\n<\/ul>\n","protected":false},"excerpt":{"rendered":"<p>BOM FILHO A CASA RETORNA &nbsp; O que \u00e9 a bolsa Bom Filho a Casa Retorna? \u00c9 uma bolsa concedida aos ex-alunos que tenham conclu\u00eddo curso superior. A bolsa \u00e9 exclusiva para os cursos de gradua\u00e7\u00e3o. Os descontos s\u00e3o concedidos na mensalidade integral dos cursos escolhidos e sempre s\u00e3o divulgados<\/p>\n","protected":false},"author":5,"featured_media":0,"parent":661,"menu_order":0,"comment_status":"closed","ping_status":"closed","template":"templates\/template-pagina_menu_vertical.php","meta":{"footnotes":""},"categories":[],"tags":[],"class_list":["post-4420","page","type-page","status-publish","hentry"],"_links":{"self":[{"href":"https:\/\/portal.unisepe.com.br\/asmec\/wp-json\/wp\/v2\/pages\/4420","targetHints":{"allow":["GET"]}}],"collection":[{"href":"https:\/\/portal.unisepe.com.br\/asmec\/wp-json\/wp\/v2\/pages"}],"about":[{"href":"https:\/\/portal.unisepe.com.br\/asmec\/wp-json\/wp\/v2\/types\/page"}],"author":[{"embeddable":true,"href":"https:\/\/portal.unisepe.com.br\/asmec\/wp-json\/wp\/v2\/users\/5"}],"replies":[{"embeddable":true,"href":"https:\/\/portal.unisepe.com.br\/asmec\/wp-json\/wp\/v2\/comments?post=4420"}],"version-history":[{"count":1,"href":"https:\/\/portal.unisepe.com.br\/asmec\/wp-json\/wp\/v2\/pages\/4420\/revisions"}],"predecessor-version":[{"id":4421,"href":"https:\/\/portal.unisepe.com.br\/asmec\/wp-json\/wp\/v2\/pages\/4420\/revisions\/4421"}],"up":[{"embeddable":true,"href":"https:\/\/portal.unisepe.com.br\/asmec\/wp-json\/wp\/v2\/pages\/661"}],"wp:attachment":[{"href":"https:\/\/portal.unisepe.com.br\/asmec\/wp-json\/wp\/v2\/media?parent=4420"}],"wp:term":[{"taxonomy":"category","embeddable":true,"href":"https:\/\/portal.unisepe.com.br\/asmec\/wp-json\/wp\/v2\/categories?post=4420"},{"taxonomy":"post_tag","embeddable":true,"href":"https:\/\/portal.unisepe.com.br\/asmec\/wp-json\/wp\/v2\/tags?post=4420"}],"curies":[{"name":"wp","href":"https:\/\/api.w.org\/{rel}","templated":true}]}}