{"id":4688,"date":"2024-09-16T20:42:51","date_gmt":"2024-09-16T23:42:51","guid":{"rendered":"https:\/\/portal.unisepe.com.br\/asmec\/?page_id=4688"},"modified":"2024-09-16T20:42:51","modified_gmt":"2024-09-16T23:42:51","slug":"projeto-pedagogico-de-administracao","status":"publish","type":"page","link":"https:\/\/portal.unisepe.com.br\/asmec\/bacharelado-administracao\/projeto-pedagogico-de-administracao\/","title":{"rendered":"Projeto Pedag\u00f3gico de Administra\u00e7\u00e3o"},"content":{"rendered":"<p><a href=\"https:\/\/portal.unisepe.com.br\/asmec\/wp-content\/uploads\/sites\/10006\/2024\/09\/PPC-ADM.pdf\">https:\/\/portal.unisepe.com.br\/asmec\/wp-content\/uploads\/sites\/10006\/2024\/09\/PPC-ADM.pdf<\/a><\/p>\n","protected":false},"excerpt":{"rendered":"<p>https:\/\/portal.unisepe.com.br\/asmec\/wp-content\/uploads\/sites\/10006\/2024\/09\/PPC-ADM.pdf<\/p>\n","protected":false},"author":5,"featured_media":0,"parent":268,"menu_order":0,"comment_status":"closed","ping_status":"closed","template":"templates\/template-pagina_link_externo.php","meta":{"footnotes":""},"categories":[],"tags":[],"class_list":["post-4688","page","type-page","status-publish","hentry"],"_links":{"self":[{"href":"https:\/\/portal.unisepe.com.br\/asmec\/wp-json\/wp\/v2\/pages\/4688","targetHints":{"allow":["GET"]}}],"collection":[{"href":"https:\/\/portal.unisepe.com.br\/asmec\/wp-json\/wp\/v2\/pages"}],"about":[{"href":"https:\/\/portal.unisepe.com.br\/asmec\/wp-json\/wp\/v2\/types\/page"}],"author":[{"embeddable":true,"href":"https:\/\/portal.unisepe.com.br\/asmec\/wp-json\/wp\/v2\/users\/5"}],"replies":[{"embeddable":true,"href":"https:\/\/portal.unisepe.com.br\/asmec\/wp-json\/wp\/v2\/comments?post=4688"}],"version-history":[{"count":1,"href":"https:\/\/portal.unisepe.com.br\/asmec\/wp-json\/wp\/v2\/pages\/4688\/revisions"}],"predecessor-version":[{"id":4690,"href":"https:\/\/portal.unisepe.com.br\/asmec\/wp-json\/wp\/v2\/pages\/4688\/revisions\/4690"}],"up":[{"embeddable":true,"href":"https:\/\/portal.unisepe.com.br\/asmec\/wp-json\/wp\/v2\/pages\/268"}],"wp:attachment":[{"href":"https:\/\/portal.unisepe.com.br\/asmec\/wp-json\/wp\/v2\/media?parent=4688"}],"wp:term":[{"taxonomy":"category","embeddable":true,"href":"https:\/\/portal.unisepe.com.br\/asmec\/wp-json\/wp\/v2\/categories?post=4688"},{"taxonomy":"post_tag","embeddable":true,"href":"https:\/\/portal.unisepe.com.br\/asmec\/wp-json\/wp\/v2\/tags?post=4688"}],"curies":[{"name":"wp","href":"https:\/\/api.w.org\/{rel}","templated":true}]}}