{"id":5274,"date":"2025-03-26T00:36:41","date_gmt":"2025-03-26T03:36:41","guid":{"rendered":"https:\/\/portal.unisepe.com.br\/asmec\/?page_id=5274"},"modified":"2025-03-26T00:40:37","modified_gmt":"2025-03-26T03:40:37","slug":"clinica-escola-de-psicologia","status":"publish","type":"page","link":"https:\/\/portal.unisepe.com.br\/asmec\/psicologia\/clinica-escola-de-psicologia\/","title":{"rendered":"Cl\u00ednica escola de Psicologia"},"content":{"rendered":"<p>A Cl\u00ednica-Escola de Psicologia das Faculdades Integradas \u2013 ASMEC destina-se \u00e0 forma\u00e7\u00e3o de psic\u00f3logos, presta\u00e7\u00e3o de assist\u00eancia de qualidade a popula\u00e7\u00e3o, constru\u00e7\u00e3o de conhecimento e de promo\u00e7\u00e3o de sa\u00fade mental. Os servi\u00e7os psicol\u00f3gicos s\u00e3o prestados por estudantes de psicologia a partir do 8\u00ba semestre da gradua\u00e7\u00e3o, supervisionados por psic\u00f3logos professores, seguindo todas as diretrizes do Conselho Regional de Psicologia. Todos os servi\u00e7os s\u00e3o p\u00fablicos, gratuitos e oferecidos \u00e0 comunidade ASMEC e \u00e0 popula\u00e7\u00e3o de Ouro Fino e regi\u00e3o. Estes servi\u00e7os incluem os seguintes atendimentos em psicologia:<\/p>\n<p><strong>Triagem Psicol\u00f3gica<\/strong><\/p>\n<p>A triagem psicol\u00f3gica \u00e9 o processo inicial de escuta qualificada, com o objetivo de acolher, identificar e compreender as necessidades da pessoa para, ao fim, propor um plano de cuidado que pode incluir outros equipamentos de sa\u00fade e servi\u00e7os. Depois da entrevista de triagem, a supervisora da Cl\u00ednica-Escola de Psicologia entra em contato com o usu\u00e1rio, chamando-o para iniciar o atendimento. Todos os atendimentos s\u00e3o realizados com hor\u00e1rios marcados, dentro das possibilidades de cada paciente.<\/p>\n<p><strong>Atendimentos Psicol\u00f3gicos Individuais ou em grupo<\/strong><\/p>\n<p>Os atendimentos abrangem diversas faixas et\u00e1rias com m\u00e9todos psicoter\u00e1picos ancorados em referenciais te\u00f3ricos tradicionais da psicologia. Para esta modalidade \u00e9 imprescind\u00edvel que o interessado tenha realizado o processo de Triagem Psicol\u00f3gica.<\/p>\n<p><strong>Psicodiagn\u00f3stico<\/strong><\/p>\n<p>O Psicodiagn\u00f3stico \u00e9 um processo amplo que tem como objetivo a compreens\u00e3o de fen\u00f4menos espec\u00edficos (intelig\u00eancia, mem\u00f3ria, aten\u00e7\u00e3o, linguagem, personalidade etc.). O processo se utiliza de t\u00e9cnicas reconhecidas para fim diagn\u00f3stico e de interven\u00e7\u00e3o. Para esta modalidade \u00e9 imprescind\u00edvel que o interessado tenha realizado o processo de Triagem Psicol\u00f3gica.<\/p>\n<p><strong>Orienta\u00e7\u00f5es importantes<\/strong><\/p>\n<ul>\n<li>A Cl\u00ednica-Escola realiza agendamento on-line por meio formul\u00e1rio eletr\u00f4nico disponibilizado no site institucional da ASMEC por meio de pop up.<\/li>\n<li>Os atendimentos s\u00e3o realizados\u00a0sempre\u00a0com agendamento pr\u00e9vio, em dias e hor\u00e1rios espec\u00edficos.<\/li>\n<li>Ressalta-se que a pessoa interessada deve ter comprometimento e responsabilidade nos agendamentos.<\/li>\n<li>Faltas comprometem o processo e s\u00e3o pass\u00edveis de motivo para desligamento<em>. <\/em><\/li>\n<li>O usu\u00e1rio deve chegar com 10 minutos de anteced\u00eancia. E em caso de atraso ou falta, o usu\u00e1rio deve avisar com anteced\u00eancia.<\/li>\n<li>O usu\u00e1rio que faltar mais de duas vezes ser\u00e1 desvinculado das atividades da Cl\u00ednica-Escola.<\/li>\n<li>O interessado deve manter os dados de telefone atualizados. Tentativas de contato sem sucesso, s\u00e3o\u00a0pass\u00edveis de motivo para desligamento e exclus\u00e3o de cadastro.<\/li>\n<\/ul>\n<ul>\n<li>N\u00e3o oferecemos servi\u00e7os para situa\u00e7\u00f5es de\u00a0emerg\u00eancia.\u00a0Neste caso deve-se procurar por equipamentos espec\u00edficos.<\/li>\n<li>As a\u00e7\u00f5es agendadas ocorrem de maneira semanal e variam de 50 min \u00e0 1h30 de dura\u00e7\u00e3o.<\/li>\n<li>Articula\u00e7\u00f5es com as redes de sa\u00fade, assist\u00eancia social ou educa\u00e7\u00e3o podem ser necess\u00e1rias para apoio e responsabilidade nas condutas adotadas.<\/li>\n<li>Os servi\u00e7os prestados pela Cl\u00ednica Escola seguir\u00e3o o calend\u00e1rio acad\u00eamico da ASMEC.<\/li>\n<\/ul>\n<p>&nbsp;<\/p>\n<p>Endere\u00e7o e hor\u00e1rio de funcionamento:<\/p>\n<p>Endere\u00e7o: Rua Prof. Dr. Ant\u00f4nio Eufr\u00e1sio de Tol\u00eado, 100, Jardim dos Ip\u00eas, Ouro Fino \u2013 MG.<\/p>\n<p>Telefone: (35) 3441-1617 \/ (35) 3441-1616 \/ (35) 3441-1426<\/p>\n<p>E-mail: <a href=\"mailto:clinica.psicologia.of@unisepe.edu.br\">clinica.psicologia.of@unisepe.edu.br<\/a><\/p>\n<p>Link de agendamento: <span style=\"color: #ff0000\"><strong><a href=\"https:\/\/docs.google.com\/forms\/d\/e\/1FAIpQLSeGTgeXGszqGN2DW0z4YbWJTfwZ-ELa9uWgSnoWs9Pi1M8Uhw\/viewform\" style=\"color: #ff0000\">Clique aqui!<\/a><\/strong><\/span><\/p>\n","protected":false},"excerpt":{"rendered":"<p>A Cl\u00ednica-Escola de Psicologia das Faculdades Integradas \u2013 ASMEC destina-se \u00e0 forma\u00e7\u00e3o de psic\u00f3logos, presta\u00e7\u00e3o de assist\u00eancia de qualidade a popula\u00e7\u00e3o, constru\u00e7\u00e3o de conhecimento e de promo\u00e7\u00e3o de sa\u00fade mental. Os servi\u00e7os psicol\u00f3gicos s\u00e3o prestados por estudantes de psicologia a partir do 8\u00ba semestre da gradua\u00e7\u00e3o, supervisionados por psic\u00f3logos professores,<\/p>\n","protected":false},"author":5,"featured_media":0,"parent":533,"menu_order":0,"comment_status":"closed","ping_status":"closed","template":"templates\/template-curso_menu_vertical.php","meta":{"footnotes":""},"categories":[],"tags":[],"class_list":["post-5274","page","type-page","status-publish","hentry"],"_links":{"self":[{"href":"https:\/\/portal.unisepe.com.br\/asmec\/wp-json\/wp\/v2\/pages\/5274","targetHints":{"allow":["GET"]}}],"collection":[{"href":"https:\/\/portal.unisepe.com.br\/asmec\/wp-json\/wp\/v2\/pages"}],"about":[{"href":"https:\/\/portal.unisepe.com.br\/asmec\/wp-json\/wp\/v2\/types\/page"}],"author":[{"embeddable":true,"href":"https:\/\/portal.unisepe.com.br\/asmec\/wp-json\/wp\/v2\/users\/5"}],"replies":[{"embeddable":true,"href":"https:\/\/portal.unisepe.com.br\/asmec\/wp-json\/wp\/v2\/comments?post=5274"}],"version-history":[{"count":5,"href":"https:\/\/portal.unisepe.com.br\/asmec\/wp-json\/wp\/v2\/pages\/5274\/revisions"}],"predecessor-version":[{"id":5280,"href":"https:\/\/portal.unisepe.com.br\/asmec\/wp-json\/wp\/v2\/pages\/5274\/revisions\/5280"}],"up":[{"embeddable":true,"href":"https:\/\/portal.unisepe.com.br\/asmec\/wp-json\/wp\/v2\/pages\/533"}],"wp:attachment":[{"href":"https:\/\/portal.unisepe.com.br\/asmec\/wp-json\/wp\/v2\/media?parent=5274"}],"wp:term":[{"taxonomy":"category","embeddable":true,"href":"https:\/\/portal.unisepe.com.br\/asmec\/wp-json\/wp\/v2\/categories?post=5274"},{"taxonomy":"post_tag","embeddable":true,"href":"https:\/\/portal.unisepe.com.br\/asmec\/wp-json\/wp\/v2\/tags?post=5274"}],"curies":[{"name":"wp","href":"https:\/\/api.w.org\/{rel}","templated":true}]}}