{"id":533,"date":"2016-07-12T19:31:00","date_gmt":"2016-07-12T19:31:00","guid":{"rendered":"http:\/\/www.fvr.edu.br\/fvr\/site\/?page_id=533"},"modified":"2024-11-26T22:30:18","modified_gmt":"2024-11-27T01:30:18","slug":"psicologia","status":"publish","type":"page","link":"https:\/\/portal.unisepe.com.br\/asmec\/psicologia\/","title":{"rendered":"Psicologia"},"content":{"rendered":"<p><iframe loading=\"lazy\" width=\"853\" height=\"480\" src=\"https:\/\/www.youtube.com\/embed\/n9F1OwnBQoM\"><\/iframe><\/p>\n<h4><strong>Psicologia<\/strong><\/h4>\n<p>&nbsp;<\/p>\n<p>O Curso de Psicologia das Faculdades Integradas ASMEC \u2013 Ouro Fino\/MG\u00a0representa uma meta incans\u00e1vel perseguida pela Institui\u00e7\u00e3o nos \u00faltimos 18 meses! Agora concretizada atrav\u00e9s da Publica\u00e7\u00e3o da\u00a0<strong>PORTARIA N\u00ba 1.251 SERES\/MEC de 07.12.2017, do DOU \u2013 Di\u00e1rio Oficial da Uni\u00e3o \u2013 de 11.12.2017<\/strong>!<\/p>\n<p>O\u00a0Curso de Psicologia das Faculdades Integradas ASMEC \u2013 Ouro Fino\/MG\u00a0oferece\u00a060 (sessenta) vagas anuais,\u00a0numa infraestrutura f\u00edsica e de pessoas de alt\u00edssima qualidade, para uma Matriz Curricular moderna, de 4.300 horas em 5 (cinco) anos, no per\u00edodo noturno (exceto est\u00e1gios e atividades complementares, que poder\u00e3o tamb\u00e9m ocorrer no per\u00edodo matutino e vespertino).<\/p>\n<p>Tendo como refer\u00eancia as\u00a0novas Diretrizes Curriculares Nacionais para os cursos de Psicologia, o Curso tem como objetivo central formar profissionais psic\u00f3logos e psic\u00f3logas capacitadas \u00e0 interven\u00e7\u00e3o nas diferentes \u00e1reas e campos da Psicologia, com vis\u00e3o abrangente, sustentada pelo pluralismo de saberes psicol\u00f3gicos e suas bases epistemol\u00f3gicas, visando a preven\u00e7\u00e3o e a promo\u00e7\u00e3o da sa\u00fade, a compreens\u00e3o e atua\u00e7\u00e3o nos processos educativos e nos processos cl\u00ednicos em Psicologia, em prol de uma atua\u00e7\u00e3o futura que considere as necessidades sociais, os direitos humanos, a \u00e9tica, a bio\u00e9tica e a interdisciplinaridade.<br \/>\nEstritamente de acordo com as\u00a0novas Diretrizes Curriculares Nacionais para os cursos de Psicologia, o Curso \u00e9 composto de 3.200 horas de disciplinas te\u00f3rico-pr\u00e1ticas; 800 horas de Est\u00e1gio Supervisionado (B\u00e1sicos e Espec\u00edficos); 150 horas de Atividades Complementares e 150 horas de TCC.<\/p>\n<p>E ainda, de acordo com as Diretrizes Curriculares Nacionais para o Curso de Psicologia e Resolu\u00e7\u00e3o CNE\/CES no. 05 de 15 de mar\u00e7o de 2011, o curso oferece mais 1 (um) ano (820 horas) de\u00a0Forma\u00e7\u00e3o Complementar Pedag\u00f3gica para futuros docentes em Psicologia. Esta Forma\u00e7\u00e3o Complementar \u00e9 opcional para os discentes, no entanto, obrigat\u00f3ria de ser oferecida nos mais modernos cursos de Psicologia!<\/p>\n","protected":false},"excerpt":{"rendered":"<p>Psicologia &nbsp; O Curso de Psicologia das Faculdades Integradas ASMEC \u2013 Ouro Fino\/MG\u00a0representa uma meta incans\u00e1vel perseguida pela Institui\u00e7\u00e3o nos \u00faltimos 18 meses! Agora concretizada atrav\u00e9s da Publica\u00e7\u00e3o da\u00a0PORTARIA N\u00ba 1.251 SERES\/MEC de 07.12.2017, do DOU \u2013 Di\u00e1rio Oficial da Uni\u00e3o \u2013 de 11.12.2017! O\u00a0Curso de Psicologia das Faculdades Integradas<\/p>\n","protected":false},"author":1,"featured_media":0,"parent":0,"menu_order":0,"comment_status":"closed","ping_status":"closed","template":"templates\/template-curso_menu_vertical.php","meta":{"footnotes":""},"categories":[],"tags":[],"class_list":["post-533","page","type-page","status-publish","hentry"],"_links":{"self":[{"href":"https:\/\/portal.unisepe.com.br\/asmec\/wp-json\/wp\/v2\/pages\/533","targetHints":{"allow":["GET"]}}],"collection":[{"href":"https:\/\/portal.unisepe.com.br\/asmec\/wp-json\/wp\/v2\/pages"}],"about":[{"href":"https:\/\/portal.unisepe.com.br\/asmec\/wp-json\/wp\/v2\/types\/page"}],"author":[{"embeddable":true,"href":"https:\/\/portal.unisepe.com.br\/asmec\/wp-json\/wp\/v2\/users\/1"}],"replies":[{"embeddable":true,"href":"https:\/\/portal.unisepe.com.br\/asmec\/wp-json\/wp\/v2\/comments?post=533"}],"version-history":[{"count":5,"href":"https:\/\/portal.unisepe.com.br\/asmec\/wp-json\/wp\/v2\/pages\/533\/revisions"}],"predecessor-version":[{"id":2934,"href":"https:\/\/portal.unisepe.com.br\/asmec\/wp-json\/wp\/v2\/pages\/533\/revisions\/2934"}],"wp:attachment":[{"href":"https:\/\/portal.unisepe.com.br\/asmec\/wp-json\/wp\/v2\/media?parent=533"}],"wp:term":[{"taxonomy":"category","embeddable":true,"href":"https:\/\/portal.unisepe.com.br\/asmec\/wp-json\/wp\/v2\/categories?post=533"},{"taxonomy":"post_tag","embeddable":true,"href":"https:\/\/portal.unisepe.com.br\/asmec\/wp-json\/wp\/v2\/tags?post=533"}],"curies":[{"name":"wp","href":"https:\/\/api.w.org\/{rel}","templated":true}]}}