{"id":3146,"date":"2023-04-18T20:04:57","date_gmt":"2023-04-18T23:04:57","guid":{"rendered":"https:\/\/portal.unisepe.com.br\/asmecpa\/?page_id=3146"},"modified":"2024-01-22T20:42:37","modified_gmt":"2024-01-22T23:42:37","slug":"relatorio-de-gestao-e-avaliacao-do-npj-e","status":"publish","type":"page","link":"https:\/\/portal.unisepe.com.br\/asmecpa\/direito\/npj-e\/relatorio-de-gestao-e-avaliacao-do-npj-e\/","title":{"rendered":"Relat\u00f3rio de gest\u00e3o e avalia\u00e7\u00e3o do NPJ-E"},"content":{"rendered":"<p><a href=\"https:\/\/portal.unisepe.com.br\/asmecpa\/wp-content\/uploads\/sites\/10009\/2023\/04\/8_NPJ_Relat\u00f3rio-atividades-2022.pdf\">Relat\u00f3rio de gest\u00e3o e avalia\u00e7\u00e3o e atua\u00e7\u00e3o do n\u00facleo de pr\u00e1tica jur\u00eddica 2022<\/a><\/p>\n<p><a href=\"https:\/\/portal.unisepe.com.br\/asmecpa\/wp-content\/uploads\/sites\/10009\/2024\/01\/Relat\u00f3rio-Gest\u00e3o-NPJ23-PA.pdf\">Relat\u00f3rio de gest\u00e3o e avalia\u00e7\u00e3o e atua\u00e7\u00e3o do n\u00facleo de pr\u00e1tica jur\u00eddica 2023<\/a><\/p>\n","protected":false},"excerpt":{"rendered":"<p>Relat\u00f3rio de gest\u00e3o e avalia\u00e7\u00e3o e atua\u00e7\u00e3o do n\u00facleo de pr\u00e1tica jur\u00eddica 2022 Relat\u00f3rio de gest\u00e3o e avalia\u00e7\u00e3o e atua\u00e7\u00e3o do n\u00facleo de pr\u00e1tica jur\u00eddica 2023<\/p>\n","protected":false},"author":7,"featured_media":0,"parent":3091,"menu_order":0,"comment_status":"closed","ping_status":"closed","template":"templates\/template-curso_menu_vertical.php","meta":{"footnotes":""},"categories":[],"tags":[],"class_list":["post-3146","page","type-page","status-publish","hentry"],"_links":{"self":[{"href":"https:\/\/portal.unisepe.com.br\/asmecpa\/wp-json\/wp\/v2\/pages\/3146","targetHints":{"allow":["GET"]}}],"collection":[{"href":"https:\/\/portal.unisepe.com.br\/asmecpa\/wp-json\/wp\/v2\/pages"}],"about":[{"href":"https:\/\/portal.unisepe.com.br\/asmecpa\/wp-json\/wp\/v2\/types\/page"}],"author":[{"embeddable":true,"href":"https:\/\/portal.unisepe.com.br\/asmecpa\/wp-json\/wp\/v2\/users\/7"}],"replies":[{"embeddable":true,"href":"https:\/\/portal.unisepe.com.br\/asmecpa\/wp-json\/wp\/v2\/comments?post=3146"}],"version-history":[{"count":2,"href":"https:\/\/portal.unisepe.com.br\/asmecpa\/wp-json\/wp\/v2\/pages\/3146\/revisions"}],"predecessor-version":[{"id":3223,"href":"https:\/\/portal.unisepe.com.br\/asmecpa\/wp-json\/wp\/v2\/pages\/3146\/revisions\/3223"}],"up":[{"embeddable":true,"href":"https:\/\/portal.unisepe.com.br\/asmecpa\/wp-json\/wp\/v2\/pages\/3091"}],"wp:attachment":[{"href":"https:\/\/portal.unisepe.com.br\/asmecpa\/wp-json\/wp\/v2\/media?parent=3146"}],"wp:term":[{"taxonomy":"category","embeddable":true,"href":"https:\/\/portal.unisepe.com.br\/asmecpa\/wp-json\/wp\/v2\/categories?post=3146"},{"taxonomy":"post_tag","embeddable":true,"href":"https:\/\/portal.unisepe.com.br\/asmecpa\/wp-json\/wp\/v2\/tags?post=3146"}],"curies":[{"name":"wp","href":"https:\/\/api.w.org\/{rel}","templated":true}]}}