{"id":689,"date":"2016-07-14T19:35:31","date_gmt":"2016-07-14T19:35:31","guid":{"rendered":"http:\/\/www.fvr.edu.br\/fvr\/site\/?page_id=689"},"modified":"2022-05-05T10:24:41","modified_gmt":"2022-05-05T13:24:41","slug":"instalacoes","status":"publish","type":"page","link":"https:\/\/portal.unisepe.com.br\/asmecpa\/biblioteca\/instalacoes\/","title":{"rendered":"Instala\u00e7\u00f5es"},"content":{"rendered":"<h4>Instala\u00e7\u00f5es<\/h4>\n<hr \/>\n<ul>\n<li>01\u00a0\u2013 Sala com 5 Mesas de Estudo Individual<\/li>\n<li>01 \u2013 Sala de Estudo em Grupo com<\/li>\n<li>01\u00a0\u2013 Computador para uso de internet<\/li>\n<li>Recep\u00e7\u00e3o para atendimento dos usu\u00e1rios<br \/>\n<hr \/>\n<\/li>\n<\/ul>\n<p><a href=\"https:\/\/portal.unisepe.com.br\/asmecpa\/wp-content\/uploads\/sites\/10009\/2022\/05\/instala\u00e7\u00f5es-13.jpeg\"><img loading=\"lazy\" decoding=\"async\" src=\"https:\/\/portal.unisepe.com.br\/asmecpa\/wp-content\/uploads\/sites\/10009\/2022\/05\/instala\u00e7\u00f5es-13-225x300.jpeg\" alt=\"\" width=\"200\" height=\"267\" class=\"alignnone wp-image-2942\" srcset=\"https:\/\/portal.unisepe.com.br\/asmecpa\/wp-content\/uploads\/sites\/10009\/2022\/05\/instala\u00e7\u00f5es-13-225x300.jpeg 225w, https:\/\/portal.unisepe.com.br\/asmecpa\/wp-content\/uploads\/sites\/10009\/2022\/05\/instala\u00e7\u00f5es-13-768x1024.jpeg 768w, https:\/\/portal.unisepe.com.br\/asmecpa\/wp-content\/uploads\/sites\/10009\/2022\/05\/instala\u00e7\u00f5es-13-1152x1536.jpeg 1152w, https:\/\/portal.unisepe.com.br\/asmecpa\/wp-content\/uploads\/sites\/10009\/2022\/05\/instala\u00e7\u00f5es-13.jpeg 1200w\" sizes=\"auto, (max-width: 200px) 100vw, 200px\" \/><\/a> <a href=\"https:\/\/portal.unisepe.com.br\/asmecpa\/wp-content\/uploads\/sites\/10009\/2022\/05\/instala\u00e7\u00f5es-12.jpeg\"><img loading=\"lazy\" decoding=\"async\" src=\"https:\/\/portal.unisepe.com.br\/asmecpa\/wp-content\/uploads\/sites\/10009\/2022\/05\/instala\u00e7\u00f5es-12-225x300.jpeg\" alt=\"\" width=\"200\" height=\"267\" class=\"alignnone wp-image-2941\" srcset=\"https:\/\/portal.unisepe.com.br\/asmecpa\/wp-content\/uploads\/sites\/10009\/2022\/05\/instala\u00e7\u00f5es-12-225x300.jpeg 225w, https:\/\/portal.unisepe.com.br\/asmecpa\/wp-content\/uploads\/sites\/10009\/2022\/05\/instala\u00e7\u00f5es-12-768x1024.jpeg 768w, https:\/\/portal.unisepe.com.br\/asmecpa\/wp-content\/uploads\/sites\/10009\/2022\/05\/instala\u00e7\u00f5es-12-1152x1536.jpeg 1152w, https:\/\/portal.unisepe.com.br\/asmecpa\/wp-content\/uploads\/sites\/10009\/2022\/05\/instala\u00e7\u00f5es-12.jpeg 1200w\" sizes=\"auto, (max-width: 200px) 100vw, 200px\" \/><\/a> <a href=\"https:\/\/portal.unisepe.com.br\/asmecpa\/wp-content\/uploads\/sites\/10009\/2022\/05\/instala\u00e7\u00f5es-11.jpeg\"><img loading=\"lazy\" decoding=\"async\" src=\"https:\/\/portal.unisepe.com.br\/asmecpa\/wp-content\/uploads\/sites\/10009\/2022\/05\/instala\u00e7\u00f5es-11-225x300.jpeg\" alt=\"\" width=\"200\" height=\"267\" class=\"alignnone wp-image-2940\" srcset=\"https:\/\/portal.unisepe.com.br\/asmecpa\/wp-content\/uploads\/sites\/10009\/2022\/05\/instala\u00e7\u00f5es-11-225x300.jpeg 225w, https:\/\/portal.unisepe.com.br\/asmecpa\/wp-content\/uploads\/sites\/10009\/2022\/05\/instala\u00e7\u00f5es-11-768x1024.jpeg 768w, https:\/\/portal.unisepe.com.br\/asmecpa\/wp-content\/uploads\/sites\/10009\/2022\/05\/instala\u00e7\u00f5es-11-1152x1536.jpeg 1152w, https:\/\/portal.unisepe.com.br\/asmecpa\/wp-content\/uploads\/sites\/10009\/2022\/05\/instala\u00e7\u00f5es-11.jpeg 1200w\" sizes=\"auto, (max-width: 200px) 100vw, 200px\" \/><\/a> <a href=\"https:\/\/portal.unisepe.com.br\/asmecpa\/wp-content\/uploads\/sites\/10009\/2022\/05\/instala\u00e7\u00f5es-10.jpeg\"><img loading=\"lazy\" decoding=\"async\" src=\"https:\/\/portal.unisepe.com.br\/asmecpa\/wp-content\/uploads\/sites\/10009\/2022\/05\/instala\u00e7\u00f5es-10-225x300.jpeg\" alt=\"\" width=\"200\" height=\"267\" class=\"alignnone wp-image-2939\" srcset=\"https:\/\/portal.unisepe.com.br\/asmecpa\/wp-content\/uploads\/sites\/10009\/2022\/05\/instala\u00e7\u00f5es-10-225x300.jpeg 225w, https:\/\/portal.unisepe.com.br\/asmecpa\/wp-content\/uploads\/sites\/10009\/2022\/05\/instala\u00e7\u00f5es-10-768x1024.jpeg 768w, https:\/\/portal.unisepe.com.br\/asmecpa\/wp-content\/uploads\/sites\/10009\/2022\/05\/instala\u00e7\u00f5es-10-1152x1536.jpeg 1152w, https:\/\/portal.unisepe.com.br\/asmecpa\/wp-content\/uploads\/sites\/10009\/2022\/05\/instala\u00e7\u00f5es-10.jpeg 1200w\" sizes=\"auto, (max-width: 200px) 100vw, 200px\" \/><\/a> <a href=\"https:\/\/portal.unisepe.com.br\/asmecpa\/wp-content\/uploads\/sites\/10009\/2022\/05\/instala\u00e7\u00f5es-09.jpeg\"><img loading=\"lazy\" decoding=\"async\" src=\"https:\/\/portal.unisepe.com.br\/asmecpa\/wp-content\/uploads\/sites\/10009\/2022\/05\/instala\u00e7\u00f5es-09-225x300.jpeg\" alt=\"\" width=\"200\" height=\"267\" class=\"alignnone wp-image-2938\" srcset=\"https:\/\/portal.unisepe.com.br\/asmecpa\/wp-content\/uploads\/sites\/10009\/2022\/05\/instala\u00e7\u00f5es-09-225x300.jpeg 225w, https:\/\/portal.unisepe.com.br\/asmecpa\/wp-content\/uploads\/sites\/10009\/2022\/05\/instala\u00e7\u00f5es-09-768x1024.jpeg 768w, https:\/\/portal.unisepe.com.br\/asmecpa\/wp-content\/uploads\/sites\/10009\/2022\/05\/instala\u00e7\u00f5es-09-1152x1536.jpeg 1152w, https:\/\/portal.unisepe.com.br\/asmecpa\/wp-content\/uploads\/sites\/10009\/2022\/05\/instala\u00e7\u00f5es-09.jpeg 1200w\" sizes=\"auto, (max-width: 200px) 100vw, 200px\" \/><\/a> <a href=\"https:\/\/portal.unisepe.com.br\/asmecpa\/wp-content\/uploads\/sites\/10009\/2022\/05\/instala\u00e7\u00f5es-08.jpeg\"><img loading=\"lazy\" decoding=\"async\" src=\"https:\/\/portal.unisepe.com.br\/asmecpa\/wp-content\/uploads\/sites\/10009\/2022\/05\/instala\u00e7\u00f5es-08-225x300.jpeg\" alt=\"\" width=\"200\" height=\"267\" class=\"alignnone wp-image-2937\" srcset=\"https:\/\/portal.unisepe.com.br\/asmecpa\/wp-content\/uploads\/sites\/10009\/2022\/05\/instala\u00e7\u00f5es-08-225x300.jpeg 225w, https:\/\/portal.unisepe.com.br\/asmecpa\/wp-content\/uploads\/sites\/10009\/2022\/05\/instala\u00e7\u00f5es-08-768x1024.jpeg 768w, https:\/\/portal.unisepe.com.br\/asmecpa\/wp-content\/uploads\/sites\/10009\/2022\/05\/instala\u00e7\u00f5es-08-1152x1536.jpeg 1152w, https:\/\/portal.unisepe.com.br\/asmecpa\/wp-content\/uploads\/sites\/10009\/2022\/05\/instala\u00e7\u00f5es-08.jpeg 1200w\" sizes=\"auto, (max-width: 200px) 100vw, 200px\" \/><\/a> <a href=\"https:\/\/portal.unisepe.com.br\/asmecpa\/wp-content\/uploads\/sites\/10009\/2022\/05\/instala\u00e7\u00f5es-07.jpeg\"><img loading=\"lazy\" decoding=\"async\" src=\"https:\/\/portal.unisepe.com.br\/asmecpa\/wp-content\/uploads\/sites\/10009\/2022\/05\/instala\u00e7\u00f5es-07-225x300.jpeg\" alt=\"\" width=\"200\" height=\"267\" class=\"alignnone wp-image-2936\" srcset=\"https:\/\/portal.unisepe.com.br\/asmecpa\/wp-content\/uploads\/sites\/10009\/2022\/05\/instala\u00e7\u00f5es-07-225x300.jpeg 225w, https:\/\/portal.unisepe.com.br\/asmecpa\/wp-content\/uploads\/sites\/10009\/2022\/05\/instala\u00e7\u00f5es-07-768x1024.jpeg 768w, https:\/\/portal.unisepe.com.br\/asmecpa\/wp-content\/uploads\/sites\/10009\/2022\/05\/instala\u00e7\u00f5es-07-1152x1536.jpeg 1152w, https:\/\/portal.unisepe.com.br\/asmecpa\/wp-content\/uploads\/sites\/10009\/2022\/05\/instala\u00e7\u00f5es-07.jpeg 1200w\" sizes=\"auto, (max-width: 200px) 100vw, 200px\" \/><\/a> <a href=\"https:\/\/portal.unisepe.com.br\/asmecpa\/wp-content\/uploads\/sites\/10009\/2022\/05\/instala\u00e7\u00f5es-14.jpeg\"><img loading=\"lazy\" decoding=\"async\" src=\"https:\/\/portal.unisepe.com.br\/asmecpa\/wp-content\/uploads\/sites\/10009\/2022\/05\/instala\u00e7\u00f5es-14-225x300.jpeg\" alt=\"\" width=\"200\" height=\"267\" class=\"alignnone wp-image-2929\" srcset=\"https:\/\/portal.unisepe.com.br\/asmecpa\/wp-content\/uploads\/sites\/10009\/2022\/05\/instala\u00e7\u00f5es-14-225x300.jpeg 225w, https:\/\/portal.unisepe.com.br\/asmecpa\/wp-content\/uploads\/sites\/10009\/2022\/05\/instala\u00e7\u00f5es-14-768x1024.jpeg 768w, https:\/\/portal.unisepe.com.br\/asmecpa\/wp-content\/uploads\/sites\/10009\/2022\/05\/instala\u00e7\u00f5es-14-1152x1536.jpeg 1152w, https:\/\/portal.unisepe.com.br\/asmecpa\/wp-content\/uploads\/sites\/10009\/2022\/05\/instala\u00e7\u00f5es-14.jpeg 1200w\" sizes=\"auto, (max-width: 200px) 100vw, 200px\" \/><\/a><a href=\"https:\/\/portal.unisepe.com.br\/asmecpa\/wp-content\/uploads\/sites\/10009\/2022\/05\/instala\u00e7\u00f5es-05.jpeg\"><img loading=\"lazy\" decoding=\"async\" src=\"https:\/\/portal.unisepe.com.br\/asmecpa\/wp-content\/uploads\/sites\/10009\/2022\/05\/instala\u00e7\u00f5es-05-300x225.jpeg\" alt=\"\" width=\"293\" height=\"220\" class=\"alignnone wp-image-2934\" srcset=\"https:\/\/portal.unisepe.com.br\/asmecpa\/wp-content\/uploads\/sites\/10009\/2022\/05\/instala\u00e7\u00f5es-05-300x225.jpeg 300w, https:\/\/portal.unisepe.com.br\/asmecpa\/wp-content\/uploads\/sites\/10009\/2022\/05\/instala\u00e7\u00f5es-05-1024x768.jpeg 1024w, https:\/\/portal.unisepe.com.br\/asmecpa\/wp-content\/uploads\/sites\/10009\/2022\/05\/instala\u00e7\u00f5es-05-768x576.jpeg 768w, https:\/\/portal.unisepe.com.br\/asmecpa\/wp-content\/uploads\/sites\/10009\/2022\/05\/instala\u00e7\u00f5es-05-1536x1152.jpeg 1536w, https:\/\/portal.unisepe.com.br\/asmecpa\/wp-content\/uploads\/sites\/10009\/2022\/05\/instala\u00e7\u00f5es-05.jpeg 1600w\" sizes=\"auto, (max-width: 293px) 100vw, 293px\" \/><\/a> <a href=\"https:\/\/portal.unisepe.com.br\/asmecpa\/wp-content\/uploads\/sites\/10009\/2022\/05\/instala\u00e7\u00f5es-06.jpeg\"><img loading=\"lazy\" decoding=\"async\" src=\"https:\/\/portal.unisepe.com.br\/asmecpa\/wp-content\/uploads\/sites\/10009\/2022\/05\/instala\u00e7\u00f5es-06-300x225.jpeg\" alt=\"\" width=\"267\" height=\"200\" class=\"alignnone wp-image-2935\" srcset=\"https:\/\/portal.unisepe.com.br\/asmecpa\/wp-content\/uploads\/sites\/10009\/2022\/05\/instala\u00e7\u00f5es-06-300x225.jpeg 300w, https:\/\/portal.unisepe.com.br\/asmecpa\/wp-content\/uploads\/sites\/10009\/2022\/05\/instala\u00e7\u00f5es-06-1024x768.jpeg 1024w, https:\/\/portal.unisepe.com.br\/asmecpa\/wp-content\/uploads\/sites\/10009\/2022\/05\/instala\u00e7\u00f5es-06-768x576.jpeg 768w, https:\/\/portal.unisepe.com.br\/asmecpa\/wp-content\/uploads\/sites\/10009\/2022\/05\/instala\u00e7\u00f5es-06-1536x1152.jpeg 1536w, https:\/\/portal.unisepe.com.br\/asmecpa\/wp-content\/uploads\/sites\/10009\/2022\/05\/instala\u00e7\u00f5es-06.jpeg 1600w\" sizes=\"auto, (max-width: 267px) 100vw, 267px\" \/><\/a> <a href=\"https:\/\/portal.unisepe.com.br\/asmecpa\/wp-content\/uploads\/sites\/10009\/2022\/05\/instala\u00e7\u00f5es-04.jpeg\"><img loading=\"lazy\" decoding=\"async\" src=\"https:\/\/portal.unisepe.com.br\/asmecpa\/wp-content\/uploads\/sites\/10009\/2022\/05\/instala\u00e7\u00f5es-04-300x225.jpeg\" alt=\"\" width=\"267\" height=\"200\" class=\"alignnone wp-image-2933\" srcset=\"https:\/\/portal.unisepe.com.br\/asmecpa\/wp-content\/uploads\/sites\/10009\/2022\/05\/instala\u00e7\u00f5es-04-300x225.jpeg 300w, https:\/\/portal.unisepe.com.br\/asmecpa\/wp-content\/uploads\/sites\/10009\/2022\/05\/instala\u00e7\u00f5es-04-1024x768.jpeg 1024w, https:\/\/portal.unisepe.com.br\/asmecpa\/wp-content\/uploads\/sites\/10009\/2022\/05\/instala\u00e7\u00f5es-04-768x576.jpeg 768w, https:\/\/portal.unisepe.com.br\/asmecpa\/wp-content\/uploads\/sites\/10009\/2022\/05\/instala\u00e7\u00f5es-04-1536x1152.jpeg 1536w, https:\/\/portal.unisepe.com.br\/asmecpa\/wp-content\/uploads\/sites\/10009\/2022\/05\/instala\u00e7\u00f5es-04.jpeg 1600w\" sizes=\"auto, (max-width: 267px) 100vw, 267px\" \/><\/a><a href=\"https:\/\/portal.unisepe.com.br\/asmecpa\/wp-content\/uploads\/sites\/10009\/2022\/05\/instala\u00e7\u00f5es-03.jpeg\"><img loading=\"lazy\" decoding=\"async\" src=\"https:\/\/portal.unisepe.com.br\/asmecpa\/wp-content\/uploads\/sites\/10009\/2022\/05\/instala\u00e7\u00f5es-03-300x225.jpeg\" alt=\"\" width=\"267\" height=\"200\" class=\"alignnone wp-image-2932\" srcset=\"https:\/\/portal.unisepe.com.br\/asmecpa\/wp-content\/uploads\/sites\/10009\/2022\/05\/instala\u00e7\u00f5es-03-300x225.jpeg 300w, https:\/\/portal.unisepe.com.br\/asmecpa\/wp-content\/uploads\/sites\/10009\/2022\/05\/instala\u00e7\u00f5es-03-1024x768.jpeg 1024w, https:\/\/portal.unisepe.com.br\/asmecpa\/wp-content\/uploads\/sites\/10009\/2022\/05\/instala\u00e7\u00f5es-03-768x576.jpeg 768w, https:\/\/portal.unisepe.com.br\/asmecpa\/wp-content\/uploads\/sites\/10009\/2022\/05\/instala\u00e7\u00f5es-03-1536x1152.jpeg 1536w, https:\/\/portal.unisepe.com.br\/asmecpa\/wp-content\/uploads\/sites\/10009\/2022\/05\/instala\u00e7\u00f5es-03.jpeg 1600w\" sizes=\"auto, (max-width: 267px) 100vw, 267px\" \/><\/a> <a href=\"https:\/\/portal.unisepe.com.br\/asmecpa\/wp-content\/uploads\/sites\/10009\/2022\/05\/instala\u00e7\u00f5es-02.jpeg\"><img loading=\"lazy\" decoding=\"async\" src=\"https:\/\/portal.unisepe.com.br\/asmecpa\/wp-content\/uploads\/sites\/10009\/2022\/05\/instala\u00e7\u00f5es-02-300x225.jpeg\" alt=\"\" width=\"267\" height=\"200\" class=\"alignnone wp-image-2931\" srcset=\"https:\/\/portal.unisepe.com.br\/asmecpa\/wp-content\/uploads\/sites\/10009\/2022\/05\/instala\u00e7\u00f5es-02-300x225.jpeg 300w, https:\/\/portal.unisepe.com.br\/asmecpa\/wp-content\/uploads\/sites\/10009\/2022\/05\/instala\u00e7\u00f5es-02-1024x768.jpeg 1024w, https:\/\/portal.unisepe.com.br\/asmecpa\/wp-content\/uploads\/sites\/10009\/2022\/05\/instala\u00e7\u00f5es-02-768x576.jpeg 768w, https:\/\/portal.unisepe.com.br\/asmecpa\/wp-content\/uploads\/sites\/10009\/2022\/05\/instala\u00e7\u00f5es-02-1536x1152.jpeg 1536w, https:\/\/portal.unisepe.com.br\/asmecpa\/wp-content\/uploads\/sites\/10009\/2022\/05\/instala\u00e7\u00f5es-02.jpeg 1600w\" sizes=\"auto, (max-width: 267px) 100vw, 267px\" \/><\/a> <a href=\"https:\/\/portal.unisepe.com.br\/asmecpa\/wp-content\/uploads\/sites\/10009\/2022\/05\/instala\u00e7\u00f5es-01.jpeg\"><img loading=\"lazy\" decoding=\"async\" src=\"https:\/\/portal.unisepe.com.br\/asmecpa\/wp-content\/uploads\/sites\/10009\/2022\/05\/instala\u00e7\u00f5es-01-300x225.jpeg\" alt=\"\" width=\"267\" height=\"200\" class=\"alignnone wp-image-2930\" srcset=\"https:\/\/portal.unisepe.com.br\/asmecpa\/wp-content\/uploads\/sites\/10009\/2022\/05\/instala\u00e7\u00f5es-01-300x225.jpeg 300w, https:\/\/portal.unisepe.com.br\/asmecpa\/wp-content\/uploads\/sites\/10009\/2022\/05\/instala\u00e7\u00f5es-01-1024x768.jpeg 1024w, https:\/\/portal.unisepe.com.br\/asmecpa\/wp-content\/uploads\/sites\/10009\/2022\/05\/instala\u00e7\u00f5es-01-768x576.jpeg 768w, https:\/\/portal.unisepe.com.br\/asmecpa\/wp-content\/uploads\/sites\/10009\/2022\/05\/instala\u00e7\u00f5es-01-1536x1152.jpeg 1536w, https:\/\/portal.unisepe.com.br\/asmecpa\/wp-content\/uploads\/sites\/10009\/2022\/05\/instala\u00e7\u00f5es-01.jpeg 1600w\" sizes=\"auto, (max-width: 267px) 100vw, 267px\" \/><\/a><\/p>\n","protected":false},"excerpt":{"rendered":"<p>Instala\u00e7\u00f5es 01\u00a0\u2013 Sala com 5 Mesas de Estudo Individual 01 \u2013 Sala de Estudo em Grupo com 01\u00a0\u2013 Computador para uso de internet Recep\u00e7\u00e3o para atendimento dos usu\u00e1rios<\/p>\n","protected":false},"author":1,"featured_media":0,"parent":285,"menu_order":0,"comment_status":"closed","ping_status":"closed","template":"templates\/template-pagina_menu_vertical.php","meta":{"footnotes":""},"categories":[],"tags":[],"class_list":["post-689","page","type-page","status-publish","hentry"],"_links":{"self":[{"href":"https:\/\/portal.unisepe.com.br\/asmecpa\/wp-json\/wp\/v2\/pages\/689","targetHints":{"allow":["GET"]}}],"collection":[{"href":"https:\/\/portal.unisepe.com.br\/asmecpa\/wp-json\/wp\/v2\/pages"}],"about":[{"href":"https:\/\/portal.unisepe.com.br\/asmecpa\/wp-json\/wp\/v2\/types\/page"}],"author":[{"embeddable":true,"href":"https:\/\/portal.unisepe.com.br\/asmecpa\/wp-json\/wp\/v2\/users\/1"}],"replies":[{"embeddable":true,"href":"https:\/\/portal.unisepe.com.br\/asmecpa\/wp-json\/wp\/v2\/comments?post=689"}],"version-history":[{"count":3,"href":"https:\/\/portal.unisepe.com.br\/asmecpa\/wp-json\/wp\/v2\/pages\/689\/revisions"}],"predecessor-version":[{"id":2945,"href":"https:\/\/portal.unisepe.com.br\/asmecpa\/wp-json\/wp\/v2\/pages\/689\/revisions\/2945"}],"up":[{"embeddable":true,"href":"https:\/\/portal.unisepe.com.br\/asmecpa\/wp-json\/wp\/v2\/pages\/285"}],"wp:attachment":[{"href":"https:\/\/portal.unisepe.com.br\/asmecpa\/wp-json\/wp\/v2\/media?parent=689"}],"wp:term":[{"taxonomy":"category","embeddable":true,"href":"https:\/\/portal.unisepe.com.br\/asmecpa\/wp-json\/wp\/v2\/categories?post=689"},{"taxonomy":"post_tag","embeddable":true,"href":"https:\/\/portal.unisepe.com.br\/asmecpa\/wp-json\/wp\/v2\/tags?post=689"}],"curies":[{"name":"wp","href":"https:\/\/api.w.org\/{rel}","templated":true}]}}