{"id":717,"date":"2016-07-14T21:12:25","date_gmt":"2016-07-14T21:12:25","guid":{"rendered":"http:\/\/www.fvr.edu.br\/fvr\/site\/?page_id=717"},"modified":"2025-04-16T19:42:30","modified_gmt":"2025-04-16T22:42:30","slug":"revistas","status":"publish","type":"page","link":"https:\/\/portal.unisepe.com.br\/asmecpa\/biblioteca\/revistas\/","title":{"rendered":"Revistas"},"content":{"rendered":"<p><b style=\"font-size: 0.95em\">Direito<\/b><\/p>\n<ul>\n<li><a href=\"http:\/\/www.ufsm.br\/revistadireito\/\">Revista Eletr\u00f4nica do Curso de Direito<\/a><\/li>\n<li><a href=\"http:\/\/www.egov.ufsc.br\/portal\/buscalegis\">Revista de Inform\u00e1tica Jur\u00eddica<\/a><\/li>\n<li><a href=\"http:\/\/www.redp.com.br\/\">Revista Eletr\u00f4nica de Direito Processual<\/a><\/li>\n<li><a href=\"http:\/\/revistas.unisinos.br\/index.php\/RECHTD\">Revista de Estudos Constitucionais, Hermen\u00eautica e Teoria do Direito<\/a><\/li>\n<li><a href=\"http:\/\/www.uel.br\/revistas\/uel\/index.php\/direitopub\">Revista Eletr\u00f4nica de Direito P\u00fablico da UEL<\/a><\/li>\n<li><a href=\"http:\/\/www.direitodoestado.com.br\/revistas-eletronicas\">Revista Eletr\u00f4nica Direito do Estado<\/a><\/li>\n<li><a href=\"https:\/\/revistas.ufpr.br\/direito\">Revista da Faculdade de Direito da UFPR<\/a><\/li>\n<li><a href=\"http:\/\/www.e-publicacoes.uerj.br\/index.php\/rfduerj\">Revista da Faculdade de Direito da UERJ<\/a><\/li>\n<li><a href=\"https:\/\/www.direito.ufmg.br\/revista\/index.php\/revista\">Revista da Faculdade de Direito da UFMG<\/a><\/li>\n<li><a href=\"http:\/\/periodicos.pucminas.br\/index.php\/Direito\">Revista da Faculdade Mineira de Direito<\/a><\/li>\n<li><a href=\"https:\/\/direitosp.fgv.br\/publicacoes\/revista\/revista-direito-gv\">Revista Direito FGV<\/a><\/li>\n<li><a href=\"https:\/\/www.portaldeperiodicos.idp.edu.br\/direitopublico\">Revista de Direito P\u00fablico do IDP<\/a><\/li>\n<li><a href=\"https:\/\/www.portaldeperiodicos.idp.edu.br\/observatorio\">Observat\u00f3rio da Jurisdi\u00e7\u00e3o Constitucional<\/a><\/li>\n<li><a href=\"http:\/\/www.cervantesvirtual.com\/portales\/doxa\/\">Revista DOXA<\/a><\/li>\n<li><a href=\"http:\/\/www.e-publicacoes.uerj.br\/index.php\/redpenal\">Revista Eletr\u00f4nica de Direito Penal<\/a><\/li>\n<li><a href=\"https:\/\/www.enlaw.com.br\/revista\/748\">REJUR \u2013 Revista Jur\u00eddica da UFERSA \u2013 REJUR<\/a><\/li>\n<li><a href=\"https:\/\/www.enlaw.com.br\/revista\/751\">Revista AGU<\/a><\/li>\n<li><a href=\"https:\/\/seer.imed.edu.br\/index.php\/revistadedireito\">Revista Brasileira de Direito<\/a><\/li>\n<li><a href=\"https:\/\/www.enlaw.com.br\/revista\/775\">Revista Brasileira de Direito Animal<\/a><\/li>\n<li><a href=\"https:\/\/seer.imed.edu.br\/index.php\/revistadedireito\/index\">Revista Brasileira de Direito IMED<\/a><\/li>\n<li><a href=\"http:\/\/www.seer.ufu.br\/index.php\/revistafadir\">Revista da Faculdade de Direito da Universidade Federal de Uberl\u00e2ndia<\/a><\/li>\n<li><a href=\"http:\/\/www.indexlaw.org\/index.php\/rdb\">Revista de Direito Brasileira RDB<\/a><\/li>\n<li><a href=\"https:\/\/www.enlaw.com.br\/revista\/752\">Revista de Direito Sanit\u00e1rio<\/a><\/li>\n<li><a href=\"http:\/\/sisbib.emnuvens.com.br\/direitosegarantias\">Revista de Direitos e Garantias Fundamentais<\/a><\/li>\n<li><a href=\"https:\/\/www.enlaw.com.br\/revista\/761\">Revista Direito das Rela\u00e7\u00f5es Sociais e Trabalhistas<\/a><\/li>\n<li><a href=\"https:\/\/www.enlaw.com.br\/revista\/747\">Revista Direito e Desenvolvimento<\/a><\/li>\n<li><a href=\"https:\/\/revistades.jur.puc-rio.br\/index.php\/revistades\">Revista Direito, Estado e Sociedade<\/a><\/li>\n<li><a href=\"https:\/\/revistaeletronicardfd.unibrasil.com.br\/index.php\/rdfd\">Revista Direitos Fundamentais &amp; Democracia \u2013 UNIBRASIL<\/a><\/li>\n<li><a href=\"https:\/\/www.portaldeperiodicos.idp.edu.br\/direitopublico\">Revista do Direito P\u00fablico<\/a><\/li>\n<li><a href=\"https:\/\/www.enlaw.com.br\/revista\/765\">Revista dos Estudantes de Direito da Universidade de Bras\u00edlia<\/a><\/li>\n<li><a href=\"https:\/\/www.enlaw.com.br\/revista\/759\">Revista Eletr\u00f4nica Direito e Sociedade<\/a><\/li>\n<li><a href=\"https:\/\/www.enlaw.com.br\/revista\/755\">Revista Eletr\u00f4nica Direito e Sociedade (REDES)<\/a><\/li>\n<li><a href=\"https:\/\/www.enlaw.com.br\/revista\/758\">Revista Estudantil Manus Iuris \u2013 REM<\/a><\/li>\n<li><a href=\"https:\/\/www.enlaw.com.br\/revista\/769\">Revista Interdisciplinar de Direito<\/a><\/li>\n<li><a href=\"https:\/\/www.enlaw.com.br\/revista\/753\">Revista Nomos<\/a><\/li>\n<\/ul>\n","protected":false},"excerpt":{"rendered":"<p>Direito Revista Eletr\u00f4nica do Curso de Direito Revista de Inform\u00e1tica Jur\u00eddica Revista Eletr\u00f4nica de Direito Processual Revista de Estudos Constitucionais, Hermen\u00eautica e Teoria do Direito Revista Eletr\u00f4nica de Direito P\u00fablico da UEL Revista Eletr\u00f4nica Direito do Estado Revista da Faculdade de Direito da UFPR Revista da Faculdade de Direito da<\/p>\n","protected":false},"author":1,"featured_media":0,"parent":285,"menu_order":0,"comment_status":"closed","ping_status":"closed","template":"templates\/template-pagina_menu_vertical.php","meta":{"footnotes":""},"categories":[],"tags":[],"class_list":["post-717","page","type-page","status-publish","hentry"],"_links":{"self":[{"href":"https:\/\/portal.unisepe.com.br\/asmecpa\/wp-json\/wp\/v2\/pages\/717","targetHints":{"allow":["GET"]}}],"collection":[{"href":"https:\/\/portal.unisepe.com.br\/asmecpa\/wp-json\/wp\/v2\/pages"}],"about":[{"href":"https:\/\/portal.unisepe.com.br\/asmecpa\/wp-json\/wp\/v2\/types\/page"}],"author":[{"embeddable":true,"href":"https:\/\/portal.unisepe.com.br\/asmecpa\/wp-json\/wp\/v2\/users\/1"}],"replies":[{"embeddable":true,"href":"https:\/\/portal.unisepe.com.br\/asmecpa\/wp-json\/wp\/v2\/comments?post=717"}],"version-history":[{"count":9,"href":"https:\/\/portal.unisepe.com.br\/asmecpa\/wp-json\/wp\/v2\/pages\/717\/revisions"}],"predecessor-version":[{"id":3353,"href":"https:\/\/portal.unisepe.com.br\/asmecpa\/wp-json\/wp\/v2\/pages\/717\/revisions\/3353"}],"up":[{"embeddable":true,"href":"https:\/\/portal.unisepe.com.br\/asmecpa\/wp-json\/wp\/v2\/pages\/285"}],"wp:attachment":[{"href":"https:\/\/portal.unisepe.com.br\/asmecpa\/wp-json\/wp\/v2\/media?parent=717"}],"wp:term":[{"taxonomy":"category","embeddable":true,"href":"https:\/\/portal.unisepe.com.br\/asmecpa\/wp-json\/wp\/v2\/categories?post=717"},{"taxonomy":"post_tag","embeddable":true,"href":"https:\/\/portal.unisepe.com.br\/asmecpa\/wp-json\/wp\/v2\/tags?post=717"}],"curies":[{"name":"wp","href":"https:\/\/api.w.org\/{rel}","templated":true}]}}