{"id":754,"date":"2016-07-14T21:52:32","date_gmt":"2016-07-14T21:52:32","guid":{"rendered":"http:\/\/www.fvr.edu.br\/fvr\/site\/?page_id=754"},"modified":"2025-09-19T20:55:17","modified_gmt":"2025-09-19T23:55:17","slug":"constituicao-cpa","status":"publish","type":"page","link":"https:\/\/portal.unisepe.com.br\/asmecpa\/comissao-propria-de-avaliacao\/constituicao-cpa\/","title":{"rendered":"Constitui\u00e7\u00e3o CPA"},"content":{"rendered":"<p><strong>Constitui\u00e7\u00e3o do CPA-FVR<\/strong><\/p>\n<p><span>Professor Alexandre Ferreira da Silva \u2013 Coordenador.<\/span><br \/>\n<span>Andressa Moreira Corr\u00eaa \u2013 representante do corpo administrativo.<\/span><br \/>\n<span>Jos\u00e9 Carlos Bressane Souza \u2013 representante do corpo discente.<\/span><br \/>\n<span>Maria Jos\u00e9 do Carmo \u2013 representante da sociedade civil.<\/span><\/p>\n<p><strong>Contato<\/strong><\/p>\n<p>Fone: (35) 3441-1617<\/p>\n<p>Email:<a href=\"mailto:direito.pa@unisepe.com.br\"><span> direito.pa@unisepe.com.br<\/span><\/a><\/p>\n<p>Whatsapp: <a href=\"https:\/\/web.whatsapp.com\/send\/?phone=5535999653832&amp;text&amp;type=phone_number&amp;app_absent=0\">(35) 99965-3832 <\/a><\/p>\n","protected":false},"excerpt":{"rendered":"<p>Constitui\u00e7\u00e3o do CPA-FVR Professor Alexandre Ferreira da Silva \u2013 Coordenador. Andressa Moreira Corr\u00eaa \u2013 representante do corpo administrativo. Jos\u00e9 Carlos Bressane Souza \u2013 representante do corpo discente. Maria Jos\u00e9 do Carmo \u2013 representante da sociedade civil. Contato Fone: (35) 3441-1617 Email: direito.pa@unisepe.com.br Whatsapp: (35) 99965-3832<\/p>\n","protected":false},"author":1,"featured_media":0,"parent":732,"menu_order":0,"comment_status":"closed","ping_status":"closed","template":"templates\/template-pagina_menu_vertical.php","meta":{"footnotes":""},"categories":[],"tags":[],"class_list":["post-754","page","type-page","status-publish","hentry"],"_links":{"self":[{"href":"https:\/\/portal.unisepe.com.br\/asmecpa\/wp-json\/wp\/v2\/pages\/754","targetHints":{"allow":["GET"]}}],"collection":[{"href":"https:\/\/portal.unisepe.com.br\/asmecpa\/wp-json\/wp\/v2\/pages"}],"about":[{"href":"https:\/\/portal.unisepe.com.br\/asmecpa\/wp-json\/wp\/v2\/types\/page"}],"author":[{"embeddable":true,"href":"https:\/\/portal.unisepe.com.br\/asmecpa\/wp-json\/wp\/v2\/users\/1"}],"replies":[{"embeddable":true,"href":"https:\/\/portal.unisepe.com.br\/asmecpa\/wp-json\/wp\/v2\/comments?post=754"}],"version-history":[{"count":7,"href":"https:\/\/portal.unisepe.com.br\/asmecpa\/wp-json\/wp\/v2\/pages\/754\/revisions"}],"predecessor-version":[{"id":3395,"href":"https:\/\/portal.unisepe.com.br\/asmecpa\/wp-json\/wp\/v2\/pages\/754\/revisions\/3395"}],"up":[{"embeddable":true,"href":"https:\/\/portal.unisepe.com.br\/asmecpa\/wp-json\/wp\/v2\/pages\/732"}],"wp:attachment":[{"href":"https:\/\/portal.unisepe.com.br\/asmecpa\/wp-json\/wp\/v2\/media?parent=754"}],"wp:term":[{"taxonomy":"category","embeddable":true,"href":"https:\/\/portal.unisepe.com.br\/asmecpa\/wp-json\/wp\/v2\/categories?post=754"},{"taxonomy":"post_tag","embeddable":true,"href":"https:\/\/portal.unisepe.com.br\/asmecpa\/wp-json\/wp\/v2\/tags?post=754"}],"curies":[{"name":"wp","href":"https:\/\/api.w.org\/{rel}","templated":true}]}}