{"id":1114,"date":"2020-05-21T11:41:38","date_gmt":"2020-05-21T14:41:38","guid":{"rendered":"http:\/\/portal.unisepe.com.br\/ead\/?page_id=1114"},"modified":"2020-05-26T11:20:50","modified_gmt":"2020-05-26T14:20:50","slug":"gestao-publica","status":"publish","type":"page","link":"https:\/\/portal.unisepe.com.br\/ead\/gestao-publica\/","title":{"rendered":"Gest\u00e3o P\u00fablica"},"content":{"rendered":"<ul>\n<li style=\"text-align: right;\"><strong><a href=\"http:\/\/portal.unisepe.com.br\/ead\/gestao-publica\/matriz-curricular\/\">Matriz Curricular<\/a><\/strong><\/li>\n<\/ul>\n<p style=\"text-align: justify;\"><strong>Concep\u00e7\u00e3o do curso<\/strong><\/p>\n<p style=\"text-align: justify;\">O curso superior de Tecnologia em Gest\u00e3o P\u00fablica tem por objetivo formar profissionais capacitados para atua\u00e7\u00e3o eficiente no planejamento e controle dos recursos p\u00fablicos, gerenciando projetos, programas e a\u00e7\u00f5es e pol\u00edticas p\u00fablicas. Tendo como princ\u00edpio atender as demandas da coletividade, nas diversas esferas de governo e n\u00edveis hier\u00e1rquicos.<\/p>\n<p style=\"text-align: justify;\">Os profissionais graduados estar\u00e3o aptos a identificar problemas e buscar alternativas para elaborar a melhor solu\u00e7\u00e3o, a partir de instrumentos que permitam a avalia\u00e7\u00e3o de pol\u00edticas p\u00fablicas locais.<\/p>\n<p style=\"text-align: justify;\">Entre os diferenciais do curso est\u00e1 a flexibilidade oferecida pela modalidade da Educa\u00e7\u00e3o \u00e0 Dist\u00e2ncia. No curso EaD, o aluno poder\u00e1 contar com estudos online, tutoria on-line com professores e tutores capacitados. Al\u00e9m disso, o curso possui uma matriz curricular atualizada.<\/p>\n<p style=\"text-align: justify;\"><strong>\u00a0<\/strong><\/p>\n<p style=\"text-align: justify;\"><strong>Objetivo Geral:<\/strong><\/p>\n<p style=\"text-align: justify;\">O objetivo desse curso \u00e9 formar profissionais para atuarem nas \u00e1reas de gest\u00e3o das organiza\u00e7\u00f5es p\u00fablicas nas diversas esferas de governo e n\u00edveis hier\u00e1rquicos, bem como n\u00e3o governamentais.<\/p>\n<p style=\"text-align: justify;\"><strong>\u00a0<\/strong><\/p>\n<p style=\"text-align: justify;\"><strong>Objetivos espec\u00edficos<\/strong><\/p>\n<p style=\"text-align: justify;\">Para o atendimento das necessidades do mercado o curso tem como finalidades:<\/p>\n<ul style=\"text-align: justify;\">\n<li>Formar profissionais com compet\u00eancia para desenvolver atividades de Gest\u00e3o e Pol\u00edticas P\u00fablicas;<\/li>\n<li>Formar profissionais com compet\u00eancia para desenvolver atividades de Planejamento e Controle Or\u00e7ament\u00e1rio;<\/li>\n<li>Formar profissionais com compet\u00eancia para desenvolver atividades de gerenciamento de Licita\u00e7\u00f5es e Contratos Administrativos;<\/li>\n<li>Formar profissionais com compet\u00eancia para desenvolver atividades de Execu\u00e7\u00e3o e Controle de Gest\u00e3o P\u00fablica.<\/li>\n<\/ul>\n<p style=\"text-align: justify;\"><strong>\u00a0<\/strong><\/p>\n<p style=\"text-align: justify;\"><strong>Mercado de Trabalho<\/strong><\/p>\n<p style=\"text-align: justify;\">O curso de Tecnologia em Gest\u00e3o P\u00fablica, na modalidade EaD, propicia a possibilidade do profissional atuar como servidor p\u00fablico nas mais diversas esferas do governo, tanto municipal, estadual e federal, seja no poder executivo, legislativo ou judici\u00e1rio. O profissional, ao cursar Gest\u00e3o P\u00fablica, poder\u00e1 atuar em diversificadas \u00e1reas como licita\u00e7\u00f5es, planejamento e or\u00e7amento urbano, pol\u00edticas e projetos p\u00fablicos, finan\u00e7as, entre outras.<\/p>\n","protected":false},"excerpt":{"rendered":"<p>Matriz Curricular Concep\u00e7\u00e3o do curso O curso superior de Tecnologia em Gest\u00e3o P\u00fablica tem por objetivo formar profissionais capacitados para atua\u00e7\u00e3o eficiente no planejamento e controle dos recursos p\u00fablicos, gerenciando projetos, programas e a\u00e7\u00f5es e pol\u00edticas p\u00fablicas. Tendo como princ\u00edpio atender as demandas da coletividade, nas diversas esferas de governo<\/p>\n","protected":false},"author":1,"featured_media":0,"parent":0,"menu_order":0,"comment_status":"closed","ping_status":"closed","template":"templates\/template-curso_menu_vertical.php","meta":{"footnotes":""},"categories":[1],"tags":[16],"class_list":["post-1114","page","type-page","status-publish","hentry","category-graduacao-digital-ead","tag-graduacao-ead-tecnologo"],"_links":{"self":[{"href":"https:\/\/portal.unisepe.com.br\/ead\/wp-json\/wp\/v2\/pages\/1114","targetHints":{"allow":["GET"]}}],"collection":[{"href":"https:\/\/portal.unisepe.com.br\/ead\/wp-json\/wp\/v2\/pages"}],"about":[{"href":"https:\/\/portal.unisepe.com.br\/ead\/wp-json\/wp\/v2\/types\/page"}],"author":[{"embeddable":true,"href":"https:\/\/portal.unisepe.com.br\/ead\/wp-json\/wp\/v2\/users\/1"}],"replies":[{"embeddable":true,"href":"https:\/\/portal.unisepe.com.br\/ead\/wp-json\/wp\/v2\/comments?post=1114"}],"version-history":[{"count":4,"href":"https:\/\/portal.unisepe.com.br\/ead\/wp-json\/wp\/v2\/pages\/1114\/revisions"}],"predecessor-version":[{"id":1184,"href":"https:\/\/portal.unisepe.com.br\/ead\/wp-json\/wp\/v2\/pages\/1114\/revisions\/1184"}],"wp:attachment":[{"href":"https:\/\/portal.unisepe.com.br\/ead\/wp-json\/wp\/v2\/media?parent=1114"}],"wp:term":[{"taxonomy":"category","embeddable":true,"href":"https:\/\/portal.unisepe.com.br\/ead\/wp-json\/wp\/v2\/categories?post=1114"},{"taxonomy":"post_tag","embeddable":true,"href":"https:\/\/portal.unisepe.com.br\/ead\/wp-json\/wp\/v2\/tags?post=1114"}],"curies":[{"name":"wp","href":"https:\/\/api.w.org\/{rel}","templated":true}]}}

Gestão Pública

<ul>
<li style="text-align: right;"><strong><a href="http://portal.unisepe.com.br/ead/gestao-publica/matriz-curricular/">Matriz Curricular</a></strong></li>
</ul>
<p style="text-align: justify;"><strong>Concepção do curso</strong></p>
<p style="text-align: justify;">O curso superior de Tecnologia em Gestão Pública tem por objetivo formar profissionais capacitados para atuação eficiente no planejamento e controle dos recursos públicos, gerenciando projetos, programas e ações e políticas públicas. Tendo como princípio atender as demandas da coletividade, nas diversas esferas de governo e níveis hierárquicos.</p>
<p style="text-align: justify;">Os profissionais graduados estarão aptos a identificar problemas e buscar alternativas para elaborar a melhor solução, a partir de instrumentos que permitam a avaliação de políticas públicas locais.</p>
<p style="text-align: justify;">Entre os diferenciais do curso está a flexibilidade oferecida pela modalidade da Educação à Distância. No curso EaD, o aluno poderá contar com estudos online, tutoria on-line com professores e tutores capacitados. Além disso, o curso possui uma matriz curricular atualizada.</p>
<p style="text-align: justify;"><strong> </strong></p>
<p style="text-align: justify;"><strong>Objetivo Geral:</strong></p>
<p style="text-align: justify;">O objetivo desse curso é formar profissionais para atuarem nas áreas de gestão das organizações públicas nas diversas esferas de governo e níveis hierárquicos, bem como não governamentais.</p>
<p style="text-align: justify;"><strong> </strong></p>
<p style="text-align: justify;"><strong>Objetivos específicos</strong></p>
<p style="text-align: justify;">Para o atendimento das necessidades do mercado o curso tem como finalidades:</p>
<ul style="text-align: justify;">
<li>Formar profissionais com competência para desenvolver atividades de Gestão e Políticas Públicas;</li>
<li>Formar profissionais com competência para desenvolver atividades de Planejamento e Controle Orçamentário;</li>
<li>Formar profissionais com competência para desenvolver atividades de gerenciamento de Licitações e Contratos Administrativos;</li>
<li>Formar profissionais com competência para desenvolver atividades de Execução e Controle de Gestão Pública.</li>
</ul>
<p style="text-align: justify;"><strong> </strong></p>
<p style="text-align: justify;"><strong>Mercado de Trabalho</strong></p>
<p style="text-align: justify;">O curso de Tecnologia em Gestão Pública, na modalidade EaD, propicia a possibilidade do profissional atuar como servidor público nas mais diversas esferas do governo, tanto municipal, estadual e federal, seja no poder executivo, legislativo ou judiciário. O profissional, ao cursar Gestão Pública, poderá atuar em diversificadas áreas como licitações, planejamento e orçamento urbano, políticas e projetos públicos, finanças, entre outras.</p>

<p>Matriz Curricular Concepção do curso O curso superior de Tecnologia em Gestão Pública tem por objetivo formar profissionais capacitados para atuação eficiente no planejamento e controle dos recursos públicos, gerenciando projetos, programas e ações e políticas públicas. Tendo como princípio atender as demandas da coletividade, nas diversas esferas de governo</p>
