{"id":37,"date":"2018-04-18T08:37:14","date_gmt":"2018-04-18T11:37:14","guid":{"rendered":"http:\/\/ead.site.unisep.com.br\/?page_id=37"},"modified":"2020-02-20T08:40:46","modified_gmt":"2020-02-20T11:40:46","slug":"beneficios","status":"publish","type":"page","link":"https:\/\/portal.unisepe.com.br\/ead\/beneficios\/","title":{"rendered":"Benef\u00edcios"},"content":{"rendered":"<p><strong>Programa Universidade para Todos &#8211; ProUni<\/strong><\/p>\n<p>\u00c9 um programa do Minist\u00e9rio da Educa\u00e7\u00e3o que oferece bolsas de estudos integrais ou parciais a estudantes brasileiros de baixa renda sem diploma de n\u00edvel superior e que fizeram o Exame Nacional do Ensino M\u00e9dio &#8211; ENEM. A sele\u00e7\u00e3o \u00e9 feita pelos pr\u00f3prios organizadores do programa.<\/p>\n<p><strong>Programa FIES<\/strong><\/p>\n<p>O FIES \u00e9 um programa do Minist\u00e9rio da Educa\u00e7\u00e3o que oferece bolsas de estudos destinadas a financiar a gradua\u00e7\u00e3o na educa\u00e7\u00e3o superior de estudantes matriculados em institui\u00e7\u00f5es n\u00e3o gratuitas. Podem recorrer ao financiamento os estudantes matriculados em cursos superiores que tenham avalia\u00e7\u00e3o positiva nos processos conduzidos pelo Minist\u00e9rio da Educa\u00e7\u00e3o.<\/p>\n<p><strong>Programa Extensionista de Responsabilidade Social &#8211; PROERS<\/strong><\/p>\n<p>Programa mantido pela institui\u00e7\u00e3o com oferta de bolsas de estudos em percentuais que variam at\u00e9 50%, destinado \u00e0 inclus\u00e3o social de estudantes economicamente desfavorecidos; estes, como contrapartida \u00e0 bolsa recebida, desenvolvem a\u00e7\u00f5es junto a institui\u00e7\u00f5es ou organiza\u00e7\u00f5es de responsabilidade social.<\/p>\n","protected":false},"excerpt":{"rendered":"<p>Programa Universidade para Todos &#8211; ProUni \u00c9 um programa do Minist\u00e9rio da Educa\u00e7\u00e3o que oferece bolsas de estudos integrais ou parciais a estudantes brasileiros de baixa renda sem diploma de n\u00edvel superior e que fizeram o Exame Nacional do Ensino M\u00e9dio &#8211; ENEM. A sele\u00e7\u00e3o \u00e9 feita pelos pr\u00f3prios organizadores<\/p>\n","protected":false},"author":1,"featured_media":0,"parent":0,"menu_order":0,"comment_status":"closed","ping_status":"closed","template":"","meta":{"footnotes":""},"categories":[],"tags":[],"class_list":["post-37","page","type-page","status-publish","hentry"],"_links":{"self":[{"href":"https:\/\/portal.unisepe.com.br\/ead\/wp-json\/wp\/v2\/pages\/37","targetHints":{"allow":["GET"]}}],"collection":[{"href":"https:\/\/portal.unisepe.com.br\/ead\/wp-json\/wp\/v2\/pages"}],"about":[{"href":"https:\/\/portal.unisepe.com.br\/ead\/wp-json\/wp\/v2\/types\/page"}],"author":[{"embeddable":true,"href":"https:\/\/portal.unisepe.com.br\/ead\/wp-json\/wp\/v2\/users\/1"}],"replies":[{"embeddable":true,"href":"https:\/\/portal.unisepe.com.br\/ead\/wp-json\/wp\/v2\/comments?post=37"}],"version-history":[{"count":7,"href":"https:\/\/portal.unisepe.com.br\/ead\/wp-json\/wp\/v2\/pages\/37\/revisions"}],"predecessor-version":[{"id":916,"href":"https:\/\/portal.unisepe.com.br\/ead\/wp-json\/wp\/v2\/pages\/37\/revisions\/916"}],"wp:attachment":[{"href":"https:\/\/portal.unisepe.com.br\/ead\/wp-json\/wp\/v2\/media?parent=37"}],"wp:term":[{"taxonomy":"category","embeddable":true,"href":"https:\/\/portal.unisepe.com.br\/ead\/wp-json\/wp\/v2\/categories?post=37"},{"taxonomy":"post_tag","embeddable":true,"href":"https:\/\/portal.unisepe.com.br\/ead\/wp-json\/wp\/v2\/tags?post=37"}],"curies":[{"name":"wp","href":"https:\/\/api.w.org\/{rel}","templated":true}]}}