{"id":387,"date":"2018-11-29T09:41:32","date_gmt":"2018-11-29T11:41:32","guid":{"rendered":"http:\/\/portal.unisepe.com.br\/ead\/?page_id=387"},"modified":"2023-02-15T12:12:02","modified_gmt":"2023-02-15T15:12:02","slug":"pos-graduacao-ead","status":"publish","type":"page","link":"https:\/\/portal.unisepe.com.br\/ead\/pos-graduacao-ead\/","title":{"rendered":"P\u00f3s Gradua\u00e7\u00e3o EAD"},"content":{"rendered":"<p style=\"text-align: justify;\">A\u00a0p\u00f3s-gradua\u00e7\u00e3o\u00a0\u00e9 um curso superior destinado aos indiv\u00edduos que j\u00e1 possuem diploma universit\u00e1rio, podendo ser: bacharelado, licenciatura, tecn\u00f3logo. Em 1965, no Brasil, foi aprovado pelo Conselho Federal de Educa\u00e7\u00e3o o parecer Newton Sucupira, que dividiu em dois n\u00edveis os cursos de p\u00f3s-gradua\u00e7\u00e3o:\u00a0<em>lato sensu<\/em>\u00a0e\u00a0<em>stricto sensu<\/em>.<\/p>\n<p style=\"text-align: justify;\">Dentro do agrupamento dos cursos da modalidade\u00a0<em>lato sensu<\/em>\u00a0est\u00e3o: os cursos de\u00a0<a href=\"https:\/\/www.infoescola.com\/educacao\/especializacao\/\">especializa\u00e7\u00e3o<\/a>, voltados \u00e0 atua\u00e7\u00e3o profissional em uma \u00e1rea espec\u00edfica. Outro curso de aperfei\u00e7oamento que existe no Brasil, \u00e9 o MBA (<em>Master in Business Administration<\/em>), que traduzido para o portugu\u00eas, significa Mestre em Administra\u00e7\u00e3o de Empresas, mas no nosso pa\u00eds, n\u00e3o equivale a um curso de Mestrado. Normalmente os cursos de especializa\u00e7\u00e3o nessa modalidade apresenta uma carga m\u00ednima de 360 horas, levando em torno de um ano a dois anos para ser conclu\u00eddo.<\/p>\n<p>&nbsp;<\/p>\n<p style=\"text-align: right;\">GARCIA, Fabio Gallo; J\u00daNIOR, Willian Eid. \u201cComo planejar a educa\u00e7\u00e3o \u2013 seu guia de projetos para o futuro\u201d. Publifolha, 2001.<br \/>\nPORTAL DA CAPES: http:\/\/www.capes.gov.br\/sobre-a-capes\/historia-e-missao<\/p>\n","protected":false},"excerpt":{"rendered":"<p>A\u00a0p\u00f3s-gradua\u00e7\u00e3o\u00a0\u00e9 um curso superior destinado aos indiv\u00edduos que j\u00e1 possuem diploma universit\u00e1rio, podendo ser: bacharelado, licenciatura, tecn\u00f3logo. Em 1965, no Brasil, foi aprovado pelo Conselho Federal de Educa\u00e7\u00e3o o parecer Newton Sucupira, que dividiu em dois n\u00edveis os cursos de p\u00f3s-gradua\u00e7\u00e3o:\u00a0lato sensu\u00a0e\u00a0stricto sensu. Dentro do agrupamento dos cursos da modalidade\u00a0lato<\/p>\n","protected":false},"author":1,"featured_media":0,"parent":0,"menu_order":0,"comment_status":"closed","ping_status":"closed","template":"templates\/template-pagina_categorias.php","meta":{"footnotes":""},"categories":[10],"tags":[],"class_list":["post-387","page","type-page","status-publish","hentry","category-pos-graduacao-ead"],"_links":{"self":[{"href":"https:\/\/portal.unisepe.com.br\/ead\/wp-json\/wp\/v2\/pages\/387","targetHints":{"allow":["GET"]}}],"collection":[{"href":"https:\/\/portal.unisepe.com.br\/ead\/wp-json\/wp\/v2\/pages"}],"about":[{"href":"https:\/\/portal.unisepe.com.br\/ead\/wp-json\/wp\/v2\/types\/page"}],"author":[{"embeddable":true,"href":"https:\/\/portal.unisepe.com.br\/ead\/wp-json\/wp\/v2\/users\/1"}],"replies":[{"embeddable":true,"href":"https:\/\/portal.unisepe.com.br\/ead\/wp-json\/wp\/v2\/comments?post=387"}],"version-history":[{"count":3,"href":"https:\/\/portal.unisepe.com.br\/ead\/wp-json\/wp\/v2\/pages\/387\/revisions"}],"predecessor-version":[{"id":444,"href":"https:\/\/portal.unisepe.com.br\/ead\/wp-json\/wp\/v2\/pages\/387\/revisions\/444"}],"wp:attachment":[{"href":"https:\/\/portal.unisepe.com.br\/ead\/wp-json\/wp\/v2\/media?parent=387"}],"wp:term":[{"taxonomy":"category","embeddable":true,"href":"https:\/\/portal.unisepe.com.br\/ead\/wp-json\/wp\/v2\/categories?post=387"},{"taxonomy":"post_tag","embeddable":true,"href":"https:\/\/portal.unisepe.com.br\/ead\/wp-json\/wp\/v2\/tags?post=387"}],"curies":[{"name":"wp","href":"https:\/\/api.w.org\/{rel}","templated":true}]}}