{"id":413,"date":"2018-12-04T11:16:43","date_gmt":"2018-12-04T13:16:43","guid":{"rendered":"http:\/\/portal.unisepe.com.br\/ead\/?page_id=413"},"modified":"2021-02-01T16:41:08","modified_gmt":"2021-02-01T19:41:08","slug":"educacao-a-distancia-gestao-e-tutoria","status":"publish","type":"page","link":"https:\/\/portal.unisepe.com.br\/ead\/pos-graduacao-ead\/gestao\/educacao-a-distancia-gestao-e-tutoria\/","title":{"rendered":"Educa\u00e7\u00e3o a dist\u00e2ncia \u2013 Gest\u00e3o e tutoria"},"content":{"rendered":"<ul>\n<li style=\"text-align: right;\"><strong><a href=\"https:\/\/portal.unisepe.com.br\/ead\/wp-content\/uploads\/sites\/10000\/2021\/02\/P\u00f3s-Gradua\u00e7\u00e3o-em-Educa\u00e7\u00e3o-a-Dist\u00e2ncia-Gest\u00e3o-e-Tutoria.pdf\" target=\"_blank\" rel=\"noopener noreferrer\">Matriz Curricular<\/a><\/strong><\/li>\n<\/ul>\n<p><strong>CONCEP\u00c7\u00c3O DO CURSO<\/strong><\/p>\n<p>O Programa de P\u00f3s-Gradua\u00e7\u00e3o em Educa\u00e7\u00e3o a Dist\u00e2ncia \u2013 Gest\u00e3o e Tutoria da UNISEPE-EaD, permite que o egresso seja capaz de compreender, criar e acompanhar os processos e procedimentos de gest\u00e3o e tutoria da educa\u00e7\u00e3o a dist\u00e2ncia.<\/p>\n<p>&nbsp;<\/p>\n<p><strong>OBJETIVO GERAL<\/strong><\/p>\n<p>Desenvolver compet\u00eancias relacionadas ao processo para a gest\u00e3o e a tutoria de cursos na modalidade a dist\u00e2ncia. Ampliar os conhecimentos did\u00e1ticos e pedag\u00f3gicos da educa\u00e7\u00e3o \u00e0 dist\u00e2ncia, desde o planejamento, concep\u00e7\u00e3o e gest\u00e3o de cursos a dist\u00e2ncia.<\/p>\n<p>&nbsp;<\/p>\n<p><strong>OBJETIVOS ESPEC\u00cdFICOS<\/strong><\/p>\n<ul>\n<li>Estudar as diferentes concep\u00e7\u00f5es, caracter\u00edsticas, tend\u00eancias e desafios da Educa\u00e7\u00e3o a Dist\u00e2ncia;<br \/>\n\u00b7 Compreender todas as etapas do processo de planejamento de cursos a dist\u00e2ncia, desde a concep\u00e7\u00e3o, desenvolvimento, produ\u00e7\u00e3o de materiais, tutoria e avalia\u00e7\u00e3o.<br \/>\n\u00b7 Conhecer os diferentes modelos de educa\u00e7\u00e3o a dist\u00e2ncia existentes baseados na ado\u00e7\u00e3o de determinadas metodologias.<\/li>\n<\/ul>\n<p>&nbsp;<\/p>\n<ul>\n<li>Incentivar o debate sobre quest\u00f5es centrais e atuais sobre o cen\u00e1rio EAD;<\/li>\n<li>Capacitar os participantes para atuar no planejamento, no desenvolvimento, no controle e na avalia\u00e7\u00e3o e tomadas de decis\u00f5es referentes aos processos t\u00e9cnicos, gerenciais e pedag\u00f3gicos de um curso EAD;<\/li>\n<li>Oferecer um quadro referencial que permita aos participantes a imediata aplica\u00e7\u00e3o dos conceitos sobre as principais ferramentas de gest\u00e3o de cursos EAD;<\/li>\n<li>Preparar os participantes para a opera\u00e7\u00e3o e gest\u00e3o de cursos EAD;<\/li>\n<li>Aprofundar conhecimentos espec\u00edficos sobre tem\u00e1ticas essenciais na gest\u00e3o de cursos EAD e sua import\u00e2ncia na ado\u00e7\u00e3o de t\u00e9cnicas que auxiliem a tomada de decis\u00e3o;<\/li>\n<li>Proporcionar a reflex\u00e3o e discuss\u00e3o entre Teoria x Pr\u00e1tica, proporcionando a troca de experi\u00eancias referentes \u00e0s quest\u00f5es profissionais.<\/li>\n<li>Identificar os crit\u00e9rios e os procedimentos de acompanhamento e avalia\u00e7\u00e3o da aprendizagem em educa\u00e7\u00e3o \u00e0 dist\u00e2ncia.<\/li>\n<\/ul>\n","protected":false},"excerpt":{"rendered":"<p>Matriz Curricular CONCEP\u00c7\u00c3O DO CURSO O Programa de P\u00f3s-Gradua\u00e7\u00e3o em Educa\u00e7\u00e3o a Dist\u00e2ncia \u2013 Gest\u00e3o e Tutoria da UNISEPE-EaD, permite que o egresso seja capaz de compreender, criar e acompanhar os processos e procedimentos de gest\u00e3o e tutoria da educa\u00e7\u00e3o a dist\u00e2ncia. &nbsp; OBJETIVO GERAL Desenvolver compet\u00eancias relacionadas ao processo<\/p>\n","protected":false},"author":1,"featured_media":773,"parent":394,"menu_order":0,"comment_status":"closed","ping_status":"closed","template":"templates\/template-curso_menu_vertical.php","meta":{"footnotes":""},"categories":[10],"tags":[13],"class_list":["post-413","page","type-page","status-publish","has-post-thumbnail","hentry","category-pos-graduacao-ead","tag-pos-ead-gestao"],"_links":{"self":[{"href":"https:\/\/portal.unisepe.com.br\/ead\/wp-json\/wp\/v2\/pages\/413","targetHints":{"allow":["GET"]}}],"collection":[{"href":"https:\/\/portal.unisepe.com.br\/ead\/wp-json\/wp\/v2\/pages"}],"about":[{"href":"https:\/\/portal.unisepe.com.br\/ead\/wp-json\/wp\/v2\/types\/page"}],"author":[{"embeddable":true,"href":"https:\/\/portal.unisepe.com.br\/ead\/wp-json\/wp\/v2\/users\/1"}],"replies":[{"embeddable":true,"href":"https:\/\/portal.unisepe.com.br\/ead\/wp-json\/wp\/v2\/comments?post=413"}],"version-history":[{"count":6,"href":"https:\/\/portal.unisepe.com.br\/ead\/wp-json\/wp\/v2\/pages\/413\/revisions"}],"predecessor-version":[{"id":1414,"href":"https:\/\/portal.unisepe.com.br\/ead\/wp-json\/wp\/v2\/pages\/413\/revisions\/1414"}],"up":[{"embeddable":true,"href":"https:\/\/portal.unisepe.com.br\/ead\/wp-json\/wp\/v2\/pages\/394"}],"wp:featuredmedia":[{"embeddable":true,"href":"https:\/\/portal.unisepe.com.br\/ead\/wp-json\/wp\/v2\/media\/773"}],"wp:attachment":[{"href":"https:\/\/portal.unisepe.com.br\/ead\/wp-json\/wp\/v2\/media?parent=413"}],"wp:term":[{"taxonomy":"category","embeddable":true,"href":"https:\/\/portal.unisepe.com.br\/ead\/wp-json\/wp\/v2\/categories?post=413"},{"taxonomy":"post_tag","embeddable":true,"href":"https:\/\/portal.unisepe.com.br\/ead\/wp-json\/wp\/v2\/tags?post=413"}],"curies":[{"name":"wp","href":"https:\/\/api.w.org\/{rel}","templated":true}]}}