{"id":493,"date":"2018-12-10T21:53:24","date_gmt":"2018-12-10T23:53:24","guid":{"rendered":"http:\/\/portal.unisepe.com.br\/ead\/?page_id=493"},"modified":"2026-03-31T17:00:57","modified_gmt":"2026-03-31T20:00:57","slug":"pedagogia-2","status":"publish","type":"page","link":"https:\/\/portal.unisepe.com.br\/ead\/pedagogia-2\/","title":{"rendered":"Pedagogia"},"content":{"rendered":"<ul>\n<li style=\"text-align: right;\"><strong><a href=\"http:\/\/portal.unisepe.com.br\/ead\/pedagogia\/matriz-curricular\/\" rel=\"noopener\">Matriz Curricular<\/a><\/strong><\/li>\n<\/ul>\n<p><strong>CONCEP\u00c7\u00c3O DO CURSO<\/strong><\/p>\n<p style=\"text-align: justify;\">Dentro dos objetivos mais amplos que regem o ensino superior, o Curso de Pedagogia, da Uni\u00e3o das Institui\u00e7\u00f5es de Servi\u00e7os, Ensino e Pesquisa Ltda &#8211; UNISEPE na Modalidade a dist\u00e2ncia (EaD), reveste-se da miss\u00e3o de preparar os profissionais para atuarem nas escolas, bem como em outros espa\u00e7os de atua\u00e7\u00e3o pedag\u00f3gica com o compromisso e a responsabilidade de educar o homem. Entende que os pressupostos te\u00f3ricos devem ser buscados, discutidos e analisados em suas implica\u00e7\u00f5es e contextos de origem para que possam ser reelaborados e utilizados na multiplicidade das pr\u00e1ticas pedag\u00f3gicas para as quais os educadores s\u00e3o requeridos na contemporaneidade.<\/p>\n<p style=\"text-align: justify;\">Entende tamb\u00e9m, que a pr\u00e1tica pedag\u00f3gica \u00e9 fonte inesgot\u00e1vel na gera\u00e7\u00e3o de novos conhecimentos e de novas teorias, e para tanto, promove incentivos na \u00e1rea de pesquisa educacional, inserindo seus alunos em projetos multidisciplinares para a busca de novos conhecimentos, na perspectiva de que ensino, pesquisa e extens\u00e3o caminham juntos, entrela\u00e7ados e interdependentes.<\/p>\n<p style=\"text-align: justify;\">Sua composi\u00e7\u00e3o curricular foi pensada e planejada para que esta forma\u00e7\u00e3o superior permita uma ampla e profunda compreens\u00e3o por parte do aluno e de suas atuais e futuras atividades docentes. Assim, o curso de Pedagogia na modalidade EaD \u00a0pretende ser um espa\u00e7o de reflex\u00e3o, estudo e extens\u00e3o para reconhecer\u00a0 as condi\u00e7\u00f5es do desempenho profissional docente, dialogando com as outras \u00e1reas do conhecimento.<\/p>\n<p><strong>Objetivo Geral<\/strong><\/p>\n<p style=\"text-align: justify;\">Forma\u00e7\u00e3o s\u00f3lida na Educa\u00e7\u00e3o Profissional, que permita ao aluno apropriar-se dos conhecimentos das diversas \u00e1reas de atua\u00e7\u00e3o e apoio no \u00e2mbito escolar, de forma a tornar o conhecimento t\u00e9cnico-burocr\u00e1tico, necess\u00e1rio em toda organiza\u00e7\u00e3o humana. Sua composi\u00e7\u00e3o curricular foi pensada e planejada para que esta forma\u00e7\u00e3o superior permita uma ampla e profunda compreens\u00e3o por parte do aluno e de suas atuais e futuras atividades docentes. Assim, o curso de Pedagogia na modalidade EaD pretende ser um espa\u00e7o de reflex\u00e3o, estudo e pesquisa acerca das condi\u00e7\u00f5es do desempenho profissional docente, dialogando com as outras \u00e1reas do conhecimento.<\/p>\n<p><strong>Objetivos Espec\u00edficos<\/strong><\/p>\n<ul>\n<li style=\"text-align: justify;\">Promover, ao longo do curso, um processo de reflex\u00e3o sobre o fazer pedag\u00f3gico, tendo como princ\u00edpio o conhecimento dos fundamentos b\u00e1sicos da \u00e1rea e espec\u00edficos curriculares.<\/li>\n<li style=\"text-align: justify;\">Oportunizar condi\u00e7\u00f5es para um pensamento cr\u00edtico de amplas e m\u00faltiplas refer\u00eancias te\u00f3ricas e pr\u00e1ticas para uma compreens\u00e3o do trabalho pedag\u00f3gico nas suas dimens\u00f5es coletiva, cidad\u00e3, inclusiva, \u00e9tica e democr\u00e1tica.<\/li>\n<li style=\"text-align: justify;\">Promover o crescimento de um profissional da Educa\u00e7\u00e3o atrav\u00e9s da reflex\u00e3o dial\u00e9tica entre teoria e pr\u00e1tica, sistematizando e construindo saberes docentes, de servi\u00e7os e\u00a0 apoio escolar, bem como em outras \u00e1reas nas quais sejam previstos conhecimentos pedag\u00f3gicos.<\/li>\n<li style=\"text-align: justify;\">Desenvolver na esfera da reflex\u00e3o, posturas de pesquisa e de pensar sobre a realidade da Educa\u00e7\u00e3o e da sociedade brasileira, possibilitando a formula\u00e7\u00e3o de quest\u00f5es e a proposi\u00e7\u00e3o de solu\u00e7\u00f5es para os problemas vivenciados no cotidiano pedag\u00f3gico, escolar e social, tendo como par\u00e2metro o bem coletivo e a contribui\u00e7\u00e3o positiva na forma\u00e7\u00e3o humana que a profiss\u00e3o de educador perfaz.<\/li>\n<li style=\"text-align: justify;\">Compreender com a consci\u00eancia da luta contra o preconceito e a discrimina\u00e7\u00e3o, o trabalhar com as diferen\u00e7as, singularidades e com as necessidades especiais, objetivando ampla inclus\u00e3o social.<\/li>\n<li style=\"text-align: justify;\">Relacionar as linguagens dos meios de comunica\u00e7\u00e3o \u00e0 educa\u00e7\u00e3o, nos processos did\u00e1tico-pedag\u00f3gicos, demonstrando dom\u00ednio das tecnologias de informa\u00e7\u00e3o e comunica\u00e7\u00e3o adequadas ao desenvolvimento de aprendizagens significativas;<\/li>\n<\/ul>\n","protected":false},"excerpt":{"rendered":"<p>Matriz Curricular CONCEP\u00c7\u00c3O DO CURSO Dentro dos objetivos mais amplos que regem o ensino superior, o Curso de Pedagogia, da Uni\u00e3o das Institui\u00e7\u00f5es de Servi\u00e7os, Ensino e Pesquisa Ltda &#8211; UNISEPE na Modalidade a dist\u00e2ncia (EaD), reveste-se da miss\u00e3o de preparar os profissionais para atuarem nas escolas, bem como em<\/p>\n","protected":false},"author":1,"featured_media":0,"parent":0,"menu_order":0,"comment_status":"closed","ping_status":"closed","template":"templates\/template-curso_menu_vertical.php","meta":{"footnotes":""},"categories":[9],"tags":[17],"class_list":["post-493","page","type-page","status-publish","hentry","category-semipresencial","tag-graduacao-ead-licenciatura"],"_links":{"self":[{"href":"https:\/\/portal.unisepe.com.br\/ead\/wp-json\/wp\/v2\/pages\/493","targetHints":{"allow":["GET"]}}],"collection":[{"href":"https:\/\/portal.unisepe.com.br\/ead\/wp-json\/wp\/v2\/pages"}],"about":[{"href":"https:\/\/portal.unisepe.com.br\/ead\/wp-json\/wp\/v2\/types\/page"}],"author":[{"embeddable":true,"href":"https:\/\/portal.unisepe.com.br\/ead\/wp-json\/wp\/v2\/users\/1"}],"replies":[{"embeddable":true,"href":"https:\/\/portal.unisepe.com.br\/ead\/wp-json\/wp\/v2\/comments?post=493"}],"version-history":[{"count":3,"href":"https:\/\/portal.unisepe.com.br\/ead\/wp-json\/wp\/v2\/pages\/493\/revisions"}],"predecessor-version":[{"id":819,"href":"https:\/\/portal.unisepe.com.br\/ead\/wp-json\/wp\/v2\/pages\/493\/revisions\/819"}],"wp:attachment":[{"href":"https:\/\/portal.unisepe.com.br\/ead\/wp-json\/wp\/v2\/media?parent=493"}],"wp:term":[{"taxonomy":"category","embeddable":true,"href":"https:\/\/portal.unisepe.com.br\/ead\/wp-json\/wp\/v2\/categories?post=493"},{"taxonomy":"post_tag","embeddable":true,"href":"https:\/\/portal.unisepe.com.br\/ead\/wp-json\/wp\/v2\/tags?post=493"}],"curies":[{"name":"wp","href":"https:\/\/api.w.org\/{rel}","templated":true}]}}

<ul>
<li style="text-align: right;"><strong><a href="http://portal.unisepe.com.br/ead/pedagogia/matriz-curricular/" rel="noopener">Matriz Curricular</a></strong></li>
</ul>
<p><strong>CONCEPÇÃO DO CURSO</strong></p>
<p style="text-align: justify;">Dentro dos objetivos mais amplos que regem o ensino superior, o Curso de Pedagogia, da União das Instituições de Serviços, Ensino e Pesquisa Ltda &#8211; UNISEPE na Modalidade a distância (EaD), reveste-se da missão de preparar os profissionais para atuarem nas escolas, bem como em outros espaços de atuação pedagógica com o compromisso e a responsabilidade de educar o homem. Entende que os pressupostos teóricos devem ser buscados, discutidos e analisados em suas implicações e contextos de origem para que possam ser reelaborados e utilizados na multiplicidade das práticas pedagógicas para as quais os educadores são requeridos na contemporaneidade.</p>
<p style="text-align: justify;">Entende também, que a prática pedagógica é fonte inesgotável na geração de novos conhecimentos e de novas teorias, e para tanto, promove incentivos na área de pesquisa educacional, inserindo seus alunos em projetos multidisciplinares para a busca de novos conhecimentos, na perspectiva de que ensino, pesquisa e extensão caminham juntos, entrelaçados e interdependentes.</p>
<p style="text-align: justify;">Sua composição curricular foi pensada e planejada para que esta formação superior permita uma ampla e profunda compreensão por parte do aluno e de suas atuais e futuras atividades docentes. Assim, o curso de Pedagogia na modalidade EaD  pretende ser um espaço de reflexão, estudo e extensão para reconhecer  as condições do desempenho profissional docente, dialogando com as outras áreas do conhecimento.</p>
<p><strong>Objetivo Geral</strong></p>
<p style="text-align: justify;">Formação sólida na Educação Profissional, que permita ao aluno apropriar-se dos conhecimentos das diversas áreas de atuação e apoio no âmbito escolar, de forma a tornar o conhecimento técnico-burocrático, necessário em toda organização humana. Sua composição curricular foi pensada e planejada para que esta formação superior permita uma ampla e profunda compreensão por parte do aluno e de suas atuais e futuras atividades docentes. Assim, o curso de Pedagogia na modalidade EaD pretende ser um espaço de reflexão, estudo e pesquisa acerca das condições do desempenho profissional docente, dialogando com as outras áreas do conhecimento.</p>
<p><strong>Objetivos Específicos</strong></p>
<ul>
<li style="text-align: justify;">Promover, ao longo do curso, um processo de reflexão sobre o fazer pedagógico, tendo como princípio o conhecimento dos fundamentos básicos da área e específicos curriculares.</li>
<li style="text-align: justify;">Oportunizar condições para um pensamento crítico de amplas e múltiplas referências teóricas e práticas para uma compreensão do trabalho pedagógico nas suas dimensões coletiva, cidadã, inclusiva, ética e democrática.</li>
<li style="text-align: justify;">Promover o crescimento de um profissional da Educação através da reflexão dialética entre teoria e prática, sistematizando e construindo saberes docentes, de serviços e  apoio escolar, bem como em outras áreas nas quais sejam previstos conhecimentos pedagógicos.</li>
<li style="text-align: justify;">Desenvolver na esfera da reflexão, posturas de pesquisa e de pensar sobre a realidade da Educação e da sociedade brasileira, possibilitando a formulação de questões e a proposição de soluções para os problemas vivenciados no cotidiano pedagógico, escolar e social, tendo como parâmetro o bem coletivo e a contribuição positiva na formação humana que a profissão de educador perfaz.</li>
<li style="text-align: justify;">Compreender com a consciência da luta contra o preconceito e a discriminação, o trabalhar com as diferenças, singularidades e com as necessidades especiais, objetivando ampla inclusão social.</li>
<li style="text-align: justify;">Relacionar as linguagens dos meios de comunicação à educação, nos processos didático-pedagógicos, demonstrando domínio das tecnologias de informação e comunicação adequadas ao desenvolvimento de aprendizagens significativas;</li>
</ul>

<p>Matriz Curricular CONCEPÇÃO DO CURSO Dentro dos objetivos mais amplos que regem o ensino superior, o Curso de Pedagogia, da União das Instituições de Serviços, Ensino e Pesquisa Ltda &#8211; UNISEPE na Modalidade a distância (EaD), reveste-se da missão de preparar os profissionais para atuarem nas escolas, bem como em</p>
