{"id":579,"date":"2019-09-11T11:16:18","date_gmt":"2019-09-11T14:16:18","guid":{"rendered":"http:\/\/portal.unisepe.com.br\/ead\/?page_id=579"},"modified":"2026-03-31T16:56:18","modified_gmt":"2026-03-31T19:56:18","slug":"agronomia","status":"publish","type":"page","link":"https:\/\/portal.unisepe.com.br\/ead\/agronomia\/","title":{"rendered":"Agronomia"},"content":{"rendered":"<ul>\n<li style=\"text-align: right;\"><strong><a href=\"http:\/\/portal.unisepe.com.br\/ead\/agronomia\/matriz-curricular\/\">Matriz Curricular<\/a><\/strong><\/li>\n<\/ul>\n<p><strong>Concep\u00e7\u00e3o do curso<\/strong><\/p>\n<p>Denomina\u00e7\u00e3o: Agronomia<\/p>\n<p>Modalidade: Bacharelado \u2013 Ensino a Dist\u00e2ncia<\/p>\n<p><strong>Integraliza\u00e7\u00e3o do Curso:<\/strong><\/p>\n<p>M\u00ednimo de 8 (oito) semestres letivos<\/p>\n<p><strong>N\u00famero de vagas anuais:<\/strong> 100 (cem)<\/p>\n<p style=\"text-align: justify;\">O Curso est\u00e1 estruturado sob a forma de gradua\u00e7\u00e3o, na modalidade EaD, Bacharelado, para forma\u00e7\u00e3o de Engenheiro Agr\u00f4nomo, profiss\u00e3o regulamentada pela Lei Federal n\u00ba 5.194 de 24\/12\/66. A base legal para a referida estrutura\u00e7\u00e3o foi a Resolu\u00e7\u00e3o 01\/06, do Conselho Nacional de Educa\u00e7\u00e3o, que instituiu as Diretrizes Curriculares Nacionais do curso de gradua\u00e7\u00e3o em Agronomia.<\/p>\n<p style=\"text-align: justify;\">Concebido na modalidade EaD, <strong>com metodologia TOTALMENTE \u00daNICA E INOVADORA<\/strong>, com <strong>encontros presenciais<\/strong> planejados semestralmente (estritamente de acordo com a Portaria Normativa MEC 11\/2017) para <strong>PR\u00c1TICAS DE CAMPO<\/strong> (em Fazendas e Empresas de primeira linha na \u201c\u00e1rea Agro\u201d), <strong>PR\u00c1TICAS LABORATORIAIS<\/strong> e para apoio ao conte\u00fado <em>on-line<\/em>, com docentes de primeira grandeza, titulados academicamente e extremamente experientes profissionalmente em sua \u00e1rea de atua\u00e7\u00e3o.<\/p>\n<p>&nbsp;<\/p>\n<p><strong>Objetivo geral<\/strong><\/p>\n<p style=\"text-align: justify;\">Oferecer forma\u00e7\u00e3o s\u00f3lida t\u00e9cnico-cientifico e pr\u00e1tica, com perfil amplo em Agronomia, considerando as demandas regionais e nacionais do Agroneg\u00f3cio Brasileiro, pautada em valores \u00e9ticos e ambientais no exerc\u00edcio da profiss\u00e3o de Engenheiro Agr\u00f4nomo em seus diversos campos de atua\u00e7\u00e3o de conformidade com suas atribui\u00e7\u00f5es profissionais.<\/p>\n<p>&nbsp;<\/p>\n<p><strong>Objetivos espec\u00edficos<\/strong><\/p>\n<ul>\n<li>Promover e estimular a interdisciplinaridade objetivando a forma\u00e7\u00e3o de um profissional ecl\u00e9tico;<\/li>\n<li>Promover uma forma\u00e7\u00e3o b\u00e1sica s\u00f3lida de conformidade \u00e0s demandas t\u00e9cnicas-cient\u00edficas;<\/li>\n<li>Oferecer uma forma\u00e7\u00e3o profissional generalista que venha abranger as grandes \u00e1reas do conhecimento de conformidade com os campos de atua\u00e7\u00e3o profissional;<\/li>\n<li>Incentivar a realiza\u00e7\u00e3o de atividades pr\u00e1ticas atrav\u00e9s das atividades complementares, est\u00e1gio supervisionado e visitas t\u00e9cnicas multidisciplinares;<\/li>\n<li>Viabilizar e incentivar o desenvolvimento de projetos de pesquisa e extens\u00e3o;<\/li>\n<li>Estimular a realiza\u00e7\u00e3o de cursos de extens\u00e3o curricular, ciclo de palestras e encontros cient\u00edficos;<\/li>\n<li>Estimular e desenvolver habilidades que comp\u00f5em perfil profissional da atualidade, como postura \u00e9tica, esp\u00edrito de lideran\u00e7a, empreendedorismo, dom\u00ednio de uma l\u00edngua estrangeira, vis\u00e3o cultural, vis\u00e3o hol\u00edstica da empresa agropecu\u00e1ria e agroindustrial, trabalho em equipe, sinergia, intelig\u00eancia emocional, dentre outras.<\/li>\n<\/ul>\n","protected":false},"excerpt":{"rendered":"<p>Matriz Curricular Concep\u00e7\u00e3o do curso Denomina\u00e7\u00e3o: Agronomia Modalidade: Bacharelado \u2013 Ensino a Dist\u00e2ncia Integraliza\u00e7\u00e3o do Curso: M\u00ednimo de 8 (oito) semestres letivos N\u00famero de vagas anuais: 100 (cem) O Curso est\u00e1 estruturado sob a forma de gradua\u00e7\u00e3o, na modalidade EaD, Bacharelado, para forma\u00e7\u00e3o de Engenheiro Agr\u00f4nomo, profiss\u00e3o regulamentada pela Lei<\/p>\n","protected":false},"author":1,"featured_media":0,"parent":0,"menu_order":0,"comment_status":"closed","ping_status":"closed","template":"templates\/template-curso_menu_vertical.php","meta":{"footnotes":""},"categories":[9],"tags":[15],"class_list":["post-579","page","type-page","status-publish","hentry","category-semipresencial","tag-graduacao-ead-bacharelado"],"_links":{"self":[{"href":"https:\/\/portal.unisepe.com.br\/ead\/wp-json\/wp\/v2\/pages\/579","targetHints":{"allow":["GET"]}}],"collection":[{"href":"https:\/\/portal.unisepe.com.br\/ead\/wp-json\/wp\/v2\/pages"}],"about":[{"href":"https:\/\/portal.unisepe.com.br\/ead\/wp-json\/wp\/v2\/types\/page"}],"author":[{"embeddable":true,"href":"https:\/\/portal.unisepe.com.br\/ead\/wp-json\/wp\/v2\/users\/1"}],"replies":[{"embeddable":true,"href":"https:\/\/portal.unisepe.com.br\/ead\/wp-json\/wp\/v2\/comments?post=579"}],"version-history":[{"count":6,"href":"https:\/\/portal.unisepe.com.br\/ead\/wp-json\/wp\/v2\/pages\/579\/revisions"}],"predecessor-version":[{"id":1736,"href":"https:\/\/portal.unisepe.com.br\/ead\/wp-json\/wp\/v2\/pages\/579\/revisions\/1736"}],"wp:attachment":[{"href":"https:\/\/portal.unisepe.com.br\/ead\/wp-json\/wp\/v2\/media?parent=579"}],"wp:term":[{"taxonomy":"category","embeddable":true,"href":"https:\/\/portal.unisepe.com.br\/ead\/wp-json\/wp\/v2\/categories?post=579"},{"taxonomy":"post_tag","embeddable":true,"href":"https:\/\/portal.unisepe.com.br\/ead\/wp-json\/wp\/v2\/tags?post=579"}],"curies":[{"name":"wp","href":"https:\/\/api.w.org\/{rel}","templated":true}]}}