{"id":664,"date":"2019-09-12T10:26:26","date_gmt":"2019-09-12T13:26:26","guid":{"rendered":"http:\/\/portal.unisepe.com.br\/ead\/?page_id=664"},"modified":"2026-03-31T16:58:30","modified_gmt":"2026-03-31T19:58:30","slug":"estetica-e-cosmetica","status":"publish","type":"page","link":"https:\/\/portal.unisepe.com.br\/ead\/estetica-e-cosmetica\/","title":{"rendered":"Est\u00e9tica e Cosm\u00e9tica"},"content":{"rendered":"<ul>\n<li style=\"text-align: right;\"><strong><a href=\"http:\/\/portal.unisepe.com.br\/ead\/estetica-e-cosmetica\/matriz-curricular\/\">Matriz Curricular<\/a><\/strong><\/li>\n<\/ul>\n<p><strong>Miss\u00e3o<\/strong><\/p>\n<p style=\"text-align: justify;\"><strong>\u00a0<\/strong>A concep\u00e7\u00e3o da Gradua\u00e7\u00e3o em Tecnologia em Est\u00e9tica e Cosm\u00e9tica est\u00e1 fundamentada em um curso inovador que venha a atender o mercado de trabalho regional, que tem demandado por profissionais da \u00e1rea de Est\u00e9tica e Cosm\u00e9tica, visto a necessidade de um servi\u00e7o especializado. Esta \u00e1rea, est\u00e1 em grande expans\u00e3o e o Tecn\u00f3logo em Est\u00e9tica e Cosm\u00e9tica, visa atuar em uma vis\u00e3o reflexiva, \u00e9tica, humanista e empreendedora, com vistas a atender ao mercado de trabalho regional.<\/p>\n<p>&nbsp;<\/p>\n<p><strong>Perfil do Egresso<\/strong><\/p>\n<p style=\"text-align: justify;\"><strong>\u00a0<\/strong>O egresso do curso Superior de Tecnologia em Est\u00e9tica e Cosm\u00e9tica, deve ter um perfil, generalista, cl\u00ednico, humanista, cr\u00edtico, reflexivo e \u00e9tico, bem como, empreendedor e estrat\u00e9gico para atuar na avalia\u00e7\u00e3o, planejamento e execu\u00e7\u00e3o de tratamentos que visem os cuidados da pele e anexos no campo da est\u00e9tica facial, corporal e capilar, al\u00e9m da aptid\u00e3o para terapias alternativas que promovam o bem-estar e o relaxamento do paciente. No desenvolvimento do Projeto Pedag\u00f3gico de Curso, as compet\u00eancias para o perfil do egresso s\u00e3o contempladas, a partir de intera\u00e7\u00f5es te\u00f3rico-pr\u00e1ticas privilegiadas, permeando todo o curr\u00edculo. Espera-se que o futuro profissional, na vis\u00e3o de uma forma\u00e7\u00e3o continuada permanente, prime por seu cont\u00ednuo aperfei\u00e7oamento, desenvolva pr\u00e1ticas de forma \u00e9tica, atualizada e com rigor cient\u00edfico e saiba atuar em equipes multidisciplinares.<\/p>\n<p>&nbsp;<\/p>\n<p><strong>Compet\u00eancias e Habilidades<\/strong><\/p>\n<p style=\"text-align: justify;\">\u00a0Ao Tecn\u00f3logo em Est\u00e9tica e Cosm\u00e9tica compete atuar em equipes de sa\u00fade, a n\u00edvel tecnol\u00f3gico, nas atividades de bem-estar e aten\u00e7\u00e3o \u00e0 sa\u00fade, sem preju\u00edzo dos exerc\u00edcios das mesmas atividades por outros profissionais igualmente habilitados na forma da legisla\u00e7\u00e3o espec\u00edfica. Em seu exerc\u00edcio profissional, o egresso dever\u00e1 demonstrar compet\u00eancias e habilidades gerais de administra\u00e7\u00e3o e gerenciamento, lideran\u00e7a, tomada de decis\u00e3o e comunica\u00e7\u00e3o, al\u00e9m de compet\u00eancias e habilidades espec\u00edficas desenvolvidas ao longo do curso, como est\u00e9tica facial, corporal, capilar e visagismo.<\/p>\n<p>&nbsp;<\/p>\n<p><strong>Concep\u00e7\u00e3o do curso<\/strong><\/p>\n<p style=\"text-align: justify;\"><strong>\u00a0<\/strong>O curso objetiva a forma\u00e7\u00e3o de um profissional com compet\u00eancias para atuar na \u00e1rea de est\u00e9tica e cosm\u00e9tica, em tratamentos e procedimentos est\u00e9ticos faciais, corporais e capilares e na gest\u00e3o dos servi\u00e7os da beleza.<\/p>\n<p style=\"text-align: justify;\">O Curso objetiva, tamb\u00e9m, capacitar o aluno para atuar com visagismo, maquiagem est\u00e9tica e corretiva e, ainda, na elabora\u00e7\u00e3o de protocolos de tratamentos est\u00e9ticos e na atua\u00e7\u00e3o em equipe multidisciplinar, na \u00e1rea da sa\u00fade. Ainda, objetiva uma forma\u00e7\u00e3o generalista, com uma perspectiva humanista, cr\u00edtica e reflexivas pautadas nos princ\u00edpios \u00e9ticos e com vistas a um profissional com compet\u00eancias para desempenhar fun\u00e7\u00f5es na \u00e1rea de est\u00e9tica humana, compreendendo cuidados e tratamentos prescritos e especializados e, de tal forma, estar apto a usar corretamente t\u00e9cnicas, produtos e equipamentos cosm\u00e9ticos e est\u00e9ticos.<\/p>\n<p style=\"text-align: justify;\">O Laborat\u00f3rio de Est\u00e9tica da institui\u00e7\u00e3o \u00e9 um espa\u00e7o disponibilizado aos acad\u00eamicos de Est\u00e9tica, no qual se possibilita a pr\u00e1tica do conhecimento adquirido em outros espa\u00e7os pedag\u00f3gicos, simulando as situa\u00e7\u00f5es que podem ocorrer no cotidiano da profiss\u00e3o. Sendo assim, se configura em um recurso did\u00e1tico para o ensino de t\u00e9cnicas e cuidados para os profissionais em forma\u00e7\u00e3o. O local \u00e9 utilizado por alunos e professores e, muitas vezes, \u00e9 o primeiro contato do estudante com equipamentos e recursos pr\u00f3prios do ensino e da pr\u00e1tica de Est\u00e9tica. Todas as atividades s\u00e3o realizadas conforme a legisla\u00e7\u00e3o vigente, normas de biosseguran\u00e7a e orientadas pelos Manuais de Boas Pr\u00e1ticas.<\/p>\n<p style=\"text-align: justify;\">O laborat\u00f3rio \u00e9 equipado com os melhores equipamentos que temos no mercado da est\u00e9tica, assim o aluno tem uma viv\u00eancia real com equipamentos de alta tecnologia da \u00e1rea facial, corporal e capilar.<\/p>\n<p>&nbsp;<\/p>\n<p><strong>Estrutura<\/strong><\/p>\n<p style=\"text-align: justify;\">O curso possui 2000 horas de dura\u00e7\u00e3o, distribu\u00eddas ao longo de 3 m\u00f3dulos ou tr\u00eas anos. Nesse per\u00edodo, s\u00e3o trabalhados conte\u00fados b\u00e1sicos para a forma\u00e7\u00e3o de profissionais da sa\u00fade &#8211; est\u00e9tica, no campo das ci\u00eancias biol\u00f3gicas, sociais, humanas e econ\u00f4micas, e espec\u00edficos, tais como: est\u00e9tica corporal e facial, tricologia, visagismo, massoterapia, pr\u00e9 e p\u00f3s operat\u00f3rio de cirurgia pl\u00e1stica, entre outros.<\/p>\n<p>&nbsp;<\/p>\n<p><strong>Mercado de trabalho<\/strong><\/p>\n<p style=\"text-align: justify;\">O mercado para professor de est\u00e9tica est\u00e1 em alta, h\u00e1 boas oportunidades de empregos tanto em setores tradicionais, quanto em atividades emergentes. O tecn\u00f3logo em Est\u00e9tica encontra as portas abertas em diversos estabelecimentos, como cl\u00ednicas, hospitais, cl\u00ednicas de cirurgia pl\u00e1stica e dermatologia, spas, barbearias, academias de gin\u00e1stica ou centros especializados. Em todos os casos, ele realiza ou acompanha os procedimentos faciais, corporais e capilares.<\/p>\n","protected":false},"excerpt":{"rendered":"<p>Matriz Curricular Miss\u00e3o \u00a0A concep\u00e7\u00e3o da Gradua\u00e7\u00e3o em Tecnologia em Est\u00e9tica e Cosm\u00e9tica est\u00e1 fundamentada em um curso inovador que venha a atender o mercado de trabalho regional, que tem demandado por profissionais da \u00e1rea de Est\u00e9tica e Cosm\u00e9tica, visto a necessidade de um servi\u00e7o especializado. Esta \u00e1rea, est\u00e1 em<\/p>\n","protected":false},"author":1,"featured_media":0,"parent":0,"menu_order":0,"comment_status":"closed","ping_status":"closed","template":"templates\/template-curso_menu_vertical.php","meta":{"footnotes":""},"categories":[9],"tags":[16],"class_list":["post-664","page","type-page","status-publish","hentry","category-semipresencial","tag-graduacao-ead-tecnologo"],"_links":{"self":[{"href":"https:\/\/portal.unisepe.com.br\/ead\/wp-json\/wp\/v2\/pages\/664","targetHints":{"allow":["GET"]}}],"collection":[{"href":"https:\/\/portal.unisepe.com.br\/ead\/wp-json\/wp\/v2\/pages"}],"about":[{"href":"https:\/\/portal.unisepe.com.br\/ead\/wp-json\/wp\/v2\/types\/page"}],"author":[{"embeddable":true,"href":"https:\/\/portal.unisepe.com.br\/ead\/wp-json\/wp\/v2\/users\/1"}],"replies":[{"embeddable":true,"href":"https:\/\/portal.unisepe.com.br\/ead\/wp-json\/wp\/v2\/comments?post=664"}],"version-history":[{"count":4,"href":"https:\/\/portal.unisepe.com.br\/ead\/wp-json\/wp\/v2\/pages\/664\/revisions"}],"predecessor-version":[{"id":1532,"href":"https:\/\/portal.unisepe.com.br\/ead\/wp-json\/wp\/v2\/pages\/664\/revisions\/1532"}],"wp:attachment":[{"href":"https:\/\/portal.unisepe.com.br\/ead\/wp-json\/wp\/v2\/media?parent=664"}],"wp:term":[{"taxonomy":"category","embeddable":true,"href":"https:\/\/portal.unisepe.com.br\/ead\/wp-json\/wp\/v2\/categories?post=664"},{"taxonomy":"post_tag","embeddable":true,"href":"https:\/\/portal.unisepe.com.br\/ead\/wp-json\/wp\/v2\/tags?post=664"}],"curies":[{"name":"wp","href":"https:\/\/api.w.org\/{rel}","templated":true}]}}

Estética e Cosmética

<ul>
<li style="text-align: right;"><strong><a href="http://portal.unisepe.com.br/ead/estetica-e-cosmetica/matriz-curricular/">Matriz Curricular</a></strong></li>
</ul>
<p><strong>Missão</strong></p>
<p style="text-align: justify;"><strong> </strong>A concepção da Graduação em Tecnologia em Estética e Cosmética está fundamentada em um curso inovador que venha a atender o mercado de trabalho regional, que tem demandado por profissionais da área de Estética e Cosmética, visto a necessidade de um serviço especializado. Esta área, está em grande expansão e o Tecnólogo em Estética e Cosmética, visa atuar em uma visão reflexiva, ética, humanista e empreendedora, com vistas a atender ao mercado de trabalho regional.</p>
<p>&nbsp;</p>
<p><strong>Perfil do Egresso</strong></p>
<p style="text-align: justify;"><strong> </strong>O egresso do curso Superior de Tecnologia em Estética e Cosmética, deve ter um perfil, generalista, clínico, humanista, crítico, reflexivo e ético, bem como, empreendedor e estratégico para atuar na avaliação, planejamento e execução de tratamentos que visem os cuidados da pele e anexos no campo da estética facial, corporal e capilar, além da aptidão para terapias alternativas que promovam o bem-estar e o relaxamento do paciente. No desenvolvimento do Projeto Pedagógico de Curso, as competências para o perfil do egresso são contempladas, a partir de interações teórico-práticas privilegiadas, permeando todo o currículo. Espera-se que o futuro profissional, na visão de uma formação continuada permanente, prime por seu contínuo aperfeiçoamento, desenvolva práticas de forma ética, atualizada e com rigor científico e saiba atuar em equipes multidisciplinares.</p>
<p>&nbsp;</p>
<p><strong>Competências e Habilidades</strong></p>
<p style="text-align: justify;"> Ao Tecnólogo em Estética e Cosmética compete atuar em equipes de saúde, a nível tecnológico, nas atividades de bem-estar e atenção à saúde, sem prejuízo dos exercícios das mesmas atividades por outros profissionais igualmente habilitados na forma da legislação específica. Em seu exercício profissional, o egresso deverá demonstrar competências e habilidades gerais de administração e gerenciamento, liderança, tomada de decisão e comunicação, além de competências e habilidades específicas desenvolvidas ao longo do curso, como estética facial, corporal, capilar e visagismo.</p>
<p>&nbsp;</p>
<p><strong>Concepção do curso</strong></p>
<p style="text-align: justify;"><strong> </strong>O curso objetiva a formação de um profissional com competências para atuar na área de estética e cosmética, em tratamentos e procedimentos estéticos faciais, corporais e capilares e na gestão dos serviços da beleza.</p>
<p style="text-align: justify;">O Curso objetiva, também, capacitar o aluno para atuar com visagismo, maquiagem estética e corretiva e, ainda, na elaboração de protocolos de tratamentos estéticos e na atuação em equipe multidisciplinar, na área da saúde. Ainda, objetiva uma formação generalista, com uma perspectiva humanista, crítica e reflexivas pautadas nos princípios éticos e com vistas a um profissional com competências para desempenhar funções na área de estética humana, compreendendo cuidados e tratamentos prescritos e especializados e, de tal forma, estar apto a usar corretamente técnicas, produtos e equipamentos cosméticos e estéticos.</p>
<p style="text-align: justify;">O Laboratório de Estética da instituição é um espaço disponibilizado aos acadêmicos de Estética, no qual se possibilita a prática do conhecimento adquirido em outros espaços pedagógicos, simulando as situações que podem ocorrer no cotidiano da profissão. Sendo assim, se configura em um recurso didático para o ensino de técnicas e cuidados para os profissionais em formação. O local é utilizado por alunos e professores e, muitas vezes, é o primeiro contato do estudante com equipamentos e recursos próprios do ensino e da prática de Estética. Todas as atividades são realizadas conforme a legislação vigente, normas de biossegurança e orientadas pelos Manuais de Boas Práticas.</p>
<p style="text-align: justify;">O laboratório é equipado com os melhores equipamentos que temos no mercado da estética, assim o aluno tem uma vivência real com equipamentos de alta tecnologia da área facial, corporal e capilar.</p>
<p>&nbsp;</p>
<p><strong>Estrutura</strong></p>
<p style="text-align: justify;">O curso possui 2000 horas de duração, distribuídas ao longo de 3 módulos ou três anos. Nesse período, são trabalhados conteúdos básicos para a formação de profissionais da saúde &#8211; estética, no campo das ciências biológicas, sociais, humanas e econômicas, e específicos, tais como: estética corporal e facial, tricologia, visagismo, massoterapia, pré e pós operatório de cirurgia plástica, entre outros.</p>
<p>&nbsp;</p>
<p><strong>Mercado de trabalho</strong></p>
<p style="text-align: justify;">O mercado para professor de estética está em alta, há boas oportunidades de empregos tanto em setores tradicionais, quanto em atividades emergentes. O tecnólogo em Estética encontra as portas abertas em diversos estabelecimentos, como clínicas, hospitais, clínicas de cirurgia plástica e dermatologia, spas, barbearias, academias de ginástica ou centros especializados. Em todos os casos, ele realiza ou acompanha os procedimentos faciais, corporais e capilares.</p>

<p>Matriz Curricular Missão  A concepção da Graduação em Tecnologia em Estética e Cosmética está fundamentada em um curso inovador que venha a atender o mercado de trabalho regional, que tem demandado por profissionais da área de Estética e Cosmética, visto a necessidade de um serviço especializado. Esta área, está em</p>
