{"id":1021,"date":"2021-08-10T14:59:56","date_gmt":"2021-08-10T17:59:56","guid":{"rendered":"https:\/\/portal.unisepe.com.br\/fasupi\/?page_id=1021"},"modified":"2021-08-10T22:06:43","modified_gmt":"2021-08-11T01:06:43","slug":"recursos-de-pesquisas","status":"publish","type":"page","link":"https:\/\/portal.unisepe.com.br\/fasupi\/biblioteca\/recursos-de-pesquisas\/","title":{"rendered":"Recursos de Pesquisas"},"content":{"rendered":"<p style=\"text-align: justify;\"><strong>Bibliotecas Virtuais<\/strong><\/p>\n<h6 style=\"text-align: justify;\"><strong>ACESSO LIVRE AO SITES\u00a0<\/strong><strong>(sem necessidade de login ou senha)<\/strong><\/h6>\n<p style=\"text-align: justify;\">\n<p style=\"text-align: justify;\"><a href=\"http:\/\/bdtd.ibict.br\/vufind\/\"><strong>BDTD &#8211; Biblioteca Digital Brasileira de Teses e Disserta\u00e7\u00f5es &#8211; IBICT<\/strong><\/a><\/p>\n<p style=\"text-align: justify;\">Integra os sistemas de informa\u00e7\u00e3o de teses e disserta\u00e7\u00f5es existentes nas institui\u00e7\u00f5es de ensino e pesquisa brasileiras, e tamb\u00e9m estimula o registro e a publica\u00e7\u00e3o de teses e disserta\u00e7\u00f5es em meio eletr\u00f4nico. Este projeto possibilita \u00e0 comunidade brasileira de C&amp;T publicar suas teses e disserta\u00e7\u00f5es produzidas no pa\u00eds e no exterior, dando maior visibilidade \u00e0 produ\u00e7\u00e3o cient\u00edfica nacional.<\/p>\n<p style=\"text-align: justify;\">\n<p style=\"text-align: justify;\"><a href=\"http:\/\/bibliotecadigital.fgv.br\/dspace\/discover?filtertype=subjectAreaMainPage&amp;filter_relational_operator=equals&amp;filter=Sa%C3%BAde\"><strong>Biblioteca Virtual em Sa\u00fade (BVS<\/strong>)<\/a><\/p>\n<p style=\"text-align: justify;\">A Biblioteca Virtual em Sa\u00fade (BVS) \u00e9 uma rede de gest\u00e3o da informa\u00e7\u00e3o, interc\u00e2mbio de conhecimento e evid\u00eancia cient\u00edfica em sa\u00fade, que se estabelece por meio da coopera\u00e7\u00e3o entre institui\u00e7\u00f5es e profissionais na produ\u00e7\u00e3o, intermedia\u00e7\u00e3o e uso das fontes de informa\u00e7\u00e3o cient\u00edfica em sa\u00fade, em acesso aberto e universal na Web.<\/p>\n<p style=\"text-align: justify;\">\n<p style=\"text-align: justify;\"><a href=\"http:\/\/www.dominiopublico.gov.br\/pesquisa\/PesquisaObraForm.jsp\"><strong>Dom\u00ednio P\u00fablico<\/strong><\/a><br \/>\nComposto, em sua grande maioria, por livros e outras fontes de informa\u00e7\u00e3o que se encontram em dom\u00ednio p\u00fablico ou obras que contam com a devida licen\u00e7a por parte dos titulares dos direitos autorais pendentes.<\/p>\n<p style=\"text-align: justify;\">\n<p style=\"text-align: justify;\"><a href=\"http:\/\/www2.stf.jus.br\/portalStfInternacional\/cms\/verGlossario.php?sigla=portalStfGlossario_pt_br\"><strong>Gloss\u00e1rio Jur\u00eddico do Supremo Tribunal Federal<\/strong><\/a><br \/>\nElaborado em portugu\u00eas, ingl\u00eas e espanhol, busca apresentar \u00e0 comunidade internacional, de maneira sistematizada e simplificada, institutos jur\u00eddicos brasileiros, com destaque para o vocabul\u00e1rio mais utilizado nas not\u00edcias sobre a atua\u00e7\u00e3o do STF.<\/p>\n<p style=\"text-align: justify;\">\n<p style=\"text-align: justify;\"><a href=\"http:\/\/www4.planalto.gov.br\/legislacao\"><strong>Portal da Legisla\u00e7\u00e3o<\/strong><\/a><br \/>\nRe\u00fane em um site toda a legisla\u00e7\u00e3o brasileira, permitindo tamb\u00e9m a pesquisa \u00e0 legisla\u00e7\u00e3o hist\u00f3rica, internacional e a consultas p\u00fablicas. Tamb\u00e9m \u00e9 poss\u00edvel, a partir do Portal, acessar legisla\u00e7\u00f5es estaduais e municipais, al\u00e9m de resenhas di\u00e1rias (2000 at\u00e9 data presente) de todos os decretos e leis publicados no Di\u00e1rio Oficial da Uni\u00e3o.<\/p>\n<p style=\"text-align: justify;\">\n<p style=\"text-align: justify;\"><a href=\"http:\/\/www-periodicos-capes-gov-br.ez314.periodicos.capes.gov.br\/index.php?option=com_phome&amp;Itemid=68&amp;\"><strong>Portal de Peri\u00f3dicos da CAPES<\/strong><\/a><br \/>\nOferece acesso aos textos completos de artigos selecionados de mais de 15.475 revistas internacionais, nacionais e estrangeiras, e 126 bases de dados com resumos de documentos em todas as \u00e1reas do conhecimento. Inclui tamb\u00e9m uma sele\u00e7\u00e3o de importantes fontes de informa\u00e7\u00e3o acad\u00eamica com acesso gratuito na Internet.<\/p>\n<p style=\"text-align: justify;\">\n<p style=\"text-align: justify;\"><a href=\"http:\/\/www.scielo.org\/php\/index.php\"><strong>Scielo &#8211; ScientificElectronic Library Online<\/strong><\/a><strong><br \/>\n<\/strong>Modelo para a publica\u00e7\u00e3o eletr\u00f4nica cooperativa de peri\u00f3dicos cient\u00edficos na Internet. Especialmente desenvolvido para responder \u00e0s necessidades da comunica\u00e7\u00e3o cient\u00edfica nos pa\u00edses em desenvolvimento e particularmente na Am\u00e9rica Latina e Caribe. Em portugu\u00eas.<\/p>\n","protected":false},"excerpt":{"rendered":"<p>Bibliotecas Virtuais ACESSO LIVRE AO SITES\u00a0(sem necessidade de login ou senha) BDTD &#8211; Biblioteca Digital Brasileira de Teses e Disserta\u00e7\u00f5es &#8211; IBICT Integra os sistemas de informa\u00e7\u00e3o de teses e disserta\u00e7\u00f5es existentes nas institui\u00e7\u00f5es de ensino e pesquisa brasileiras, e tamb\u00e9m estimula o registro e a publica\u00e7\u00e3o de teses e<\/p>\n","protected":false},"author":1,"featured_media":0,"parent":252,"menu_order":0,"comment_status":"closed","ping_status":"closed","template":"templates\/template-pagina_menu_vertical.php","meta":{"footnotes":""},"categories":[],"tags":[],"class_list":["post-1021","page","type-page","status-publish","hentry"],"_links":{"self":[{"href":"https:\/\/portal.unisepe.com.br\/fasupi\/wp-json\/wp\/v2\/pages\/1021","targetHints":{"allow":["GET"]}}],"collection":[{"href":"https:\/\/portal.unisepe.com.br\/fasupi\/wp-json\/wp\/v2\/pages"}],"about":[{"href":"https:\/\/portal.unisepe.com.br\/fasupi\/wp-json\/wp\/v2\/types\/page"}],"author":[{"embeddable":true,"href":"https:\/\/portal.unisepe.com.br\/fasupi\/wp-json\/wp\/v2\/users\/1"}],"replies":[{"embeddable":true,"href":"https:\/\/portal.unisepe.com.br\/fasupi\/wp-json\/wp\/v2\/comments?post=1021"}],"version-history":[{"count":3,"href":"https:\/\/portal.unisepe.com.br\/fasupi\/wp-json\/wp\/v2\/pages\/1021\/revisions"}],"predecessor-version":[{"id":1055,"href":"https:\/\/portal.unisepe.com.br\/fasupi\/wp-json\/wp\/v2\/pages\/1021\/revisions\/1055"}],"up":[{"embeddable":true,"href":"https:\/\/portal.unisepe.com.br\/fasupi\/wp-json\/wp\/v2\/pages\/252"}],"wp:attachment":[{"href":"https:\/\/portal.unisepe.com.br\/fasupi\/wp-json\/wp\/v2\/media?parent=1021"}],"wp:term":[{"taxonomy":"category","embeddable":true,"href":"https:\/\/portal.unisepe.com.br\/fasupi\/wp-json\/wp\/v2\/categories?post=1021"},{"taxonomy":"post_tag","embeddable":true,"href":"https:\/\/portal.unisepe.com.br\/fasupi\/wp-json\/wp\/v2\/tags?post=1021"}],"curies":[{"name":"wp","href":"https:\/\/api.w.org\/{rel}","templated":true}]}}