{"id":1027,"date":"2021-08-10T15:11:44","date_gmt":"2021-08-10T18:11:44","guid":{"rendered":"https:\/\/portal.unisepe.com.br\/fasupi\/?page_id=1027"},"modified":"2025-05-15T18:40:43","modified_gmt":"2025-05-15T21:40:43","slug":"trabalhos-academicos","status":"publish","type":"page","link":"https:\/\/portal.unisepe.com.br\/fasupi\/biblioteca\/trabalhos-academicos\/","title":{"rendered":"Trabalhos Acad\u00eamicos"},"content":{"rendered":"<p style=\"text-align: justify\">Atendimento personalizado para padroniza\u00e7\u00e3o de trabalhos acad\u00eamicos, conforme as normas ABNT.<\/p>\n<p style=\"text-align: justify\">Para receber orienta\u00e7\u00e3o, \u00e9 necess\u00e1rio agendar um hor\u00e1rio no setor, por e-mail <a href=\"mailto:biblioteca01.it@unisepe.edu.br\">biblioteca01.it@unisepe.edu.br<\/a> ou pessoalmente.<\/p>\n<p style=\"text-align: justify\">O atendimento \u00e9 para ORIENTAR, n\u00e3o corrigimos a normaliza\u00e7\u00e3o.<\/p>\n<p style=\"text-align: justify\">N\u00e3o ministramos atendimento de revis\u00e3o gramatical de trabalhos acad\u00eamicos.<\/p>\n<p style=\"text-align: justify\">Para que possamos atender a toda a demanda democraticamente e considerando a quantidade de estudantes da Faculdade Sul Paulista de Itanha\u00e9m(FASUPI), estipulamos o limite de uma hora por atendimento, e de no m\u00e1ximo dois atendimentos por usu\u00e1rio.<\/p>\n<p style=\"text-align: justify\"><strong>Gerenciadores de Pesquisa<\/strong><\/p>\n<p style=\"text-align: justify\">Ferramenta gratuita e f\u00e1cil de usar, que produz automaticamente cita\u00e7\u00f5es no texto e refer\u00eancias no formato ABNT, para quinze tipos de documentos, a partir de formul\u00e1rios pr\u00f3prios, selecionados em um menu principal. Os documentos cobertos pelo mecanismo s\u00e3o livros, dicion\u00e1rios, enciclop\u00e9dias, teses e disserta\u00e7\u00f5es, artigos de revistas, artigos de jornais, nos formatos impresso e eletr\u00f4nico, al\u00e9m dos documentos exclusivos em meio eletr\u00f4nico: home-page e e-mail.<\/p>\n<p style=\"text-align: justify\"><a href=\"https:\/\/more.ufsc.br\/\">CLIQUE AQUI E ACESSE<\/a><\/p>\n<p style=\"text-align: justify\"><strong>Tutoriais<\/strong><\/p>\n<ul>\n<li><a href=\"https:\/\/portal.unisepe.com.br\/fasupi\/wp-content\/uploads\/sites\/10010\/2021\/08\/Inserindo-p\u00e1ginas-em-Documento-Word.pdf\" target=\"_blank\" rel=\"noopener noreferrer\">Inserindo p\u00e1ginas em Documento Word<\/a><\/li>\n<li><a href=\"https:\/\/portal.unisepe.com.br\/fasupi\/wp-content\/uploads\/sites\/10010\/2021\/08\/TUTORIAL-Consulta-de-Acervo.pdf\" target=\"_blank\" rel=\"noopener noreferrer\">Consulta de Acervo<\/a><\/li>\n<\/ul>\n<p>&nbsp;<\/p>\n<p><strong>Modelos de Trabalhos Acad\u00eamicos<\/strong><\/p>\n<p>Acesse os modelos para elabora\u00e7\u00e3o dos trabalhos acad\u00eamicos disponibilizados pela Biblioteca:<\/p>\n<p>&nbsp;<\/p>\n<p>&nbsp;<\/p>\n<ul>\n<li><a href=\"https:\/\/portal.unisepe.com.br\/fasupi\/wp-content\/uploads\/sites\/10010\/2025\/05\/Modelo-informativo-de-Artigo-Cientifico.pdf\">Modelo informativo de artigo Cient\u00edfico<\/a><\/li>\n<li><a href=\"https:\/\/portal.unisepe.com.br\/fasupi\/wp-content\/uploads\/sites\/10010\/2025\/05\/Modelo-de-Trabalho-de-Conclusao-de-Curso-PDF.pdf\">Modelo de trabalho de Conclus\u00e3o de Curso<\/a><\/li>\n<li><a href=\"https:\/\/portal.unisepe.com.br\/fasupi\/wp-content\/uploads\/sites\/10010\/2025\/05\/Modelo-informativo-de-CAPA-Trabalho-disciplinas-2016.pdf\">Modelo informativo de capa trabalho disciplinas<\/a><\/li>\n<li><a href=\"https:\/\/portal.unisepe.com.br\/fasupi\/wp-content\/uploads\/sites\/10010\/2025\/05\/NORMAS-DE-APRESENTACAO-GRAFICA-DOS-TRABALHOS.pdf\">Normas de apresenta\u00e7\u00e3o gr\u00e1fica de trabalho<\/a><\/li>\n<\/ul>\n<p>&nbsp;<\/p>\n<ul>\n<li><a href=\"https:\/\/portal.unisepe.com.br\/fasupi\/wp-content\/uploads\/sites\/10010\/2025\/05\/Modelo-EDITAVEL-Artigo-Cienifico-word-_2016.docx\">Modelo edit\u00e1vel artigo cient\u00edfico<\/a><\/li>\n<li><a href=\"https:\/\/portal.unisepe.com.br\/fasupi\/wp-content\/uploads\/sites\/10010\/2025\/05\/Capa-Editavel-de-Trabalho-disciplina-WORD-2016.docx\">Capa edit\u00e1vel de trabalho disciplina<\/a><\/li>\n<li><a href=\"https:\/\/portal.unisepe.com.br\/fasupi\/wp-content\/uploads\/sites\/10010\/2025\/05\/Modelo-editavel-de-Trabalho-de-Conclusao-de-Curso-WORD-2016.docx\">Modelo edit\u00e1vel de trabalho de conclus\u00e3o de curso<\/a><\/li>\n<\/ul>\n","protected":false},"excerpt":{"rendered":"<p>Atendimento personalizado para padroniza\u00e7\u00e3o de trabalhos acad\u00eamicos, conforme as normas ABNT. Para receber orienta\u00e7\u00e3o, \u00e9 necess\u00e1rio agendar um hor\u00e1rio no setor, por e-mail biblioteca01.it@unisepe.edu.br ou pessoalmente. O atendimento \u00e9 para ORIENTAR, n\u00e3o corrigimos a normaliza\u00e7\u00e3o. N\u00e3o ministramos atendimento de revis\u00e3o gramatical de trabalhos acad\u00eamicos. Para que possamos atender a toda<\/p>\n","protected":false},"author":1,"featured_media":0,"parent":252,"menu_order":0,"comment_status":"closed","ping_status":"closed","template":"templates\/template-pagina_menu_vertical.php","meta":{"footnotes":""},"categories":[],"tags":[],"class_list":["post-1027","page","type-page","status-publish","hentry"],"_links":{"self":[{"href":"https:\/\/portal.unisepe.com.br\/fasupi\/wp-json\/wp\/v2\/pages\/1027","targetHints":{"allow":["GET"]}}],"collection":[{"href":"https:\/\/portal.unisepe.com.br\/fasupi\/wp-json\/wp\/v2\/pages"}],"about":[{"href":"https:\/\/portal.unisepe.com.br\/fasupi\/wp-json\/wp\/v2\/types\/page"}],"author":[{"embeddable":true,"href":"https:\/\/portal.unisepe.com.br\/fasupi\/wp-json\/wp\/v2\/users\/1"}],"replies":[{"embeddable":true,"href":"https:\/\/portal.unisepe.com.br\/fasupi\/wp-json\/wp\/v2\/comments?post=1027"}],"version-history":[{"count":6,"href":"https:\/\/portal.unisepe.com.br\/fasupi\/wp-json\/wp\/v2\/pages\/1027\/revisions"}],"predecessor-version":[{"id":1865,"href":"https:\/\/portal.unisepe.com.br\/fasupi\/wp-json\/wp\/v2\/pages\/1027\/revisions\/1865"}],"up":[{"embeddable":true,"href":"https:\/\/portal.unisepe.com.br\/fasupi\/wp-json\/wp\/v2\/pages\/252"}],"wp:attachment":[{"href":"https:\/\/portal.unisepe.com.br\/fasupi\/wp-json\/wp\/v2\/media?parent=1027"}],"wp:term":[{"taxonomy":"category","embeddable":true,"href":"https:\/\/portal.unisepe.com.br\/fasupi\/wp-json\/wp\/v2\/categories?post=1027"},{"taxonomy":"post_tag","embeddable":true,"href":"https:\/\/portal.unisepe.com.br\/fasupi\/wp-json\/wp\/v2\/tags?post=1027"}],"curies":[{"name":"wp","href":"https:\/\/api.w.org\/{rel}","templated":true}]}}