{"id":1202,"date":"2022-07-21T10:59:53","date_gmt":"2022-07-21T13:59:53","guid":{"rendered":"https:\/\/portal.unisepe.com.br\/fasupi\/?page_id=1202"},"modified":"2024-10-23T18:51:15","modified_gmt":"2024-10-23T21:51:15","slug":"areas-de-atuacao","status":"publish","type":"page","link":"https:\/\/portal.unisepe.com.br\/fasupi\/a-instituicao\/areas-de-atuacao\/","title":{"rendered":"\u00c1reas de Atua\u00e7\u00e3o"},"content":{"rendered":"<p>Atualmente a <strong>Faculdade Sul Paulista de Itanha\u00e9m &#8211; FASUPI<\/strong> atua nas seguintes \u00e1reas:<\/p>\n<ul>\n<li><strong>A &#8211; Gradua\u00e7\u00e3o<\/strong>\n<ul>\n<li><strong>I &#8211; Bacharelado:<\/strong>\n<ul>\n<li>Administra\u00e7\u00e3o<\/li>\n<li>Pscologia<\/li>\n<li>Direito<\/li>\n<\/ul>\n<\/li>\n<\/ul>\n<\/li>\n<\/ul>\n","protected":false},"excerpt":{"rendered":"<p>Atualmente a Faculdade Sul Paulista de Itanha\u00e9m &#8211; FASUPI atua nas seguintes \u00e1reas: A &#8211; Gradua\u00e7\u00e3o I &#8211; Bacharelado: Administra\u00e7\u00e3o Pscologia Direito<\/p>\n","protected":false},"author":6,"featured_media":0,"parent":81,"menu_order":0,"comment_status":"closed","ping_status":"closed","template":"templates\/template-pagina_menu_vertical.php","meta":{"footnotes":""},"categories":[],"tags":[],"class_list":["post-1202","page","type-page","status-publish","hentry"],"_links":{"self":[{"href":"https:\/\/portal.unisepe.com.br\/fasupi\/wp-json\/wp\/v2\/pages\/1202","targetHints":{"allow":["GET"]}}],"collection":[{"href":"https:\/\/portal.unisepe.com.br\/fasupi\/wp-json\/wp\/v2\/pages"}],"about":[{"href":"https:\/\/portal.unisepe.com.br\/fasupi\/wp-json\/wp\/v2\/types\/page"}],"author":[{"embeddable":true,"href":"https:\/\/portal.unisepe.com.br\/fasupi\/wp-json\/wp\/v2\/users\/6"}],"replies":[{"embeddable":true,"href":"https:\/\/portal.unisepe.com.br\/fasupi\/wp-json\/wp\/v2\/comments?post=1202"}],"version-history":[{"count":4,"href":"https:\/\/portal.unisepe.com.br\/fasupi\/wp-json\/wp\/v2\/pages\/1202\/revisions"}],"predecessor-version":[{"id":1748,"href":"https:\/\/portal.unisepe.com.br\/fasupi\/wp-json\/wp\/v2\/pages\/1202\/revisions\/1748"}],"up":[{"embeddable":true,"href":"https:\/\/portal.unisepe.com.br\/fasupi\/wp-json\/wp\/v2\/pages\/81"}],"wp:attachment":[{"href":"https:\/\/portal.unisepe.com.br\/fasupi\/wp-json\/wp\/v2\/media?parent=1202"}],"wp:term":[{"taxonomy":"category","embeddable":true,"href":"https:\/\/portal.unisepe.com.br\/fasupi\/wp-json\/wp\/v2\/categories?post=1202"},{"taxonomy":"post_tag","embeddable":true,"href":"https:\/\/portal.unisepe.com.br\/fasupi\/wp-json\/wp\/v2\/tags?post=1202"}],"curies":[{"name":"wp","href":"https:\/\/api.w.org\/{rel}","templated":true}]}}