{"id":346,"date":"2016-07-06T13:59:43","date_gmt":"2016-07-06T13:59:43","guid":{"rendered":"http:\/\/www.fasupi.com.br\/site\/?page_id=346"},"modified":"2016-07-06T13:59:43","modified_gmt":"2016-07-06T13:59:43","slug":"vestibular","status":"publish","type":"page","link":"https:\/\/portal.unisepe.com.br\/fasupi\/formas-de-ingresso\/vestibular\/","title":{"rendered":"Vestibular"},"content":{"rendered":"<div><strong>Aguardando AUTORIZA\u00c7\u00c3O para os cursos:<\/strong><\/div>\n<div id=\"ext-gen12763\">\n<table class=\"tabelaExibicao\">\n<tbody>\n<tr>\n<th id=\"ext-gen12771\">IES:<\/th>\n<td>Faculdade Sul Paulista de Itanha\u00e9m-<\/td>\n<\/tr>\n<tr>\n<th id=\"ext-gen12772\">Processo N\u00ba:<\/th>\n<td>201415351<\/td>\n<\/tr>\n<tr>\n<th>Protocolado em:<\/th>\n<td>16-10-2014<\/td>\n<\/tr>\n<tr>\n<th>Local de Oferta:<\/th>\n<td>Campus Principal, Rua Paulo Jos\u00e9 de Moraes S\/N, Saba\u00fana \u2013 Itanha\u00e9m\/SP<\/td>\n<\/tr>\n<tr>\n<th id=\"ext-gen12770\">Ato Autorizativo:<\/th>\n<td>Autoriza\u00e7\u00e3o<\/td>\n<\/tr>\n<tr>\n<th>Curso:<\/th>\n<td>PROCESSOS GERENCIAIS (Presencial \u2013 Tecnol\u00f3gico)<\/td>\n<\/tr>\n<\/tbody>\n<\/table>\n<div id=\"ext-gen12749\">\n<table class=\"tabelaExibicao\">\n<tbody>\n<tr>\n<th>IES:<\/th>\n<td>Faculdade Sul Paulista de Itanha\u00e9m-<\/td>\n<\/tr>\n<tr>\n<th>Processo N\u00ba:<\/th>\n<td>201415350<\/td>\n<\/tr>\n<tr>\n<th>Protocolado em:<\/th>\n<td>16-10-2014<\/td>\n<\/tr>\n<tr>\n<th id=\"ext-gen12745\">Local de Oferta:<\/th>\n<td>Campus Principal, Rua Paulo Jos\u00e9 de Moraes S\/N, Saba\u00fana \u2013 Itanha\u00e9m\/SP<\/td>\n<\/tr>\n<tr>\n<th>Ato Autorizativo:<\/th>\n<td>Autoriza\u00e7\u00e3o<\/td>\n<\/tr>\n<tr>\n<th>Curso:<\/th>\n<td>LOG\u00cdSTICA (Presencial \u2013 Tecnol\u00f3gico)<\/td>\n<\/tr>\n<\/tbody>\n<\/table>\n<table class=\"tabelaExibicao\">\n<tbody>\n<tr>\n<th>IES:<\/th>\n<td>Faculdade Sul Paulista de Itanha\u00e9m-<\/td>\n<\/tr>\n<tr>\n<th>Processo N\u00ba:<\/th>\n<td>201415349<\/td>\n<\/tr>\n<tr>\n<th>Protocolado em:<\/th>\n<td>16-10-2014<\/td>\n<\/tr>\n<tr>\n<th id=\"ext-gen12755\">Local de Oferta:<\/th>\n<td>Campus Principal, Rua Paulo Jos\u00e9 de Moraes S\/N, Saba\u00fana \u2013 Itanha\u00e9m\/SP<\/td>\n<\/tr>\n<tr>\n<th id=\"ext-gen12754\">Ato Autorizativo:<\/th>\n<td>Autoriza\u00e7\u00e3o<\/td>\n<\/tr>\n<tr>\n<th id=\"ext-gen12760\">Curso:<\/th>\n<td>GEST\u00c3O DE RECURSOS HUMANOS (Presencial \u2013 Tecnol\u00f3gico)<\/td>\n<\/tr>\n<\/tbody>\n<\/table>\n<table class=\"tabelaExibicao\">\n<tbody>\n<tr>\n<th id=\"ext-gen12761\">IES:<\/th>\n<td>Faculdade Sul Paulista de Itanha\u00e9m-<\/td>\n<\/tr>\n<tr>\n<th id=\"ext-gen12762\">Processo N\u00ba:<\/th>\n<td>201415348<\/td>\n<\/tr>\n<tr>\n<th id=\"ext-gen12753\">Protocolado em:<\/th>\n<td>16-10-2014<\/td>\n<\/tr>\n<tr>\n<th id=\"ext-gen12752\">Local de Oferta:<\/th>\n<td>Campus Principal, Rua Paulo Jos\u00e9 de Moraes S\/N, Saba\u00fana \u2013 Itanha\u00e9m\/SP<\/td>\n<\/tr>\n<tr>\n<th id=\"ext-gen12751\">Ato Autorizativo:<\/th>\n<td>Autoriza\u00e7\u00e3o<\/td>\n<\/tr>\n<tr>\n<th id=\"ext-gen12750\">Curso:<\/th>\n<td>ADMINISTRA\u00c7\u00c3O (Presencial \u2013 Bacharelado)<\/td>\n<\/tr>\n<\/tbody>\n<\/table>\n<p>&nbsp;<\/p>\n<p><strong>Aguardando o Credenciamento da Institui\u00e7\u00e3o de Ensino Superior:<\/strong><\/p>\n<\/div>\n<div id=\"ext-gen12747\">\n<table id=\"ext-gen12769\" class=\"tabelaExibicao\">\n<tbody>\n<tr>\n<th id=\"ext-gen12764\">IES:<\/th>\n<td>Faculdade Sul Paulista de Itanha\u00e9m-<\/td>\n<\/tr>\n<tr>\n<th id=\"ext-gen12765\">Processo N\u00ba:<\/th>\n<td>201415314<\/td>\n<\/tr>\n<tr>\n<th id=\"ext-gen12766\">Protocolado em:<\/th>\n<td>16-10-2014<\/td>\n<\/tr>\n<tr>\n<th id=\"ext-gen12767\">Local de Oferta:<\/th>\n<td>Campus Principal, Rua Paulo Jos\u00e9 de Moraes S\/N, Saba\u00fana \u2013 Itanha\u00e9m\/SP<\/td>\n<\/tr>\n<tr>\n<th id=\"ext-gen12768\">Ato Autorizativo:<\/th>\n<td>Credenciamento<\/td>\n<\/tr>\n<\/tbody>\n<\/table>\n<\/div>\n<\/div>\n<p>&nbsp;<\/p>\n","protected":false},"excerpt":{"rendered":"<p>Aguardando AUTORIZA\u00c7\u00c3O para os cursos: IES: Faculdade Sul Paulista de Itanha\u00e9m- Processo N\u00ba: 201415351 Protocolado em: 16-10-2014 Local de Oferta: Campus Principal, Rua Paulo Jos\u00e9 de Moraes S\/N, Saba\u00fana \u2013 Itanha\u00e9m\/SP Ato Autorizativo: Autoriza\u00e7\u00e3o Curso: PROCESSOS GERENCIAIS (Presencial \u2013 Tecnol\u00f3gico) IES: Faculdade Sul Paulista de Itanha\u00e9m- Processo N\u00ba: 201415350 Protocolado<\/p>\n","protected":false},"author":1,"featured_media":0,"parent":334,"menu_order":0,"comment_status":"closed","ping_status":"closed","template":"templates\/template-pagina_menu_vertical.php","meta":{"footnotes":""},"categories":[],"tags":[],"class_list":["post-346","page","type-page","status-publish","hentry"],"_links":{"self":[{"href":"https:\/\/portal.unisepe.com.br\/fasupi\/wp-json\/wp\/v2\/pages\/346","targetHints":{"allow":["GET"]}}],"collection":[{"href":"https:\/\/portal.unisepe.com.br\/fasupi\/wp-json\/wp\/v2\/pages"}],"about":[{"href":"https:\/\/portal.unisepe.com.br\/fasupi\/wp-json\/wp\/v2\/types\/page"}],"author":[{"embeddable":true,"href":"https:\/\/portal.unisepe.com.br\/fasupi\/wp-json\/wp\/v2\/users\/1"}],"replies":[{"embeddable":true,"href":"https:\/\/portal.unisepe.com.br\/fasupi\/wp-json\/wp\/v2\/comments?post=346"}],"version-history":[{"count":0,"href":"https:\/\/portal.unisepe.com.br\/fasupi\/wp-json\/wp\/v2\/pages\/346\/revisions"}],"up":[{"embeddable":true,"href":"https:\/\/portal.unisepe.com.br\/fasupi\/wp-json\/wp\/v2\/pages\/334"}],"wp:attachment":[{"href":"https:\/\/portal.unisepe.com.br\/fasupi\/wp-json\/wp\/v2\/media?parent=346"}],"wp:term":[{"taxonomy":"category","embeddable":true,"href":"https:\/\/portal.unisepe.com.br\/fasupi\/wp-json\/wp\/v2\/categories?post=346"},{"taxonomy":"post_tag","embeddable":true,"href":"https:\/\/portal.unisepe.com.br\/fasupi\/wp-json\/wp\/v2\/tags?post=346"}],"curies":[{"name":"wp","href":"https:\/\/api.w.org\/{rel}","templated":true}]}}