{"id":1557,"date":"2017-07-10T16:18:26","date_gmt":"2017-07-10T19:18:26","guid":{"rendered":"http:\/\/www.fvr.edu.br\/?page_id=1557"},"modified":"2020-09-24T08:53:04","modified_gmt":"2020-09-24T11:53:04","slug":"ouvidoria","status":"publish","type":"page","link":"https:\/\/portal.unisepe.com.br\/fpbe\/ouvidoria\/","title":{"rendered":"Ouvidoria"},"content":{"rendered":"<blockquote><p><strong>Essa ouvidoria \u00e9 destinada ao publico externo da institui\u00e7\u00e3o. Caso voc\u00ea j\u00e1 seja um(a) aluno(a), <a id=\"portal-link\" title=\"portal\" href=\"#line-form\">clique aqui<\/a> para fazer o login e efetuar sua ouvidoria atrav\u00e9s do portal.<\/strong><\/p><\/blockquote>\n<p class='text-center'>\n<a class='btn btn-primary btn-block' href='http:\/\/central.unisep.com.br\/newsige\/ouvidoriaExterna.php?filial=0008'>Iniciar ouvidoria<\/a>\n<\/p>\n<p><!--\n<iframe id=\"contentOuv\" style=\"width: 100%; height: 1100px;\" src=\"http:\/\/central.unisep.com.br\/newsige\/ouvidoriaExterna.php?filial=0008\" name=\"contentOuv\"><\/iframe>\n--><\/p>\n","protected":false},"excerpt":{"rendered":"<p>Essa ouvidoria \u00e9 destinada ao publico externo da institui\u00e7\u00e3o. Caso voc\u00ea j\u00e1 seja um(a) aluno(a), clique aqui para fazer o login e efetuar sua ouvidoria atrav\u00e9s do portal. Iniciar ouvidoria<\/p>\n","protected":false},"author":6,"featured_media":0,"parent":0,"menu_order":0,"comment_status":"closed","ping_status":"closed","template":"templates\/template-pagina_menu_horizontal.php","meta":{"footnotes":""},"categories":[],"tags":[],"class_list":["post-1557","page","type-page","status-publish","hentry"],"_links":{"self":[{"href":"https:\/\/portal.unisepe.com.br\/fpbe\/wp-json\/wp\/v2\/pages\/1557","targetHints":{"allow":["GET"]}}],"collection":[{"href":"https:\/\/portal.unisepe.com.br\/fpbe\/wp-json\/wp\/v2\/pages"}],"about":[{"href":"https:\/\/portal.unisepe.com.br\/fpbe\/wp-json\/wp\/v2\/types\/page"}],"author":[{"embeddable":true,"href":"https:\/\/portal.unisepe.com.br\/fpbe\/wp-json\/wp\/v2\/users\/6"}],"replies":[{"embeddable":true,"href":"https:\/\/portal.unisepe.com.br\/fpbe\/wp-json\/wp\/v2\/comments?post=1557"}],"version-history":[{"count":10,"href":"https:\/\/portal.unisepe.com.br\/fpbe\/wp-json\/wp\/v2\/pages\/1557\/revisions"}],"predecessor-version":[{"id":3488,"href":"https:\/\/portal.unisepe.com.br\/fpbe\/wp-json\/wp\/v2\/pages\/1557\/revisions\/3488"}],"wp:attachment":[{"href":"https:\/\/portal.unisepe.com.br\/fpbe\/wp-json\/wp\/v2\/media?parent=1557"}],"wp:term":[{"taxonomy":"category","embeddable":true,"href":"https:\/\/portal.unisepe.com.br\/fpbe\/wp-json\/wp\/v2\/categories?post=1557"},{"taxonomy":"post_tag","embeddable":true,"href":"https:\/\/portal.unisepe.com.br\/fpbe\/wp-json\/wp\/v2\/tags?post=1557"}],"curies":[{"name":"wp","href":"https:\/\/api.w.org\/{rel}","templated":true}]}}