{"id":3703,"date":"2022-06-06T14:45:23","date_gmt":"2022-06-06T17:45:23","guid":{"rendered":"https:\/\/portal.unisepe.com.br\/fpbe\/?page_id=3703"},"modified":"2024-02-15T18:13:38","modified_gmt":"2024-02-15T21:13:38","slug":"repositorio","status":"publish","type":"page","link":"https:\/\/portal.unisepe.com.br\/fpbe\/biblioteca\/repositorio\/","title":{"rendered":"Reposit\u00f3rio"},"content":{"rendered":"<p><strong>Apresenta\u00e7\u00e3o<\/strong><\/p>\n<hr \/>\n<p><span>O Reposit\u00f3rio Institucional da Faculdade Peru\u00edbe tem por objetivo armazenar, preservar, disseminar e possibilitar o acesso aberto, como bem p\u00fablico global, \u00e0 produ\u00e7\u00e3o cient\u00edfica, acad\u00eamica, art\u00edstica, t\u00e9cnica e administrativa da Universidade.<\/span><\/p>\n<p>&nbsp;<\/p>\n<p><strong>Reposit\u00f3rio dos cursos<\/strong><\/p>\n<hr \/>\n<ul>\n<li><a href=\"https:\/\/portal.unisepe.com.br\/fpbe\/educacao-fisica-2\/\">Educa\u00e7\u00e3o Fis\u00edca 2020<\/a><\/li>\n<li><a href=\"https:\/\/portal.unisepe.com.br\/fpbe\/repositorio-do-curso-de-educacao-fisica-2022\/\">Educa\u00e7\u00e3o Fis\u00edca 2022<\/a><\/li>\n<li><a href=\"https:\/\/portal.unisepe.com.br\/fpbe\/repositorio-do-curso-de-educacao-fisica-2023\/\">Educa\u00e7\u00e3o fis\u00edca 2023<\/a><\/li>\n<\/ul>\n<hr \/>\n<ul>\n<li><a href=\"https:\/\/portal.unisepe.com.br\/fpbe\/repositorio-de-enfermagem-2021\/\">Enfermagem 2021<\/a><\/li>\n<li><a href=\"https:\/\/portal.unisepe.com.br\/fpbe\/repositorio-do-curso-de-educacao-fisica-2022\/\"><\/a><a href=\"https:\/\/portal.unisepe.com.br\/fpbe\/wp-content\/uploads\/sites\/10008\/2023\/06\/PREVAL\u00caNCIA-DAS-DOEN\u00c7AS-ERGON\u00d4MICAS-RELACIONADO-AOS-PROFISSIONAIS-DE-ENFERMAGEM-NO-MUNIC\u00cdPIO-DE-ITANHA\u00c9M.pdf\"><\/a><a href=\"https:\/\/portal.unisepe.com.br\/fpbe\/repositorio-de-enfermagem-2022\/\">Enfermagem 2022<\/a><\/li>\n<\/ul>\n<hr \/>\n<ul>\n<li><a href=\"https:\/\/portal.unisepe.com.br\/fpbe\/repositorio-de-fisioterapia-2023\/\">Fisioterapia 2023<\/a><\/li>\n<\/ul>\n","protected":false},"excerpt":{"rendered":"<p>Apresenta\u00e7\u00e3o O Reposit\u00f3rio Institucional da Faculdade Peru\u00edbe tem por objetivo armazenar, preservar, disseminar e possibilitar o acesso aberto, como bem p\u00fablico global, \u00e0 produ\u00e7\u00e3o cient\u00edfica, acad\u00eamica, art\u00edstica, t\u00e9cnica e administrativa da Universidade. &nbsp; Reposit\u00f3rio dos cursos Educa\u00e7\u00e3o Fis\u00edca 2020 Educa\u00e7\u00e3o Fis\u00edca 2022 Educa\u00e7\u00e3o fis\u00edca 2023 Enfermagem 2021 Enfermagem 2022 Fisioterapia<\/p>\n","protected":false},"author":6,"featured_media":0,"parent":285,"menu_order":0,"comment_status":"closed","ping_status":"closed","template":"templates\/template-pagina_menu_vertical.php","meta":{"footnotes":""},"categories":[],"tags":[],"class_list":["post-3703","page","type-page","status-publish","hentry"],"_links":{"self":[{"href":"https:\/\/portal.unisepe.com.br\/fpbe\/wp-json\/wp\/v2\/pages\/3703","targetHints":{"allow":["GET"]}}],"collection":[{"href":"https:\/\/portal.unisepe.com.br\/fpbe\/wp-json\/wp\/v2\/pages"}],"about":[{"href":"https:\/\/portal.unisepe.com.br\/fpbe\/wp-json\/wp\/v2\/types\/page"}],"author":[{"embeddable":true,"href":"https:\/\/portal.unisepe.com.br\/fpbe\/wp-json\/wp\/v2\/users\/6"}],"replies":[{"embeddable":true,"href":"https:\/\/portal.unisepe.com.br\/fpbe\/wp-json\/wp\/v2\/comments?post=3703"}],"version-history":[{"count":13,"href":"https:\/\/portal.unisepe.com.br\/fpbe\/wp-json\/wp\/v2\/pages\/3703\/revisions"}],"predecessor-version":[{"id":4707,"href":"https:\/\/portal.unisepe.com.br\/fpbe\/wp-json\/wp\/v2\/pages\/3703\/revisions\/4707"}],"up":[{"embeddable":true,"href":"https:\/\/portal.unisepe.com.br\/fpbe\/wp-json\/wp\/v2\/pages\/285"}],"wp:attachment":[{"href":"https:\/\/portal.unisepe.com.br\/fpbe\/wp-json\/wp\/v2\/media?parent=3703"}],"wp:term":[{"taxonomy":"category","embeddable":true,"href":"https:\/\/portal.unisepe.com.br\/fpbe\/wp-json\/wp\/v2\/categories?post=3703"},{"taxonomy":"post_tag","embeddable":true,"href":"https:\/\/portal.unisepe.com.br\/fpbe\/wp-json\/wp\/v2\/tags?post=3703"}],"curies":[{"name":"wp","href":"https:\/\/api.w.org\/{rel}","templated":true}]}}