{"id":3868,"date":"2022-11-23T21:40:58","date_gmt":"2022-11-24T00:40:58","guid":{"rendered":"https:\/\/portal.unisepe.com.br\/fpbe\/?page_id=3868"},"modified":"2024-05-07T17:17:43","modified_gmt":"2024-05-07T20:17:43","slug":"producao-academica-e-cientifica-2","status":"publish","type":"page","link":"https:\/\/portal.unisepe.com.br\/fpbe\/fisioterapia\/producao-academica-e-cientifica-2\/","title":{"rendered":"Produ\u00e7\u00e3o acad\u00eamica e Cient\u00edfica"},"content":{"rendered":"<p><strong>Anais da Jornada Cientifica FPbe<\/strong><\/p>\n<ul>\n<li><a href=\"https:\/\/portal.unisepe.com.br\/fpbe\/wp-content\/uploads\/sites\/10008\/2023\/04\/EDITAL-2020.pdf\">Edital 2020<\/a><\/li>\n<li><a href=\"https:\/\/portal.unisepe.com.br\/fpbe\/wp-content\/uploads\/sites\/10008\/2023\/04\/Jornada-Cient\u00edfica-e-Dia-da-Fisioterapia-2020.docx.pdf\">Jornada Cient\u00edfica e Dia da Fisioterapia 2020.docx<\/a><\/li>\n<li><a href=\"https:\/\/portal.unisepe.com.br\/fpbe\/wp-content\/uploads\/sites\/10008\/2024\/05\/ANAIS_FPBE_2023-2.pdf\">Anais FPBE 2023<\/a><a href=\"https:\/\/portal.unisepe.com.br\/fpbe\/wp-content\/uploads\/sites\/10008\/2023\/02\/ANAIS_FPBE-2020.pdf\"><\/a><\/li>\n<li><a href=\"https:\/\/portal.unisepe.com.br\/fpbe\/wp-content\/uploads\/sites\/10008\/2024\/05\/Regras-jornada-2023.pdf\">Regras jornada 2023<\/a><\/li>\n<li><a href=\"https:\/\/portal.unisepe.com.br\/fpbe\/wp-content\/uploads\/sites\/10008\/2024\/05\/Programa\u00e7\u00e3o-da-jornada.pdf\">Programa\u00e7\u00e3o da Jornada<\/a><\/li>\n<\/ul>\n<p>&nbsp;<\/p>\n<ul>\n<li><a href=\"https:\/\/portal.unisepe.com.br\/fpbe\/wp-content\/uploads\/sites\/10008\/2023\/04\/EDITAL-2021.pdf\">Edital 2021<\/a><\/li>\n<li><a href=\"https:\/\/portal.unisepe.com.br\/fpbe\/wp-content\/uploads\/sites\/10008\/2023\/04\/Jornada-Cientifica-2021.pdf\">Jornada Cientifica 2021<\/a><\/li>\n<\/ul>\n<p>&nbsp;<\/p>\n<ul>\n<li><a href=\"https:\/\/portal.unisepe.com.br\/fpbe\/wp-content\/uploads\/sites\/10008\/2023\/04\/EDITAL-2022.pdf\">Edital 2022<\/a><\/li>\n<li><a href=\"https:\/\/portal.unisepe.com.br\/fpbe\/wp-content\/uploads\/sites\/10008\/2022\/11\/Produ\u00e7\u00e3o-academica-Jornada-cientifica.pdf\">X Jornada cientifica <\/a><a href=\"https:\/\/portal.unisepe.com.br\/fpbe\/wp-content\/uploads\/sites\/10008\/2022\/11\/Produ\u00e7\u00e3o-academica-Jornada-cientifica.pdf\" target=\"_blank\" rel=\"noopener noreferrer\">2022<\/a><\/li>\n<li><a href=\"https:\/\/portal.unisepe.com.br\/fpbe\/wp-content\/uploads\/sites\/10008\/2023\/02\/ANAIS_FPBE-2022.pdf\">Anais FPBE 2022<\/a><\/li>\n<\/ul>\n<p>&nbsp;<\/p>\n<p><strong>Bolsa de inicia\u00e7\u00e3o Cientifica Santander<\/strong><\/p>\n<ul>\n<li><a href=\"https:\/\/portal.unisepe.com.br\/fpbe\/wp-content\/uploads\/sites\/10008\/2023\/04\/Alunos-contemplados-2019-2022.pdf\">Alunos Contemplados 2019 &#8211; 2022<\/a><\/li>\n<\/ul>\n<p>&nbsp;<\/p>\n<p><strong>Grupo de Estudo e Liga cientifica<\/strong><\/p>\n<ul>\n<li><a href=\"https:\/\/portal.unisepe.com.br\/fpbe\/wp-content\/uploads\/sites\/10008\/2023\/04\/Sele%C3%A7%C3%A3o-Liga-Acad%C3%AAmica-LATI-2022.pdf\">Sele\u00e7\u00e3o Liga Acad\u00eamica LATI \u2013 2022<\/a><\/li>\n<li><a href=\"https:\/\/portal.unisepe.com.br\/fpbe\/wp-content\/uploads\/sites\/10008\/2023\/04\/Resultados-LATI-2022.pdf\">Resultados LATI 2022<\/a><\/li>\n<\/ul>\n","protected":false},"excerpt":{"rendered":"<p>Anais da Jornada Cientifica FPbe Edital 2020 Jornada Cient\u00edfica e Dia da Fisioterapia 2020.docx Anais FPBE 2023 Regras jornada 2023 Programa\u00e7\u00e3o da Jornada &nbsp; Edital 2021 Jornada Cientifica 2021 &nbsp; Edital 2022 X Jornada cientifica 2022 Anais FPBE 2022 &nbsp; Bolsa de inicia\u00e7\u00e3o Cientifica Santander Alunos Contemplados 2019 &#8211; 2022<\/p>\n","protected":false},"author":6,"featured_media":0,"parent":417,"menu_order":0,"comment_status":"closed","ping_status":"closed","template":"templates\/template-pagina_menu_vertical.php","meta":{"footnotes":""},"categories":[],"tags":[],"class_list":["post-3868","page","type-page","status-publish","hentry"],"_links":{"self":[{"href":"https:\/\/portal.unisepe.com.br\/fpbe\/wp-json\/wp\/v2\/pages\/3868","targetHints":{"allow":["GET"]}}],"collection":[{"href":"https:\/\/portal.unisepe.com.br\/fpbe\/wp-json\/wp\/v2\/pages"}],"about":[{"href":"https:\/\/portal.unisepe.com.br\/fpbe\/wp-json\/wp\/v2\/types\/page"}],"author":[{"embeddable":true,"href":"https:\/\/portal.unisepe.com.br\/fpbe\/wp-json\/wp\/v2\/users\/6"}],"replies":[{"embeddable":true,"href":"https:\/\/portal.unisepe.com.br\/fpbe\/wp-json\/wp\/v2\/comments?post=3868"}],"version-history":[{"count":8,"href":"https:\/\/portal.unisepe.com.br\/fpbe\/wp-json\/wp\/v2\/pages\/3868\/revisions"}],"predecessor-version":[{"id":4798,"href":"https:\/\/portal.unisepe.com.br\/fpbe\/wp-json\/wp\/v2\/pages\/3868\/revisions\/4798"}],"up":[{"embeddable":true,"href":"https:\/\/portal.unisepe.com.br\/fpbe\/wp-json\/wp\/v2\/pages\/417"}],"wp:attachment":[{"href":"https:\/\/portal.unisepe.com.br\/fpbe\/wp-json\/wp\/v2\/media?parent=3868"}],"wp:term":[{"taxonomy":"category","embeddable":true,"href":"https:\/\/portal.unisepe.com.br\/fpbe\/wp-json\/wp\/v2\/categories?post=3868"},{"taxonomy":"post_tag","embeddable":true,"href":"https:\/\/portal.unisepe.com.br\/fpbe\/wp-json\/wp\/v2\/tags?post=3868"}],"curies":[{"name":"wp","href":"https:\/\/api.w.org\/{rel}","templated":true}]}}