{"id":4179,"date":"2023-02-24T20:37:06","date_gmt":"2023-02-24T23:37:06","guid":{"rendered":"https:\/\/portal.unisepe.com.br\/fpbe\/?page_id=4179"},"modified":"2023-07-04T15:27:17","modified_gmt":"2023-07-04T18:27:17","slug":"manuais-e-formularios","status":"publish","type":"page","link":"https:\/\/portal.unisepe.com.br\/fpbe\/fisioterapia\/manuais-e-formularios\/","title":{"rendered":"Manuais e Formul\u00e1rios"},"content":{"rendered":"<ul>\n<li><a href=\"https:\/\/portal.unisepe.com.br\/fpbe\/wp-content\/uploads\/sites\/10008\/2022\/06\/RELAT\u00d3RIO-DE-AULA-PR\u00c1TICA.pdf\">Relat\u00f3rio de aula pr\u00e1tica<\/a><\/li>\n<li><a href=\"https:\/\/portal.unisepe.com.br\/fpbe\/wp-content\/uploads\/sites\/10008\/2022\/06\/Relat\u00f3rio-AACC.pdf\">Relat\u00f3rio AACC<\/a><\/li>\n<li><a href=\"https:\/\/portal.unisepe.com.br\/fpbe\/wp-content\/uploads\/sites\/10008\/2022\/06\/Regulamento_Pasta_PROERS.pdf\">Regulamento Pasta PROERS<\/a><\/li>\n<li><a href=\"https:\/\/portal.unisepe.com.br\/fpbe\/wp-content\/uploads\/sites\/10008\/2022\/06\/regulamento-institucional-EXTENS\u00c3O-presencial_EAD.pdf\">Regulamento institucional Extens\u00e3o presencial EAD<\/a><\/li>\n<li><a href=\"https:\/\/portal.unisepe.com.br\/fpbe\/wp-content\/uploads\/sites\/10008\/2022\/06\/MODELO-ARTIGOS-2022.pdf\">Modelo Artigo 2022<\/a><\/li>\n<li><a href=\"https:\/\/portal.unisepe.com.br\/fpbe\/wp-content\/uploads\/sites\/10008\/2022\/06\/MODELO-DE-CAPA-DE-TCC.pdf\">Modelo e capa TCC<\/a><\/li>\n<\/ul>\n<p>&nbsp;<\/p>\n<p><strong>Edital para solicita\u00e7\u00e3o de depend\u00eancias\u00a0<\/strong><\/p>\n<hr \/>\n<ul>\n<li><a href=\"https:\/\/portal.unisepe.com.br\/fpbe\/wp-content\/uploads\/sites\/10008\/2023\/07\/ORIENTA\u00c7\u00d5ES-GERAIS-PARA-AS-ATIVIDADES-DE-DEPEND\u00caNCIAS.pdf\">Orienta\u00e7\u00f5es Gerais Para As Atividades De Depend\u00eancias<\/a><\/li>\n<\/ul>\n","protected":false},"excerpt":{"rendered":"<p>Relat\u00f3rio de aula pr\u00e1tica Relat\u00f3rio AACC Regulamento Pasta PROERS Regulamento institucional Extens\u00e3o presencial EAD Modelo Artigo 2022 Modelo e capa TCC &nbsp; Edital para solicita\u00e7\u00e3o de depend\u00eancias\u00a0 Orienta\u00e7\u00f5es Gerais Para As Atividades De Depend\u00eancias<\/p>\n","protected":false},"author":6,"featured_media":0,"parent":417,"menu_order":0,"comment_status":"closed","ping_status":"closed","template":"templates\/template-pagina_menu_vertical.php","meta":{"footnotes":""},"categories":[],"tags":[],"class_list":["post-4179","page","type-page","status-publish","hentry"],"_links":{"self":[{"href":"https:\/\/portal.unisepe.com.br\/fpbe\/wp-json\/wp\/v2\/pages\/4179","targetHints":{"allow":["GET"]}}],"collection":[{"href":"https:\/\/portal.unisepe.com.br\/fpbe\/wp-json\/wp\/v2\/pages"}],"about":[{"href":"https:\/\/portal.unisepe.com.br\/fpbe\/wp-json\/wp\/v2\/types\/page"}],"author":[{"embeddable":true,"href":"https:\/\/portal.unisepe.com.br\/fpbe\/wp-json\/wp\/v2\/users\/6"}],"replies":[{"embeddable":true,"href":"https:\/\/portal.unisepe.com.br\/fpbe\/wp-json\/wp\/v2\/comments?post=4179"}],"version-history":[{"count":3,"href":"https:\/\/portal.unisepe.com.br\/fpbe\/wp-json\/wp\/v2\/pages\/4179\/revisions"}],"predecessor-version":[{"id":4592,"href":"https:\/\/portal.unisepe.com.br\/fpbe\/wp-json\/wp\/v2\/pages\/4179\/revisions\/4592"}],"up":[{"embeddable":true,"href":"https:\/\/portal.unisepe.com.br\/fpbe\/wp-json\/wp\/v2\/pages\/417"}],"wp:attachment":[{"href":"https:\/\/portal.unisepe.com.br\/fpbe\/wp-json\/wp\/v2\/media?parent=4179"}],"wp:term":[{"taxonomy":"category","embeddable":true,"href":"https:\/\/portal.unisepe.com.br\/fpbe\/wp-json\/wp\/v2\/categories?post=4179"},{"taxonomy":"post_tag","embeddable":true,"href":"https:\/\/portal.unisepe.com.br\/fpbe\/wp-json\/wp\/v2\/tags?post=4179"}],"curies":[{"name":"wp","href":"https:\/\/api.w.org\/{rel}","templated":true}]}}