{"id":4400,"date":"2023-04-25T16:54:05","date_gmt":"2023-04-25T19:54:05","guid":{"rendered":"https:\/\/portal.unisepe.com.br\/fpbe\/?page_id=4400"},"modified":"2023-04-25T18:17:45","modified_gmt":"2023-04-25T21:17:45","slug":"pesquisa-cientifica","status":"publish","type":"page","link":"https:\/\/portal.unisepe.com.br\/fpbe\/ciencias-contabeis\/pesquisa-cientifica\/","title":{"rendered":"Pesquisa Cient\u00edfica"},"content":{"rendered":"<ul>\n<li><a href=\"https:\/\/portal.unisepe.com.br\/fpbe\/wp-content\/uploads\/sites\/10008\/2023\/04\/I-Simp\u00f3sio-dos-cursos-de-Administra\u00e7\u00e3o-e-Cont\u00e1beis-3.pdf\">Simp\u00f3sio dos cursos de Administra\u00e7\u00e3o e Cont\u00e1beis <\/a> <a href=\"https:\/\/portal.unisepe.com.br\/fpbe\/wp-content\/uploads\/sites\/10008\/2023\/04\/orientacoes_para_elaboracao_de_artigos_revista_eletronica.pdf\"><\/a><\/li>\n<li><a href=\"https:\/\/portal.unisepe.com.br\/fpbe\/wp-content\/uploads\/sites\/10008\/2023\/04\/orientacoes_para_elaboracao_de_artigos_revista_eletronica.pdf\">Orientacoes para elaboracao de artigos revista eletronica<\/a><\/li>\n<li><a href=\"https:\/\/portal.unisepe.com.br\/fpbe\/wp-content\/uploads\/sites\/10008\/2023\/04\/ORIENTADORES-IC-EQUIPE-MULTIDISCIPLINAR.pdf\">Orientadores IC Equipe Multidisciplinas<\/a><\/li>\n<li><a href=\"https:\/\/portal.unisepe.com.br\/fpbe\/wp-content\/uploads\/sites\/10008\/2023\/04\/RELATORIO_GERAL_CPEX_JORNADA-CIENTIFICA_2022.pdf\">Relat\u00f3rio Geral CPEX Jornada Cient\u00edfica &#8211; 2022<\/a><\/li>\n<li><a href=\"https:\/\/portal.unisepe.com.br\/fpbe\/wp-content\/uploads\/sites\/10008\/2023\/04\/Template-Revista-Gest\u00e3o-em-Foco.pdf\">Template Revista Gest\u00e3o em Foco<\/a><\/li>\n<li><a href=\"https:\/\/portal.unisepe.com.br\/fpbe\/wp-content\/uploads\/sites\/10008\/2023\/04\/EDITAL-DO-PROGRAMA-DE-INICIA\u00c7\u00c3O-CIENT\u00cdFICA.pdf\">Edital do Programa de Inicia\u00e7\u00e3o Cient\u00edfica<\/a><\/li>\n<\/ul>\n","protected":false},"excerpt":{"rendered":"<p>Simp\u00f3sio dos cursos de Administra\u00e7\u00e3o e Cont\u00e1beis Orientacoes para elaboracao de artigos revista eletronica Orientadores IC Equipe Multidisciplinas Relat\u00f3rio Geral CPEX Jornada Cient\u00edfica &#8211; 2022 Template Revista Gest\u00e3o em Foco Edital do Programa de Inicia\u00e7\u00e3o Cient\u00edfica<\/p>\n","protected":false},"author":6,"featured_media":0,"parent":331,"menu_order":0,"comment_status":"closed","ping_status":"closed","template":"templates\/template-pagina_menu_vertical.php","meta":{"footnotes":""},"categories":[],"tags":[],"class_list":["post-4400","page","type-page","status-publish","hentry"],"_links":{"self":[{"href":"https:\/\/portal.unisepe.com.br\/fpbe\/wp-json\/wp\/v2\/pages\/4400","targetHints":{"allow":["GET"]}}],"collection":[{"href":"https:\/\/portal.unisepe.com.br\/fpbe\/wp-json\/wp\/v2\/pages"}],"about":[{"href":"https:\/\/portal.unisepe.com.br\/fpbe\/wp-json\/wp\/v2\/types\/page"}],"author":[{"embeddable":true,"href":"https:\/\/portal.unisepe.com.br\/fpbe\/wp-json\/wp\/v2\/users\/6"}],"replies":[{"embeddable":true,"href":"https:\/\/portal.unisepe.com.br\/fpbe\/wp-json\/wp\/v2\/comments?post=4400"}],"version-history":[{"count":3,"href":"https:\/\/portal.unisepe.com.br\/fpbe\/wp-json\/wp\/v2\/pages\/4400\/revisions"}],"predecessor-version":[{"id":4409,"href":"https:\/\/portal.unisepe.com.br\/fpbe\/wp-json\/wp\/v2\/pages\/4400\/revisions\/4409"}],"up":[{"embeddable":true,"href":"https:\/\/portal.unisepe.com.br\/fpbe\/wp-json\/wp\/v2\/pages\/331"}],"wp:attachment":[{"href":"https:\/\/portal.unisepe.com.br\/fpbe\/wp-json\/wp\/v2\/media?parent=4400"}],"wp:term":[{"taxonomy":"category","embeddable":true,"href":"https:\/\/portal.unisepe.com.br\/fpbe\/wp-json\/wp\/v2\/categories?post=4400"},{"taxonomy":"post_tag","embeddable":true,"href":"https:\/\/portal.unisepe.com.br\/fpbe\/wp-json\/wp\/v2\/tags?post=4400"}],"curies":[{"name":"wp","href":"https:\/\/api.w.org\/{rel}","templated":true}]}}