{"id":4921,"date":"2024-08-19T15:43:57","date_gmt":"2024-08-19T18:43:57","guid":{"rendered":"https:\/\/portal.unisepe.com.br\/fpbe\/?page_id=4921"},"modified":"2024-08-19T15:44:00","modified_gmt":"2024-08-19T18:44:00","slug":"links-e-revistas-educacao-fisica","status":"publish","type":"page","link":"https:\/\/portal.unisepe.com.br\/fpbe\/links-e-revistas-educacao-fisica\/","title":{"rendered":"Links e revistas Educa\u00e7\u00e3o F\u00edsica"},"content":{"rendered":"<h4><span style=\"font-family: 'arial black', sans-serif\">Revista de Livre acesso Educa\u00e7\u00e3o F\u00edsica<\/span><\/h4>\n<p>&nbsp;<\/p>\n<ul>\n<li>Revistas Eletronicas UNISEPE\n<ul>\n<li><a href=\"https:\/\/portal.unisepe.com.br\/unifia\/direito-em-foco\/\" target=\"_blank\" rel=\"noopener noreferrer\">Direito em Foco \u2013 Todas as Edi\u00e7\u00f5es<\/a><\/li>\n<li><a href=\"https:\/\/portal.unisepe.com.br\/unifia\/educacao-em-foco\/\" target=\"_blank\" rel=\"noopener noreferrer\">Educa\u00e7\u00e3o em Foco \u2013 Todas as Edi\u00e7\u00f5es<\/a><\/li>\n<li><a href=\"https:\/\/portal.unisepe.com.br\/unifia\/gestao-em-foco\/\" target=\"_blank\" rel=\"noopener noreferrer\">Gest\u00e3o em Foco \u2013 \u00a0Todas as Edi\u00e7\u00f5es<\/a><\/li>\n<li><a href=\"https:\/\/portal.unisepe.com.br\/unifia\/saude-em-foco\/\" target=\"_blank\" rel=\"noopener noreferrer\">Sa\u00fade em Foco \u2013 \u00a0Todas as Edi\u00e7\u00f5es<\/a><\/li>\n<li><a href=\"https:\/\/portal.unisepe.com.br\/unifia\/anais-peruibe\/\" target=\"_blank\" rel=\"noopener noreferrer\">Anais Peru\u00edbe \u2013 Todas as Edi\u00e7\u00f5es<\/a><\/li>\n<li><a href=\"https:\/\/portal.unisepe.com.br\/unifia\/anais-sao-lourenco\/\" target=\"_blank\" rel=\"noopener noreferrer\">Anais S\u00e3o Louren\u00e7o \u2013 Todas as Edi\u00e7\u00f5es<\/a><\/li>\n<li><a href=\"https:\/\/portal.unisepe.com.br\/unifia\/anais-unifia\/\" target=\"_blank\" rel=\"noopener noreferrer\">Anais UNIFIA \u2013 Todas as Edi\u00e7\u00f5es<\/a><\/li>\n<li><a href=\"https:\/\/portal.unisepe.com.br\/unifia\/anais-centro-universitario-vale-do-ribeira-univr-registro-sp\/\" target=\"_blank\" rel=\"noopener noreferrer\">Anais Centro Universit\u00e1rio Vale do Ribeira \u2013 UniVr \u2013 Registro\/SP \u2013 Todas as Edi\u00e7\u00f5es<\/a><\/li>\n<li><a href=\"https:\/\/portal.unisepe.com.br\/unifia\/wp-content\/uploads\/sites\/10001\/2024\/01\/resumo_publicacoes_revista_2023.pdf\" target=\"_blank\" rel=\"noopener noreferrer\">Resumo Publica\u00e7\u00f5es Revistas Unisepe \u2013 2023<\/a><\/li>\n<\/ul>\n<\/li>\n<\/ul>\n<hr \/>\n<ul>\n<li><a href=\"https:\/\/e-revista.unioeste.br\/index.php\/cadernoedfisica\">Caderno de Educa\u00e7\u00e3o F\u00edsica e Esporte<\/a><\/li>\n<li><a href=\"http:\/\/www.periodicos.uem.br\/ojs\/index.php\/RevEducFis\/index\">Jornal de Educa\u00e7\u00e3o F\u00edsica<\/a><\/li>\n<li><a href=\"https:\/\/journals.lww.com\/nsca-jscr\/pages\/default.aspx\">Jornal de Pesquisa para For\u00e7a e Condicionamento<\/a><\/li>\n<li><a href=\"https:\/\/periodicos.ufsc.br\/index.php\/motrivivencia\/index\">Motriviv\u00eancia \u2013 Revista de Educa\u00e7\u00e3o F\u00edsica, Esporte e Lazer<\/a><\/li>\n<li><a href=\"http:\/\/www.scielo.br\/scielo.php?script=sci_serial&amp;pid=1980-6574&amp;lng=pt&amp;nrm=iso\"> Motriz \u2013 Revista em Educa\u00e7\u00e3o F\u00edsica<\/a><\/li>\n<li><a href=\"https:\/\/seer.ufrgs.br\/Movimento\">Movimento \u2013 Revista de Educa\u00e7\u00e3o F\u00edsica da UFRGS<\/a><\/li>\n<li><a href=\"https:\/\/periodicos.utfpr.edu.br\/\">Portal de Peri\u00f3dicos Cient\u00edficos da UTFPR<\/a><\/li>\n<li><a href=\"https:\/\/cev.org.br\/biblioteca\/revista-baiana-educacao-fisica\/\">Revista Baiana de Educa\u00e7\u00e3o F\u00edsica<\/a><\/li>\n<li><a href=\"http:\/\/Revista Brasileira de Atividade F\u00edsica e Sa\u00fade\">Revista Brasileira de Atividade F\u00edsica e Sa\u00fade<\/a><\/li>\n<li><a href=\"https:\/\/miguilim.ibict.br\/handle\/miguilim\/4548\">Revista Brasileira de Biomec\u00e2nica<\/a><\/li>\n<li><a href=\"http:\/\/rbceonline.org.br\/pt\/\">Revista Brasileira de Ci\u00eancias do Esporte<\/a><\/li>\n<li><a href=\"http:\/\/www.scielo.br\/scielo.php?script=sci_serial&amp;pid=1980-0037&amp;nrm=iso&amp;rep=&amp;lng=pt\">Revista Brasileira de Cineantropometria e Desenvolvimento Humano<\/a><\/li>\n<li><a href=\"http:\/\/www.saudeemmovimento.com.br\/revista\/index.asp?cod_revista=33\">Revista Brasileira de Fisiologia do Exerc\u00edcio<\/a><\/li>\n<li><a href=\"http:\/\/rbme.org\/\">Revista Brasileira de Medicina no Esporte<\/a><\/li>\n<li><a href=\"http:\/\/www.rbpfex.com.br\/index.php\/rbpfex\">Revista Brasileira de Prescri\u00e7\u00e3o e Fisiologia do Exerc\u00edcio<\/a><\/li>\n<li><a href=\"https:\/\/www.rpd-online.com\/\">Revista de Psicologia Do Esporte<\/a><\/li>\n<li><a href=\"http:\/\/online.unisc.br\/seer\/index.php\/cinergis\">Revista do Departamento de Educa\u00e7\u00e3o F\u00edsica e Sa\u00fade e do Mestrado em<\/a><br \/>\n<a href=\"http:\/\/online.unisc.br\/seer\/index.php\/cinergis\">Promo\u00e7\u00e3o da Sa\u00fade da Universidade de Santa Cruz do Sul<\/a><\/li>\n<li><a href=\"http:\/\/www.revista-apunts.com\/en\/\">Revista em Educa\u00e7\u00e3o F\u00edsica e Esporte<\/a><\/li>\n<li><a href=\"https:\/\/periodicos.uff.br\/esportesociedade\">Revista Esporte e Sociedade<\/a><\/li>\n<li><a href=\"https:\/\/revistas.rcaap.pt\/motricidade\">Revista Motricidade<\/a><\/li>\n<li><a href=\"https:\/\/revistas.ufg.br\/fef\/index\">Revista Pensar a Pr\u00e1tica<\/a><\/li>\n<li><a href=\"https:\/\/rpcd.fade.up.pt\/entradaPT.html\">Revista Portuguesa de Ci\u00eancias do Desporto<\/a><\/li>\n<li><a href=\"http:\/\/revistas.marilia.unesp.br\/index.php\/sobama\">SOBAMA \u2013 Associa\u00e7\u00e3o Brasileira de Atividade Motora Adaptada<\/a><\/li>\n<\/ul>\n<p><a href=\"https:\/\/www.crefsp.gov.br\/\">CREF4\/SP<\/a><\/p>\n","protected":false},"excerpt":{"rendered":"<p>Revista de Livre acesso Educa\u00e7\u00e3o F\u00edsica &nbsp; Revistas Eletronicas UNISEPE Direito em Foco \u2013 Todas as Edi\u00e7\u00f5es Educa\u00e7\u00e3o em Foco \u2013 Todas as Edi\u00e7\u00f5es Gest\u00e3o em Foco \u2013 \u00a0Todas as Edi\u00e7\u00f5es Sa\u00fade em Foco \u2013 \u00a0Todas as Edi\u00e7\u00f5es Anais Peru\u00edbe \u2013 Todas as Edi\u00e7\u00f5es Anais S\u00e3o Louren\u00e7o \u2013 Todas as<\/p>\n","protected":false},"author":6,"featured_media":0,"parent":0,"menu_order":0,"comment_status":"closed","ping_status":"closed","template":"","meta":{"footnotes":""},"categories":[],"tags":[],"class_list":["post-4921","page","type-page","status-publish","hentry"],"_links":{"self":[{"href":"https:\/\/portal.unisepe.com.br\/fpbe\/wp-json\/wp\/v2\/pages\/4921","targetHints":{"allow":["GET"]}}],"collection":[{"href":"https:\/\/portal.unisepe.com.br\/fpbe\/wp-json\/wp\/v2\/pages"}],"about":[{"href":"https:\/\/portal.unisepe.com.br\/fpbe\/wp-json\/wp\/v2\/types\/page"}],"author":[{"embeddable":true,"href":"https:\/\/portal.unisepe.com.br\/fpbe\/wp-json\/wp\/v2\/users\/6"}],"replies":[{"embeddable":true,"href":"https:\/\/portal.unisepe.com.br\/fpbe\/wp-json\/wp\/v2\/comments?post=4921"}],"version-history":[{"count":1,"href":"https:\/\/portal.unisepe.com.br\/fpbe\/wp-json\/wp\/v2\/pages\/4921\/revisions"}],"predecessor-version":[{"id":4922,"href":"https:\/\/portal.unisepe.com.br\/fpbe\/wp-json\/wp\/v2\/pages\/4921\/revisions\/4922"}],"wp:attachment":[{"href":"https:\/\/portal.unisepe.com.br\/fpbe\/wp-json\/wp\/v2\/media?parent=4921"}],"wp:term":[{"taxonomy":"category","embeddable":true,"href":"https:\/\/portal.unisepe.com.br\/fpbe\/wp-json\/wp\/v2\/categories?post=4921"},{"taxonomy":"post_tag","embeddable":true,"href":"https:\/\/portal.unisepe.com.br\/fpbe\/wp-json\/wp\/v2\/tags?post=4921"}],"curies":[{"name":"wp","href":"https:\/\/api.w.org\/{rel}","templated":true}]}}