{"id":274,"date":"2023-05-06T11:39:00","date_gmt":"2023-05-06T14:39:00","guid":{"rendered":"https:\/\/portal.unisepe.com.br\/repositorio\/?page_id=274"},"modified":"2023-05-06T11:54:44","modified_gmt":"2023-05-06T14:54:44","slug":"tcc-2021","status":"publish","type":"page","link":"https:\/\/portal.unisepe.com.br\/repositorio\/unisepe\/univr\/direito\/tcc-2021\/","title":{"rendered":"2021"},"content":{"rendered":"<h4 style=\"text-align: center\">Trabalho de Conclus\u00e3o de Curso<\/h4>\n<p>&nbsp;<\/p>\n<p style=\"text-align: center\"><a href=\"https:\/\/portal.unisepe.com.br\/repositorio\/wp-content\/uploads\/sites\/10011\/2022\/06\/2021-A-APOSENTADORIA-POR-IDADE-RURAL-E-SEU-CAR\u00c1TER-ASSISTENCIAL-POLYANA-DE-ALMEIDA-PAULO.pdf\">A APOSENTADORIA POR IDADE RURAL E SEU CAR\u00c1TER ASSISTENCIAL <br \/> POLYANA DE ALMEIDA PAULO<\/a><\/p>\n<hr \/>\n<p style=\"text-align: center\"><a href=\"https:\/\/portal.unisepe.com.br\/repositorio\/wp-content\/uploads\/sites\/10011\/2022\/06\/2021-A-INCOSTITUCIONALIDADE-DO-REGIME-DE-SEPARA\u00c7\u00c3O-OBRIGATORIADE-BENS-POR-IDADE-FELIPE-MARTINS-DO-NASCIMENTO.pdf\">A INCOSTITUCIONALIDADE DO REGIME DE SEPARA\u00c7\u00c3O OBRIGATORIADE BENS POR IDADE <br \/> FELIPE MARTINS DO NASCIMENTO<\/a><\/p>\n<hr \/>\n<p style=\"text-align: center\"><a href=\"https:\/\/portal.unisepe.com.br\/repositorio\/wp-content\/uploads\/sites\/10011\/2022\/06\/2021-A-I-LEGALIDADE-DA-INTERCEPTA\u00c7\u00c3O-TELEF\u00d4NICA-COMO-MEIO-DE-PROVA-NO-PROCESSO-PENAL-FRENTE-OS-DIREITOS-CONSTITUCIONAIS-GABRIELA-RODRIGUES-BENEVIDES-ROCHE.pdf\">A (I) LEGALIDADE DA INTERCEPTA\u00c7\u00c3O TELEF\u00d4NICA COMO MEIO DE PROVA NO PROCESSO PENAL FRENTE OS DIREITOS CONSTITUCIONAIS <br \/> GABRIELA RODRIGUES BENEVIDES ROCHE<\/a><\/p>\n<hr \/>\n<p style=\"text-align: center\"><a href=\"https:\/\/portal.unisepe.com.br\/repositorio\/wp-content\/uploads\/sites\/10011\/2022\/06\/2021-A-BANALIZA\u00c7\u00c3O-DOS-DANOS-MORAIS-NOS-JUIZADOS-ESPECIAIS-CIVEIS-E-SEUS-REFLEXOS-LARISSA-RODRIGUES-DOS-SANTOS.pdf\">A BANALIZA\u00c7\u00c3O DOS DANOS MORAIS NOS JUIZADOS ESPECIAIS CIVEIS E SEUS REFLEXOS <br \/> LARISSA RODRIGUES DOS SANTOS<\/a><\/p>\n<hr \/>\n<p style=\"text-align: center\"><a href=\"https:\/\/portal.unisepe.com.br\/repositorio\/wp-content\/uploads\/sites\/10011\/2022\/06\/2021-A-CAPACIDADE-CIVIL-DAS-PESSOAS-COM-S\u00cdNDROME-DE-DOWN-SOB-A-\u00d3TICA-DA-LEI-N\u00ba-13.146-2015-ANA-CAROLINA-GROTHE-FREITAS.pdf\">A CAPACIDADE CIVIL DAS PESSOAS COM S\u00cdNDROME DE DOWN SOB A \u00d3TICA DA LEI N\u00ba 13.146-2015 <br \/> ANA CAROLINA GROTHE FREITAS<\/a><\/p>\n<hr \/>\n<p style=\"text-align: center\"><a href=\"https:\/\/portal.unisepe.com.br\/repositorio\/wp-content\/uploads\/sites\/10011\/2022\/06\/2021-A-CONSTELA\u00c7\u00c3O-FAMILIAR-E-A-EFETIVA-RESOLU\u00c7\u00c3O-DOS-CONFLITOS-NO-DIREITO-DE-FAM\u00cdLIA-MARIANA-FREIRIA-MIRANDA.pdf\">A CONSTELA\u00c7\u00c3O FAMILIAR E A EFETIVA RESOLU\u00c7\u00c3O DOS CONFLITOS NO DIREITO DE FAM\u00cdLIA <br \/> MARIANA FREIRIA MIRANDA<\/a><\/p>\n<hr \/>\n<p style=\"text-align: center\"><a href=\"https:\/\/portal.unisepe.com.br\/repositorio\/wp-content\/uploads\/sites\/10011\/2022\/06\/2021-A-CONSTRU\u00c7\u00c3O-DOS-DIREITOS-HUMANOS-DA-POPULA\u00c7\u00c3O-LGBTQIA-OS-DESAFIOS-PARA-SEU-RECONHECIMENTO-ANA-CATARINA-CARDOSO-DE-ALMEIDA.pdf\">A CONSTRU\u00c7\u00c3O DOS DIREITOS HUMANOS DA POPULA\u00c7\u00c3O LGBTQIA+; OS DESAFIOS PARA SEU RECONHECIMENTO <br \/> ANA CATARINA CARDOSO DE ALMEIDA<\/a><\/p>\n<hr \/>\n<p style=\"text-align: center\"><a href=\"https:\/\/portal.unisepe.com.br\/repositorio\/wp-content\/uploads\/sites\/10011\/2022\/06\/2021-A-FLEXIBILIZA\u00c7\u00c3O-DO-PRINC\u00cdPIO-DA-OBRIGATORIEDADE-DA-A\u00c7\u00c3O-PENAL-P\u00daBLICA-ISABELLA-VIEIRA-CAMPOS-FERNANDES.pdf\">A FLEXIBILIZA\u00c7\u00c3O DO PRINC\u00cdPIO DA OBRIGATORIEDADE DA A\u00c7\u00c3O PENAL P\u00daBLICA <br \/> ISABELLA VIEIRA CAMPOS FERNANDES<\/a><\/p>\n<hr \/>\n<p style=\"text-align: center\"><a href=\"https:\/\/portal.unisepe.com.br\/repositorio\/wp-content\/uploads\/sites\/10011\/2022\/06\/2021-A-GUARDA-COMPARTILHADA-COMO-MEIO-DE-PREVINIR-A-ALIENA\u00c7\u00c3O-PARENTAL-GIULIA-CARNEIRO-DUARTE.pdf\">A GUARDA COMPARTILHADA COMO MEIO DE PREVINIR A ALIENA\u00c7\u00c3O PARENTAL <br \/> GIULIA CARNEIRO DUARTE<\/a><\/p>\n<hr \/>\n<p style=\"text-align: center\"><a href=\"https:\/\/portal.unisepe.com.br\/repositorio\/wp-content\/uploads\/sites\/10011\/2022\/06\/2021-A-IMPORT\u00c2NCIA-DA-CRIMINOLOGIA-PARA-AN\u00c1LISE-DOS-CRIMES-COMETIDOS-POR-AGENTES-PSICOPATAS-KATIERY-BITENCOURT.pdf\">A IMPORT\u00c2NCIA DA CRIMINOLOGIA PARA AN\u00c1LISE DOS CRIMES COMETIDOS POR AGENTES PSICOPATAS <br \/> KATIERY BITENCOURT<\/a><\/p>\n<hr \/>\n<p style=\"text-align: center\"><a href=\"https:\/\/portal.unisepe.com.br\/repositorio\/wp-content\/uploads\/sites\/10011\/2022\/06\/2021-A-INEFIC\u00c1CIA-DOS-INSTRUMENTOS-DE-RESSOCIALIZA\u00c7\u00c3O-DO-SISTEMA-PENITENCI\u00c1RIO-BRASILEIRO-LUIZ-HIRAM-CAPOTE-FRAN\u00c7A.pdf\">A INEFIC\u00c1CIA DOS INSTRUMENTOS DE RESSOCIALIZA\u00c7\u00c3O DO SISTEMA PENITENCI\u00c1RIO BRASILEIRO <br \/> LUIZ HIRAM CAPOTE FRAN\u00c7A<\/a><\/p>\n<hr \/>\n<p style=\"text-align: center\"><a href=\"https:\/\/portal.unisepe.com.br\/repositorio\/wp-content\/uploads\/sites\/10011\/2022\/06\/2021-A-INFLU\u00caNCIA-DA-M\u00cdDIA-NAS-DECIS\u00d5ES-PROFERIDAS-PELO-TRIBUNAL-DOJ\u00daRI-JULIA-CRISTINA-GODKE.pdf\">A INFLU\u00caNCIA DA M\u00cdDIA NAS DECIS\u00d5ES PROFERIDAS PELO TRIBUNAL DO J\u00daRI <br \/> JULIA CRISTINA GODKE<\/a><\/p>\n<hr \/>\n<p style=\"text-align: center\"><a href=\"https:\/\/portal.unisepe.com.br\/repositorio\/wp-content\/uploads\/sites\/10011\/2022\/06\/2021-A-LEI-13.105-DE-2015-E-OS-M\u00c9TODOS-ALTERNATIVOS-DE-SOLU\u00c7\u00c3O-DE-CONFLITOS-PAULA-ARIANE-SOUZA-LEAL.pdf\">A LEI 13.105 DE 2015 E OS M\u00c9TODOS ALTERNATIVOS DE SOLU\u00c7\u00c3O DE CONFLITOS <br \/> PAULA ARIANE SOUZA LEAL<\/a><\/p>\n<hr \/>\n<p style=\"text-align: center\"><a href=\"https:\/\/portal.unisepe.com.br\/repositorio\/wp-content\/uploads\/sites\/10011\/2022\/06\/2021-A-PIRATARIA-DE-SOFTWARE-NO-BRASIL-MALEF\u00cdCIOS-NA-SOCIEDADE-MODERNA-VITOR-AUGUSTO-DOS-SANTOS-VIEIRA.pdf\">A PIRATARIA DE SOFTWARE NO BRASIL; MALEF\u00cdCIOS NA SOCIEDADE MODERNA <br \/> VITOR AUGUSTO DOS SANTOS VIEIRA<\/a><\/p>\n<hr \/>\n<p style=\"text-align: center\"><a href=\"https:\/\/portal.unisepe.com.br\/repositorio\/wp-content\/uploads\/sites\/10011\/2022\/06\/2021-A-TUTELA-PENAL-DA-MULHER-NO-BRASIL-UMA-AN\u00c1LISE-SOBRE-A-EFIC\u00c1CIA-DAS-MEDIDAS-PROTETIVAS-DE-URG\u00caNCIA-ANA-PAULA-FRAN\u00c7A.pdf\">A TUTELA PENAL DA MULHER NO BRASIL; UMA AN\u00c1LISE SOBRE A EFIC\u00c1CIA DAS MEDIDAS PROTETIVAS DE URG\u00caNCIA <br \/> ANA PAULA FRAN\u00c7A<\/a><\/p>\n<hr \/>\n<p style=\"text-align: center\"><a href=\"https:\/\/portal.unisepe.com.br\/repositorio\/wp-content\/uploads\/sites\/10011\/2022\/06\/2021-A-UTILIZA\u00c7\u00c3O-DA-CONSTELA\u00c7\u00c3O-SIST\u00caMICA-COMO-MET\u00d3DO-PARA-RESOLU\u00c7\u00c3O-DE-CONFLITOS-NA-JUSTI\u00c7A-DO-TRABALHO-BIANCA-MARTINEZ-DE-OLIVEIRA.pdf\">A UTILIZA\u00c7\u00c3O DA CONSTELA\u00c7\u00c3O SIST\u00caMICA COMO MET\u00d3DO PARA RESOLU\u00c7\u00c3O DE CONFLITOS NA JUSTI\u00c7A DO TRABALHO <br \/> BIANCA MARTINEZ DE OLIVEIRA<\/a><\/p>\n<hr \/>\n<p style=\"text-align: center\"><a href=\"https:\/\/portal.unisepe.com.br\/repositorio\/wp-content\/uploads\/sites\/10011\/2022\/06\/2021-ABANDONO-AFETIVO-E-RESPONSABILIDADE-CIVIL-A-FALTA-DE-CUIDADO-COMO-ATO-IL\u00cdCITO-\u00c0-LUZ-DO-ENTENDIMENTO-JURISPRUDENCIAL-DO-SUPERIOR-TRIBUNAL.pdf\">ABANDONO AFETIVO E RESPONSABILIDADE CIVIL: A FALTA DE CUIDADO COMO ATO IL\u00cdCITO \u00c0 LUZ DO ENTENDIMENTO JURISPRUDENCIAL DO STJ <br \/> THAIS SANCHES ALVES<\/a><\/p>\n<hr \/>\n<p style=\"text-align: center\"><a href=\"https:\/\/portal.unisepe.com.br\/repositorio\/wp-content\/uploads\/sites\/10011\/2022\/06\/2021-ABANDONO-DO-IDOSO-PELO-ESTADO-E-PELA-FAM\u00cdLIA-CONSEQUENCIAS-E-PENALIDADES-RENATA-PENICHE-ALVES.pdf\">ABANDONO DO IDOSO PELO ESTADO E PELA FAM\u00cdLIA; CONSEQUENCIAS E PENALIDADES <br \/> RENATA PENICHE ALVES<\/a><\/p>\n<hr \/>\n<p style=\"text-align: center\"><a href=\"https:\/\/portal.unisepe.com.br\/repositorio\/wp-content\/uploads\/sites\/10011\/2022\/06\/2021-APLICA\u00c7\u00c3O-DO-DIREITO-SIST\u00caMICO-NO-DIREITO-DA-FAMILIA-COMO-ESCOPO-DE-OPORTUNIZAR-A-DESCONTINUIDADE-AOS-CONFLITOS-JUDICIALIZADOS-THAIN\u00c1-FERREIRA-SANTIAGO-DA-SILVA.pdf\">APLICA\u00c7\u00c3O DO DIREITO SIST\u00caMICO NO DIREITO DA FAMILIA COMO ESCOPO DE OPORTUNIZAR A DESCONTINUIDADE AOS CONFLITOS JUDICIALIZADOS <br \/> THAIN\u00c1 FERREIRA SANTIAGO DA SILVA<\/a><\/p>\n<hr \/>\n<p style=\"text-align: center\"><a href=\"https:\/\/portal.unisepe.com.br\/repositorio\/wp-content\/uploads\/sites\/10011\/2022\/06\/2021-AS-IMPLICA\u00c7\u00d5ES-JUR\u00cdDICAS-DOS-ALIMENTOS-COMPENSAT\u00d3RIOS-E-O-DEVER-DE-M\u00daTUA-ASSIST\u00caNCIA-REC\u00cdPROCA-ENTRE-EX-C\u00d4NJUGES-AP\u00d3S-O-ROMPIMENTO...-MARCOS-R.-VIDIGAL.pdf\">AS IMPLICA\u00c7\u00d5ES JUR\u00cdDICAS DOS ALIMENTOS COMPENSAT\u00d3RIOS E O DEVER DE M\u00daTUA ASSIST\u00caNCIA REC\u00cdPROCA ENTRE EX-C\u00d4NJUGES AP\u00d3S O ROMPIMENTO&#8230; <br \/> MARCOS R. VIDIGAL<\/a><\/p>\n<hr \/>\n<p style=\"text-align: center\"><a href=\"https:\/\/portal.unisepe.com.br\/repositorio\/wp-content\/uploads\/sites\/10011\/2022\/06\/2021-BITCOIN-COMO-SALVAGUARDA-AOS-DIREITOS-HUMANOS-MARCELO-AUGUSTO-MIYOSHI-CHAGAS.pdf\">BITCOIN COMO SALVAGUARDA AOS DIREITOS HUMANOS <br \/> MARCELO AUGUSTO MIYOSHI CHAGAS<\/a><\/p>\n<hr \/>\n<p style=\"text-align: center\"><a href=\"https:\/\/portal.unisepe.com.br\/repositorio\/wp-content\/uploads\/sites\/10011\/2022\/06\/2021-CONCILIA\u00c7\u00c3O-E-MEDIA\u00c7\u00c3O-NA-VIS\u00c3O-DO-CEJUSC-CENTRO-JUDICI\u00c1RIO-DE-SOLU\u00c7\u00c3O-DE-CONFLITOS-E-CIDADANIA-WILDY-MUNIZ-RODRIGUES.pdf\">CONCILIA\u00c7\u00c3O E MEDIA\u00c7\u00c3O NA VIS\u00c3O DO CEJUSC (CENTRO JUDICI\u00c1RIO DE SOLU\u00c7\u00c3O DE CONFLITOS E CIDADANIA) <br \/> WILDY MUNIZ RODRIGUES <\/a><\/p>\n<hr \/>\n<p style=\"text-align: center\"><a href=\"https:\/\/portal.unisepe.com.br\/repositorio\/wp-content\/uploads\/sites\/10011\/2022\/06\/2021-CONSTELA\u00c7\u00c3O-SIST\u00caMICA-E-SEUS-BENEF\u00cdCIOS-NA-UTILIZA\u00c7\u00c3O-DA-RESSOCIALIZA\u00c7\u00c3O-DO-APENADO-NO-SISTEMA-PRISIONAL-BRASILEIRO-NICOLY-OLIVEIRA-SOARES.pdf\">CONSTELA\u00c7\u00c3O SIST\u00caMICA E SEUS BENEF\u00cdCIOS NA UTILIZA\u00c7\u00c3O DA RESSOCIALIZA\u00c7\u00c3O DO APENADO NO SISTEMA PRISIONAL BRASILEIRO <br \/> NICOLY OLIVEIRA SOARES<\/a><\/p>\n<hr \/>\n<p style=\"text-align: center\"><a href=\"https:\/\/portal.unisepe.com.br\/repositorio\/wp-content\/uploads\/sites\/10011\/2022\/06\/2021-DANOS-AMBIENTAIS-E-A-PUNI\u00c7\u00c3O-DOS-RESPONS\u00c1VEIS-NATAN-TAVARES-DE-LIMA-RAMOS.pdf\">DANOS AMBIENTAIS E A PUNI\u00c7\u00c3O DOS RESPONS\u00c1VEIS <br \/> NATAN TAVARES DE LIMA RAMOS<\/a><\/p>\n<hr \/>\n<p style=\"text-align: center\"><a href=\"https:\/\/portal.unisepe.com.br\/repositorio\/wp-content\/uploads\/sites\/10011\/2022\/06\/2021-DIGNIDADE-DA-PESSOA-HUMANA-E-O-C\u00c1RCERE-FEMININO-DESAFIOS-NA-MANUTEN\u00c7\u00c3O-DOS-DIREITOS-FUNDAMENTAIS-DA-MULHER-PRESA-CAROLINE-MAYUMI-NOVAES-AKUTSU.pdf\">DIGNIDADE DA PESSOA HUMANA E O C\u00c1RCERE FEMININO; DESAFIOS NA MANUTEN\u00c7\u00c3O DOS DIREITOS FUNDAMENTAIS DA MULHER PRESA <br \/> CAROLINE MAYUMI NOVAES AKUTSU<\/a><\/p>\n<hr \/>\n<p style=\"text-align: center\"><a href=\"https:\/\/portal.unisepe.com.br\/repositorio\/wp-content\/uploads\/sites\/10011\/2022\/06\/2021-DISCRIMINA\u00c7\u00c3O-NO-\u00c2MBITO-TRABALHISTA-O-ASS\u00c9DIO-MORAL-LINDA-BIANCA-DIAS-AQUINO.pdf\">DISCRIMINA\u00c7\u00c3O NO \u00c2MBITO TRABALHISTA; O ASS\u00c9DIO MORAL <br \/> LINDA BIANCA DIAS AQUINO<\/a><\/p>\n<hr \/>\n<p style=\"text-align: center\"><a href=\"https:\/\/portal.unisepe.com.br\/repositorio\/wp-content\/uploads\/sites\/10011\/2022\/06\/2021-EUTAN\u00c1SIA-\u2013-DIREITO-\u00c0-VIDA-X-DIGNIDADE-DA-PESSOA-HUMANA-TATIANA-DA-SILVA-GUERRA.pdf\">EUTAN\u00c1SIA \u2013 DIREITO \u00c0 VIDA X DIGNIDADE DA PESSOA HUMANA <br \/> TATIANA DA SILVA GUERRA<\/a><\/p>\n<hr \/>\n<p style=\"text-align: center\"><a href=\"https:\/\/portal.unisepe.com.br\/repositorio\/wp-content\/uploads\/sites\/10011\/2022\/06\/2021-FILIA\u00c7\u00c3O-SOCIOAFETIVA-A-POSSE-DE-ESTADO-DE-FILHO-COMO-ELEMENTO-PRIMORDIAL-AO-RECONHECIMENTO-LET\u00cdCIA-FOSTEK-SANTOS.pdf\">FILIA\u00c7\u00c3O SOCIOAFETIVA A POSSE DE ESTADO DE FILHO COMO ELEMENTO PRIMORDIAL AO RECONHECIMENTO <br \/> LET\u00cdCIA FOSTEK SANTOS<\/a><\/p>\n<hr \/>\n<p style=\"text-align: center\"><a href=\"https:\/\/portal.unisepe.com.br\/repositorio\/wp-content\/uploads\/sites\/10011\/2022\/06\/2021-INTERRUP\u00c7\u00c3O-E-SUSPENS\u00c3O-DO-CONTRATO-DE-TRABALHO-RONALDO-PONTES-DE-SOUZA.pdf\">INTERRUP\u00c7\u00c3O E SUSPENS\u00c3O DO CONTRATO DE TRABALHO <br \/> RONALDO PONTES DE SOUZA<\/a><\/p>\n<hr \/>\n<p style=\"text-align: center\"><a href=\"https:\/\/portal.unisepe.com.br\/repositorio\/wp-content\/uploads\/sites\/10011\/2022\/06\/2021-LIMITES-E-ABUSO-DA-LIBERDADE-RELIGIOSA-EM-INSTITUI\u00c7\u00d5ES-RELIGIOSAS-JACK-MADDUX-WILLIS.pdf\">LIMITES E ABUSO DA LIBERDADE RELIGIOSA EM INSTITUI\u00c7\u00d5ES RELIGIOSAS <br \/> JACK MADDUX WILLIS<\/a><\/p>\n<hr \/>\n<p style=\"text-align: center\"><a href=\"https:\/\/portal.unisepe.com.br\/repositorio\/wp-content\/uploads\/sites\/10011\/2022\/06\/2021-O-COMBATE-A-FAKE-NEWS-E-A-LIBERDADE-DE-EXPRESS\u00c3O-AIMEE-CAROLINE-SANTOS.pdf\">O COMBATE A FAKE NEWS E A LIBERDADE DE EXPRESS\u00c3O <br \/> AIMEE CAROLINE SANTOS<\/a><\/p>\n<hr \/>\n<p style=\"text-align: center\"><a href=\"https:\/\/portal.unisepe.com.br\/repositorio\/wp-content\/uploads\/sites\/10011\/2022\/06\/2021-O-ESTATUTO-DA-PESSOA-COM-DEFICI\u00caNCIA-E-SEUS-REFLEXOS-NA-TEORIA-DAS-INCAPACIDADES-JULIANA-AGUIAR-CARRAVIERI-OLIVA.pdf\">O ESTATUTO DA PESSOA COM DEFICI\u00caNCIA E SEUS REFLEXOS NA TEORIA DAS INCAPACIDADES <br \/> JULIANA AGUIAR CARRAVIERI OLIVA<\/a><\/p>\n<hr \/>\n<p style=\"text-align: center\"><a href=\"https:\/\/portal.unisepe.com.br\/repositorio\/wp-content\/uploads\/sites\/10011\/2022\/06\/2021-O-IMPACTO-DIRETO-DAS-LEIS-AMBIENTAIS-SOBRE-OS-PEQUENOS-AGRICULTORES-RURAIS-DO-VALE-DO-RIBEIRA-A-INOCUIDADE-DA-LEI-ALISSON-FERREIRA-CUGLER.pdf\">O IMPACTO DIRETO DAS LEIS AMBIENTAIS SOBRE OS PEQUENOS AGRICULTORES RURAIS DO VALE DO RIBEIRA A INOCUIDADE DA LEI <br \/> ALISSON FERREIRA CUGLER<\/a><\/p>\n<hr \/>\n<p style=\"text-align: center\"><a href=\"https:\/\/portal.unisepe.com.br\/repositorio\/wp-content\/uploads\/sites\/10011\/2022\/06\/2021-O-INSTITUTO-DA-COLABORA\u00c7\u00c3O-PREMIADA-NO-COMBATE-A-ORGANIZA\u00c7\u00d5ES-CRIMINOSAS-THAINAN-MARIA-TANAKA-PROEN\u00c7A-.pdf\">O INSTITUTO DA COLABORA\u00c7\u00c3O PREMIADA NO COMBATE A ORGANIZA\u00c7\u00d5ES CRIMINOSAS <br \/> THAINAN MARIA TANAKA PROEN\u00c7A<\/a><\/p>\n<hr \/>\n<p style=\"text-align: center\"><a href=\"https:\/\/portal.unisepe.com.br\/repositorio\/wp-content\/uploads\/sites\/10011\/2022\/06\/2021-O-REGIME-DISCIPLINAR-DIFERENCIADO-LAURA-REGINA-VIEIRA-DOS-SANTOS.pdf\">O REGIME DISCIPLINAR DIFERENCIADO <br \/> LAURA REGINA VIEIRA DOS SANTOS<\/a><\/p>\n<hr \/>\n<p style=\"text-align: center\"><a href=\"https:\/\/portal.unisepe.com.br\/repositorio\/wp-content\/uploads\/sites\/10011\/2022\/06\/2021-O-TRIBUTO-E-SUAS-ESP\u00c9CIES-THIAGO-ALVES-CAMPOS.pdf\">O TRIBUTO E SUAS ESP\u00c9CIES <br \/> THIAGO ALVES CAMPOS<\/a><\/p>\n<hr \/>\n<p style=\"text-align: center\"><a href=\"https:\/\/portal.unisepe.com.br\/repositorio\/wp-content\/uploads\/sites\/10011\/2022\/06\/2021-OS-ASPECTOS-LEGAIS-E-A-MOROSIDADE-DO-PROCESSO-DE-ADO\u00c7\u00c3O-LEONARDO-ALVES-XAVIER.pdf\">OS ASPECTOS LEGAIS E A MOROSIDADE DO PROCESSO DE ADO\u00c7\u00c3O <br \/> LEONARDO ALVES XAVIER<\/a><\/p>\n<hr \/>\n<p style=\"text-align: center\"><a href=\"https:\/\/portal.unisepe.com.br\/repositorio\/wp-content\/uploads\/sites\/10011\/2022\/06\/2021-OS-EFEITOS-PATRIMONIAIS-DO-RECONHECIMENTO-DO-CONCUBINATO-COMO-ENTIDADE-FAMILIAR-DENTRO-DO-CONTEXTO-DA-INSTITUCIONALIZA\u00c7\u00c3O-DAS-FAM\u00cdLIAS-SIMULT\u00c2NEAS-WENCELAU-DE-MORAIS.pdf\">OS EFEITOS PATRIMONIAIS DO RECONHECIMENTO DO CONCUBINATO COMO ENTIDADE FAMILIAR DENTRO DO CONTEXTO DA INSTITUCIONALIZA\u00c7\u00c3O DAS FAM\u00cdLIAS SIMULT\u00c2NEAS <br \/> WENCELAU DE MORAIS<\/a><\/p>\n<hr \/>\n<p style=\"text-align: center\"><a href=\"https:\/\/portal.unisepe.com.br\/repositorio\/wp-content\/uploads\/sites\/10011\/2022\/06\/2021-PLURIPARENTALIDADE-E-SEUS-ASPECTOS-NA-DIN\u00c2MICA-FAMILIAR-P\u00d3S-MODERNA-GISLAINE-DE-OLIVEIRA-GON\u00c7ALVES.pdf\">PLURIPARENTALIDADE E SEUS ASPECTOS NA DIN\u00c2MICA FAMILIAR P\u00d3S-MODERNA <br \/> GISLAINE DE OLIVEIRA GON\u00c7ALVES<\/a><\/p>\n<hr \/>\n<p style=\"text-align: center\"><a href=\"https:\/\/portal.unisepe.com.br\/repositorio\/wp-content\/uploads\/sites\/10011\/2022\/06\/2021-PRINC\u00cdPIO-DA-DIGNIDADE-DA-PESSOA-HUMANA-E-SUA-IMPORT\u00c2NCIA-NA-GARANTIA-DO-SANEAMENTO-B\u00c1SICO-DANIEL-DE-OLIVEIRA-PUPO.pdf\">PRINC\u00cdPIO DA DIGNIDADE DA PESSOA HUMANA E SUA IMPORT\u00c2NCIA NA GARANTIA DO SANEAMENTO B\u00c1SICO <br \/> DANIEL DE OLIVEIRA PUPO<\/a><\/p>\n<hr \/>\n<p style=\"text-align: center\"><a href=\"https:\/\/portal.unisepe.com.br\/repositorio\/wp-content\/uploads\/sites\/10011\/2022\/06\/2021-PRIVACIDADE-INFANTIL-NA-ERA-DIGITAL-E-A-PR\u00c1TICA-DO-SHARENTING-DESDOBRAMENTOS-E-NECESSIDADE-DE-TUTELA-JUR\u00cdDICA-SOBRE-O-TEMA-1-GIOVANA-ALCINI-AZEVEDO.pdf\">PRIVACIDADE INFANTIL NA ERA DIGITAL E A PR\u00c1TICA DO SHARENTING; DESDOBRAMENTOS E NECESSIDADE DE TUTELA JUR\u00cdDICA SOBRE O TEMA 1 <br \/> GIOVANA ALCINI AZEVEDO<\/a><\/p>\n<hr \/>\n<p style=\"text-align: center\"><a href=\"https:\/\/portal.unisepe.com.br\/repositorio\/wp-content\/uploads\/sites\/10011\/2022\/06\/2021-PSICOPATIA-EM-RELA\u00c7\u00c3O-AO-DIREITO-PENAL-TEMPO-M\u00c1XIMO-DA-MEDIDA-DE-SEGURAN\u00c7A-SAMUEL-MONTEIRO-JUNIOR.pdf\">PSICOPATIA EM RELA\u00c7\u00c3O AO DIREITO PENAL; TEMPO M\u00c1XIMO DA MEDIDA DE SEGURAN\u00c7A <br \/> SAMUEL MONTEIRO JUNIOR<\/a><\/p>\n<hr \/>\n<p style=\"text-align: center\"><a href=\"https:\/\/portal.unisepe.com.br\/repositorio\/wp-content\/uploads\/sites\/10011\/2022\/06\/2021-REFLEXOS-DA-LEI-MARIA-DA-PENHA-NA-INSCRI\u00c7\u00c3O-NOS-QUADROS-DA-ORDEM-DOS-ADVOGADOS-CIBELLY-MARIA-LOPES-DA-SILVA.pdf\">REFLEXOS DA LEI MARIA DA PENHA NA INSCRI\u00c7\u00c3O NOS QUADROS DA ORDEM DOS ADVOGADOS <br \/> CIBELLY MARIA LOPES DA SILVA<\/a><\/p>\n<hr \/>\n<p style=\"text-align: center\"><a href=\"https:\/\/portal.unisepe.com.br\/repositorio\/wp-content\/uploads\/sites\/10011\/2022\/06\/2021-RESPONSABILIDADE-CIVIL-DO-ESTADO-PELA-MORTE-DE-TERCEIROS-POR-ATOS-PRATICADOS-PELOS-AGENTES-DE-SEGURAN\u00c7A-P\u00daBLICA-LEONARDO-AUGUSTO-BARDUCO-DE-SOUZA.pdf\">RESPONSABILIDADE CIVIL DO ESTADO PELA MORTE DE TERCEIROS POR ATOS PRATICADOS PELOS AGENTES DE SEGURAN\u00c7A P\u00daBLICA <br \/> LEONARDO AUGUSTO BARDUCO DE SOUZA<\/a><\/p>\n<hr \/>\n<p style=\"text-align: center\"><a href=\"https:\/\/portal.unisepe.com.br\/repositorio\/wp-content\/uploads\/sites\/10011\/2022\/06\/2021-RESPONSABILIDADE-CIVIL-NA-DESIST\u00caNCIA-DA-ADO\u00c7\u00c3O-JOANNE-REGINELI-LOBO-RIBEIRO-FERREIRA.pdf\">RESPONSABILIDADE CIVIL NA DESIST\u00caNCIA DA ADO\u00c7\u00c3O <br \/> JOANNE REGINELI LOBO RIBEIRO FERREIRA<\/a><\/p>\n<hr \/>\n<p style=\"text-align: center\"><a href=\"https:\/\/portal.unisepe.com.br\/repositorio\/wp-content\/uploads\/sites\/10011\/2022\/06\/2021-RESPONSABILIDADE-CIVIL-NO-E-COMMERCE-THAMIRES-ALVES-CAMPOS.pdf\">RESPONSABILIDADE CIVIL NO E-COMMERCE <br \/> THAMIRES ALVES CAMPOS<\/a><\/p>\n<hr \/>\n<p style=\"text-align: center\"><a href=\"https:\/\/portal.unisepe.com.br\/repositorio\/wp-content\/uploads\/sites\/10011\/2022\/06\/2021-RESTRI\u00c7\u00d5ES-AMBIENTAIS-AO-DIREITO-DE-PROPRIEDADE-RESPONSABILIDADE-CIVIL-DO-MUNUC\u00cdPIO-POR-OMISS\u00c3O-RAFAEL-DAVELLO-SANTOS.pdf\">RESTRI\u00c7\u00d5ES AMBIENTAIS AO DIREITO DE PROPRIEDADE; RESPONSABILIDADE CIVIL DO MUNUC\u00cdPIO POR OMISS\u00c3O <br \/> RAFAEL DAVELLO SANTOS<\/a><\/p>\n<hr \/>\n<p style=\"text-align: center\"><a href=\"https:\/\/portal.unisepe.com.br\/repositorio\/wp-content\/uploads\/sites\/10011\/2022\/06\/2021-TEORIA-DO-ADIMPLEMENTO-SUBSTANCIAL-E-A-APLICA\u00c7\u00c3O-NA-D\u00cdVIDA-DE-ALIMENTOS-ISABELLE-BIANCA-MONTEIRO.pdf\">TEORIA DO ADIMPLEMENTO SUBSTANCIAL E A APLICA\u00c7\u00c3O NA D\u00cdVIDA DE ALIMENTOS <br \/> ISABELLE BIANCA MONTEIRO<\/a><\/p>\n<hr \/>\n<p style=\"text-align: center\"><a href=\"https:\/\/portal.unisepe.com.br\/repositorio\/wp-content\/uploads\/sites\/10011\/2022\/06\/2021-VIOL\u00caNCIA-OBST\u00c9TRICA-BREVE-AN\u00c1LISE-DOS-ASPECTOS-JUR\u00cdDICOS-DA-RESPONSABILIDADE-CIVIL-A-LUZ-DOS-DIREITOS-FUNDAMENTAIS.pdf\">VIOL\u00caNCIA OBST\u00c9TRICA; BREVE AN\u00c1LISE DOS ASPECTOS JUR\u00cdDICOS DA RESPONSABILIDADE CIVIL A LUZ DOS DIREITOS FUNDAMENTAIS <br \/> CINTHIA MUNIZ RIBEIRO<\/a><\/p>\n<hr \/>\n<p style=\"text-align: center\"><a href=\"https:\/\/portal.unisepe.com.br\/repositorio\/wp-content\/uploads\/sites\/10011\/2022\/06\/2021-VIOL\u00caNCIA-SEXUAL-O-DESAFIO-DAS-POL\u00cdTICAS-P\u00daBLICAS-E-OS-DIREITOS-DAS-V\u00cdTIMAS-LUCIANA-LIMA-KOVACSICS.pdf\">VIOL\u00caNCIA SEXUAL &#8211; O DESAFIO DAS POL\u00cdTICAS P\u00daBLICAS E OS DIREITOS DAS V\u00cdTIMAS <br \/> LUCIANA LIMA KOVACSICS<\/a><\/p>\n<hr \/>\n<p style=\"text-align: center\"><a href=\"https:\/\/portal.unisepe.com.br\/repositorio\/wp-content\/uploads\/sites\/10011\/2022\/06\/2021-O-C\u00d3DIGO-DE-DEFESA-DO-CONSUMIDOR-E-A-ONEROSIDADE-DOS-CONTRATOS-BANC\u00c1RIOS-WILLIAM-MORALES-JUNIOR.pdf\">O C\u00d3DIGO DE DEFESA DO CONSUMIDOR E A ONEROSIDADE DOS CONTRATOS BANC\u00c1RIOS <br \/> WILLIAM MORALES JUNIOR<\/a><\/p>\n","protected":false},"excerpt":{"rendered":"<p>Trabalho de Conclus\u00e3o de Curso &nbsp; A APOSENTADORIA POR IDADE RURAL E SEU CAR\u00c1TER ASSISTENCIAL POLYANA DE ALMEIDA PAULO A INCOSTITUCIONALIDADE DO REGIME DE SEPARA\u00c7\u00c3O OBRIGATORIADE BENS POR IDADE FELIPE MARTINS DO NASCIMENTO A (I) LEGALIDADE DA INTERCEPTA\u00c7\u00c3O TELEF\u00d4NICA COMO MEIO DE PROVA NO PROCESSO PENAL FRENTE OS DIREITOS CONSTITUCIONAIS<\/p>\n","protected":false},"author":10,"featured_media":0,"parent":57,"menu_order":0,"comment_status":"closed","ping_status":"closed","template":"templates\/template-pagina_menu_vertical.php","meta":{"footnotes":""},"categories":[],"tags":[],"class_list":["post-274","page","type-page","status-publish","hentry"],"_links":{"self":[{"href":"https:\/\/portal.unisepe.com.br\/repositorio\/wp-json\/wp\/v2\/pages\/274","targetHints":{"allow":["GET"]}}],"collection":[{"href":"https:\/\/portal.unisepe.com.br\/repositorio\/wp-json\/wp\/v2\/pages"}],"about":[{"href":"https:\/\/portal.unisepe.com.br\/repositorio\/wp-json\/wp\/v2\/types\/page"}],"author":[{"embeddable":true,"href":"https:\/\/portal.unisepe.com.br\/repositorio\/wp-json\/wp\/v2\/users\/10"}],"replies":[{"embeddable":true,"href":"https:\/\/portal.unisepe.com.br\/repositorio\/wp-json\/wp\/v2\/comments?post=274"}],"version-history":[{"count":3,"href":"https:\/\/portal.unisepe.com.br\/repositorio\/wp-json\/wp\/v2\/pages\/274\/revisions"}],"predecessor-version":[{"id":289,"href":"https:\/\/portal.unisepe.com.br\/repositorio\/wp-json\/wp\/v2\/pages\/274\/revisions\/289"}],"up":[{"embeddable":true,"href":"https:\/\/portal.unisepe.com.br\/repositorio\/wp-json\/wp\/v2\/pages\/57"}],"wp:attachment":[{"href":"https:\/\/portal.unisepe.com.br\/repositorio\/wp-json\/wp\/v2\/media?parent=274"}],"wp:term":[{"taxonomy":"category","embeddable":true,"href":"https:\/\/portal.unisepe.com.br\/repositorio\/wp-json\/wp\/v2\/categories?post=274"},{"taxonomy":"post_tag","embeddable":true,"href":"https:\/\/portal.unisepe.com.br\/repositorio\/wp-json\/wp\/v2\/tags?post=274"}],"curies":[{"name":"wp","href":"https:\/\/api.w.org\/{rel}","templated":true}]}}