{"id":1347,"date":"2017-04-01T10:32:25","date_gmt":"2017-04-01T13:32:25","guid":{"rendered":"\/?page_id=1347"},"modified":"2018-09-17T17:29:20","modified_gmt":"2018-09-17T20:29:20","slug":"monitoria","status":"publish","type":"page","link":"https:\/\/portal.unisepe.com.br\/saolourenco\/enfermagem\/monitoria\/","title":{"rendered":"Monitoria"},"content":{"rendered":"<p style=\"text-align: justify\"> As atividades pedag\u00f3gicas implementadas na monitoria possibilitam ao aluno a inser\u00e7\u00e3o na pr\u00e1tica docente e o reconhecimento do papel do enfermeiro como educador. A sele\u00e7\u00e3o de monitores ocorre semestralmente e de acordo com disciplinas dispostas na grade curricular do curso de bacharelado em enfermagem. Para participa\u00e7\u00e3o consulte a coordena\u00e7\u00e3o do curso de enfermagem.<\/p>\n","protected":false},"excerpt":{"rendered":"<p>As atividades pedag\u00f3gicas implementadas na monitoria possibilitam ao aluno a inser\u00e7\u00e3o na pr\u00e1tica docente e o reconhecimento do papel do enfermeiro como educador. A sele\u00e7\u00e3o de monitores ocorre semestralmente e de acordo com disciplinas dispostas na grade curricular do curso de bacharelado em enfermagem. Para participa\u00e7\u00e3o consulte a coordena\u00e7\u00e3o do<\/p>\n","protected":false},"author":1,"featured_media":0,"parent":377,"menu_order":0,"comment_status":"closed","ping_status":"closed","template":"templates\/template-curso_menu_vertical.php","meta":{"footnotes":""},"categories":[],"tags":[],"class_list":["post-1347","page","type-page","status-publish","hentry"],"_links":{"self":[{"href":"https:\/\/portal.unisepe.com.br\/saolourenco\/wp-json\/wp\/v2\/pages\/1347","targetHints":{"allow":["GET"]}}],"collection":[{"href":"https:\/\/portal.unisepe.com.br\/saolourenco\/wp-json\/wp\/v2\/pages"}],"about":[{"href":"https:\/\/portal.unisepe.com.br\/saolourenco\/wp-json\/wp\/v2\/types\/page"}],"author":[{"embeddable":true,"href":"https:\/\/portal.unisepe.com.br\/saolourenco\/wp-json\/wp\/v2\/users\/1"}],"replies":[{"embeddable":true,"href":"https:\/\/portal.unisepe.com.br\/saolourenco\/wp-json\/wp\/v2\/comments?post=1347"}],"version-history":[{"count":1,"href":"https:\/\/portal.unisepe.com.br\/saolourenco\/wp-json\/wp\/v2\/pages\/1347\/revisions"}],"predecessor-version":[{"id":2959,"href":"https:\/\/portal.unisepe.com.br\/saolourenco\/wp-json\/wp\/v2\/pages\/1347\/revisions\/2959"}],"up":[{"embeddable":true,"href":"https:\/\/portal.unisepe.com.br\/saolourenco\/wp-json\/wp\/v2\/pages\/377"}],"wp:attachment":[{"href":"https:\/\/portal.unisepe.com.br\/saolourenco\/wp-json\/wp\/v2\/media?parent=1347"}],"wp:term":[{"taxonomy":"category","embeddable":true,"href":"https:\/\/portal.unisepe.com.br\/saolourenco\/wp-json\/wp\/v2\/categories?post=1347"},{"taxonomy":"post_tag","embeddable":true,"href":"https:\/\/portal.unisepe.com.br\/saolourenco\/wp-json\/wp\/v2\/tags?post=1347"}],"curies":[{"name":"wp","href":"https:\/\/api.w.org\/{rel}","templated":true}]}}