{"id":274,"date":"2016-07-09T00:07:55","date_gmt":"2016-07-09T03:07:55","guid":{"rendered":"http:\/\/www.fvr.edu.br\/fvr\/site\/?page_id=274"},"modified":"2023-05-31T14:17:45","modified_gmt":"2023-05-31T17:17:45","slug":"matriz-curricular","status":"publish","type":"page","link":"https:\/\/portal.unisepe.com.br\/saolourenco\/bacharelado-administracao\/matriz-curricular\/","title":{"rendered":"Matrizes Curriculares"},"content":{"rendered":"<ul class=\"nav nav-tabs\">\n<li class=\"nav-item\"><a class=\"nav-link active\" href=\"#tab1\" data-toggle=\"tab\">Matriz<\/a><\/li>\n<li class=\"nav-item\"><a class=\"nav-link\" href=\"#tab2\" data-toggle=\"tab\">Informa\u00e7\u00f5es Art. 8<\/a><\/li>\n<\/ul>\n<div id=\"myTabContent\" class=\"tab-content\">\n<div id=\"tab1\" class=\"tab-pane fade active show\">\n<ul>\n<li><strong><a href=\"http:\/\/portal.unisepe.com.br\/saolourenco\/wp-content\/uploads\/sites\/10005\/2018\/09\/matriz.pdf\" target=\"_blank\" rel=\"noopener noreferrer\">Matriz 2012<\/a><\/strong><\/li>\n<li><strong><a href=\"http:\/\/portal.unisepe.com.br\/saolourenco\/wp-content\/uploads\/sites\/10005\/2018\/09\/matriz18.pdf\" target=\"_blank\" rel=\"noopener noreferrer\">Matriz 2017<\/a><\/strong><\/li>\n<li><a href=\"http:\/\/portal.unisepe.com.br\/saolourenco\/wp-content\/uploads\/sites\/10005\/2019\/07\/matriz_adm2018.pdf\"><strong>Matriz 2018 <\/strong><\/a><\/li>\n<li><strong><a href=\"https:\/\/portal.unisepe.com.br\/saolourenco\/wp-content\/uploads\/sites\/10005\/2023\/05\/Matriz-Administra\u00e7\u00e3o-2020.pdf\" target=\"_blank\" rel=\"noopener noreferrer\">Matriz 2020<\/a><\/strong><\/li>\n<li><strong><a href=\"https:\/\/portal.unisepe.com.br\/saolourenco\/wp-content\/uploads\/sites\/10005\/2023\/05\/Matriz-Administra\u00e7\u00e3o-2022.pdf\" target=\"_blank\" rel=\"noopener noreferrer\">Matriz 2022<\/a><\/strong><\/li>\n<\/ul>\n<\/div>\n<div id=\"tab2\" class=\"tab-pane fade\">\n<h4 style=\"text-align: center\"><strong>Art. 8 da Portaria 1.428\/2018<\/strong><\/h4>\n<p>&nbsp;<\/p>\n<ul>\n<li><a href=\"http:\/\/portal.unisepe.com.br\/saolourenco\/wp-content\/uploads\/sites\/10005\/2019\/09\/PORTARIA-1428-ESTRAT\u00c9GIA-DE-NEGOCIA\u00c7\u00c3O-ADM.pdf\" target=\"_blank\" rel=\"noopener noreferrer\">PORTARIA 1428 &#8211; ESTRAT\u00c9GIA DE NEGOCIA\u00c7\u00c3O<\/a><\/li>\n<li><a href=\"http:\/\/portal.unisepe.com.br\/saolourenco\/wp-content\/uploads\/sites\/10005\/2019\/09\/PORTARIA1428-GLOBALIZA\u00c7\u00c3O-ADM.pdf\" target=\"_blank\" rel=\"noopener noreferrer\">PORTARIA 1428 &#8211; GLOBALIZA\u00c7\u00c3O<\/a><\/li>\n<li><a href=\"http:\/\/portal.unisepe.com.br\/saolourenco\/wp-content\/uploads\/sites\/10005\/2019\/09\/PORTARIA1428-CI\u00caNCIAS-SOCIAIS-ADM.pdf\" target=\"_blank\" rel=\"noopener noreferrer\">PORTARIA 1428 &#8211; CI\u00caNCIAS SOCIAIS<\/a><\/li>\n<li><a href=\"http:\/\/portal.unisepe.com.br\/saolourenco\/wp-content\/uploads\/sites\/10005\/2019\/09\/PORTARIA1428-DIREITO-TRABALHISTA-ADM.pdf\" target=\"_blank\" rel=\"noopener noreferrer\">PORTARIA 1428 &#8211; DIREITO TRABALHISTA<\/a><\/li>\n<li><a href=\"http:\/\/portal.unisepe.com.br\/saolourenco\/wp-content\/uploads\/sites\/10005\/2019\/09\/PORTARIA1428-ELABORA\u00c7\u00c3O-E-AN\u00c1LISE-DE-PROJETO-ADM.pdf\" target=\"_blank\" rel=\"noopener noreferrer\">PORTARIA 1428 &#8211; ELABORA\u00c7\u00c3O E AN\u00c1LISE DE PROJETO<\/a><\/li>\n<li><a href=\"http:\/\/portal.unisepe.com.br\/saolourenco\/wp-content\/uploads\/sites\/10005\/2019\/09\/PORTARIA1428-GEST\u00c3O-DA-INFORMA\u00c7\u00c3O-ADM.pdf\" target=\"_blank\" rel=\"noopener noreferrer\">PORTARIA 1428 &#8211; GEST\u00c3O DA INFORMA\u00c7\u00c3O <\/a><\/li>\n<li><a href=\"http:\/\/portal.unisepe.com.br\/saolourenco\/wp-content\/uploads\/sites\/10005\/2019\/09\/PORTARIA1428-GEST\u00c3O-NAS-ORGANIZA\u00c7\u00d5ES-ADM.pdf\" target=\"_blank\" rel=\"noopener noreferrer\">PORTARIA 1428 &#8211; GEST\u00c3O NAS ORGANIZA\u00c7\u00d5ES<\/a><\/li>\n<li><a href=\"http:\/\/portal.unisepe.com.br\/saolourenco\/wp-content\/uploads\/sites\/10005\/2019\/09\/PORTARIA1428-L\u00cdNGUA-PORTUGUESA-ADM.pdf\" target=\"_blank\" rel=\"noopener noreferrer\">PORTARIA 1428 &#8211; L\u00cdNGUA PORTUGUESA<\/a><\/li>\n<li><a href=\"http:\/\/portal.unisepe.com.br\/saolourenco\/wp-content\/uploads\/sites\/10005\/2019\/09\/PORTARIA1428-MPC-ADM.pdf\" target=\"_blank\" rel=\"noopener noreferrer\">PORTARIA 1428 &#8211;\u00a0METODOLOGIA DA PESQUISA CIENT\u00cdFICA<\/a><\/li>\n<li><a href=\"http:\/\/portal.unisepe.com.br\/saolourenco\/wp-content\/uploads\/sites\/10005\/2019\/09\/PORTARIA1428-PSICOLOGIA-ADM.pdf\" target=\"_blank\" rel=\"noopener noreferrer\">PORTARIA 1428 &#8211; PSICOLOGIA<\/a><\/li>\n<\/ul>\n<\/div>\n<\/div>\n","protected":false},"excerpt":{"rendered":"<p>Matriz Informa\u00e7\u00f5es Art. 8 Matriz 2012 Matriz 2017 Matriz 2018 Matriz 2020 Matriz 2022 Art. 8 da Portaria 1.428\/2018 &nbsp; PORTARIA 1428 &#8211; ESTRAT\u00c9GIA DE NEGOCIA\u00c7\u00c3O PORTARIA 1428 &#8211; GLOBALIZA\u00c7\u00c3O PORTARIA 1428 &#8211; CI\u00caNCIAS SOCIAIS PORTARIA 1428 &#8211; DIREITO TRABALHISTA PORTARIA 1428 &#8211; ELABORA\u00c7\u00c3O E AN\u00c1LISE DE PROJETO PORTARIA 1428<\/p>\n","protected":false},"author":1,"featured_media":0,"parent":268,"menu_order":0,"comment_status":"closed","ping_status":"closed","template":"templates\/template-curso_menu_vertical.php","meta":{"footnotes":""},"categories":[],"tags":[],"class_list":["post-274","page","type-page","status-publish","hentry"],"_links":{"self":[{"href":"https:\/\/portal.unisepe.com.br\/saolourenco\/wp-json\/wp\/v2\/pages\/274","targetHints":{"allow":["GET"]}}],"collection":[{"href":"https:\/\/portal.unisepe.com.br\/saolourenco\/wp-json\/wp\/v2\/pages"}],"about":[{"href":"https:\/\/portal.unisepe.com.br\/saolourenco\/wp-json\/wp\/v2\/types\/page"}],"author":[{"embeddable":true,"href":"https:\/\/portal.unisepe.com.br\/saolourenco\/wp-json\/wp\/v2\/users\/1"}],"replies":[{"embeddable":true,"href":"https:\/\/portal.unisepe.com.br\/saolourenco\/wp-json\/wp\/v2\/comments?post=274"}],"version-history":[{"count":18,"href":"https:\/\/portal.unisepe.com.br\/saolourenco\/wp-json\/wp\/v2\/pages\/274\/revisions"}],"predecessor-version":[{"id":6337,"href":"https:\/\/portal.unisepe.com.br\/saolourenco\/wp-json\/wp\/v2\/pages\/274\/revisions\/6337"}],"up":[{"embeddable":true,"href":"https:\/\/portal.unisepe.com.br\/saolourenco\/wp-json\/wp\/v2\/pages\/268"}],"wp:attachment":[{"href":"https:\/\/portal.unisepe.com.br\/saolourenco\/wp-json\/wp\/v2\/media?parent=274"}],"wp:term":[{"taxonomy":"category","embeddable":true,"href":"https:\/\/portal.unisepe.com.br\/saolourenco\/wp-json\/wp\/v2\/categories?post=274"},{"taxonomy":"post_tag","embeddable":true,"href":"https:\/\/portal.unisepe.com.br\/saolourenco\/wp-json\/wp\/v2\/tags?post=274"}],"curies":[{"name":"wp","href":"https:\/\/api.w.org\/{rel}","templated":true}]}}