{"id":3034,"date":"2018-09-19T09:17:32","date_gmt":"2018-09-19T12:17:32","guid":{"rendered":"http:\/\/portal.unisepe.com.br\/saolourenco\/?page_id=3034"},"modified":"2023-04-13T20:51:39","modified_gmt":"2023-04-13T23:51:39","slug":"biomedicina","status":"publish","type":"page","link":"https:\/\/portal.unisepe.com.br\/saolourenco\/biblioteca\/revistas\/biomedicina\/","title":{"rendered":"Biomedicina"},"content":{"rendered":"<ul>\n<li><a href=\"http:\/\/crbm1.gov.br\/revista.asp\" target=\"_blank\" rel=\"noopener noreferrer\">Conselho Regional de Biomedicina 1\u00aa Regi\u00e3o<\/a><\/li>\n<li><a href=\"http:\/\/portalms.saude.gov.br\/\" target=\"_blank\" rel=\"noopener noreferrer\">Portal da Sa\u00fade<\/a><\/li>\n<li><a href=\"http:\/\/cfbm.gov.br\/\" target=\"_blank\" rel=\"noopener noreferrer\">Conselho Federal de Biomedicina \u2013 CFBM<\/a><\/li>\n<li><a href=\"http:\/\/www.crbm3.gov.br\/\" target=\"_blank\" rel=\"noopener noreferrer\">Conselho Regional de Biomedicina 3\u00aa Regi\u00e3o<\/a><\/li>\n<li><a href=\"http:\/\/www2.fesbe.org.br\/\" target=\"_blank\" rel=\"noopener noreferrer\">Federa\u00e7\u00e3o de Sociedades de Biologia Experimental\u2013FeSBE<\/a><\/li>\n<li><a href=\"http:\/\/www.mec.gov.br\/\" target=\"_blank\" rel=\"noopener noreferrer\">Minist\u00e9rio da Educa\u00e7\u00e3o \u2013 MEC<\/a><\/li>\n<li><a href=\"https:\/\/www.ncbi.nlm.nih.gov\/\" target=\"_blank\" rel=\"noopener noreferrer\">National Center for Biotechnology Informatin \u2013 NCBI<\/a><\/li>\n<li><a href=\"https:\/\/www.ncbi.nlm.nih.gov\/pubmed\" target=\"_blank\" rel=\"noopener noreferrer\">Pubmed<\/a><\/li>\n<li><a href=\"http:\/\/portal.unisepe.com.br\/saolourenco\/wp-content\/uploads\/sites\/10005\/2018\/09\/codigodeetica.pdf\" target=\"_blank\" rel=\"noopener noreferrer\">C\u00f3digo de \u00c9tica da Profiss\u00e3o de Biom\u00e9dico<\/a><\/li>\n<li><a href=\"http:\/\/jped.elsevier.es\/\" target=\"_blank\" rel=\"noopener noreferrer\">Jornal de Pediatria -Jped<\/a><\/li>\n<li><a href=\"http:\/\/ramb.amb.org.br\/\" target=\"_blank\" rel=\"noopener noreferrer\">RAMB &#8211; Revista da Associa\u00e7\u00e3o M\u00e9dica Brasileira<\/a><\/li>\n<li><a href=\"http:\/\/www.scielo.br\/scielo.php?script=sci_serial&amp;pid=1415-790X&amp;lng=en&amp;nrm=iso\" target=\"_blank\" rel=\"noopener noreferrer\">Epidemiologia<\/a><\/li>\n<li><a href=\"http:\/\/www.scielo.br\/scielo.php?script=sci_issues&amp;pid=0034-8910&amp;lng=pt&amp;nrm=iso\" target=\"_blank\" rel=\"noopener noreferrer\">Sa\u00fade P\u00fablica<\/a><\/li>\n<li><a href=\"https:\/\/www.bvs-vet.org.br\/vetindex\/periodicos\/revista-do-instituto-adolfo-lutz\/\" target=\"_blank\" rel=\"noopener noreferrer\">Revista Adolfo Lutz<\/a><\/li>\n<li><a href=\"http:\/\/www.scielo.br\/scielo.php?script=sci_issues&amp;pid=1517-8382&amp;lng=pt&amp;nrm=iso\" target=\"_blank\" rel=\"noopener noreferrer\">Microbiologia<\/a><a href=\"http:\/\/www.aem-sbem.com\/a_revista\/\" target=\"_blank\" rel=\"noopener noreferrer\"><\/a><\/li>\n<li><a href=\"http:\/\/www.scielo.br\/scielo.php?script=sci_issues&amp;pid=0482-5004&amp;lng=pt&amp;nrm=iso\" target=\"_blank\" rel=\"noopener noreferrer\">Reumatologia<\/a><\/li>\n<li><a href=\"http:\/\/www.scielo.br\/scielo.php?script=sci_serial&amp;pid=0036-4665&amp;lng=en&amp;nrm=iso\" target=\"_blank\" rel=\"noopener noreferrer\">Instituto de Medicina Tropical de S\u00e3o Paulo<\/a><\/li>\n<li><a href=\"http:\/\/www.scielo.br\/scielo.php?script=sci_issues&amp;pid=0074-0276&amp;lng=pt&amp;nrm=iso\" target=\"_blank\" rel=\"noopener noreferrer\">Mem\u00f3rias do Instituto Oswaldo Cruz<\/a><\/li>\n<\/ul>\n","protected":false},"excerpt":{"rendered":"<p>Conselho Regional de Biomedicina 1\u00aa Regi\u00e3o Portal da Sa\u00fade Conselho Federal de Biomedicina \u2013 CFBM Conselho Regional de Biomedicina 3\u00aa Regi\u00e3o Federa\u00e7\u00e3o de Sociedades de Biologia Experimental\u2013FeSBE Minist\u00e9rio da Educa\u00e7\u00e3o \u2013 MEC National Center for Biotechnology Informatin \u2013 NCBI Pubmed C\u00f3digo de \u00c9tica da Profiss\u00e3o de Biom\u00e9dico Jornal de Pediatria<\/p>\n","protected":false},"author":4,"featured_media":0,"parent":717,"menu_order":0,"comment_status":"closed","ping_status":"closed","template":"templates\/template-pagina_menu_vertical.php","meta":{"footnotes":""},"categories":[],"tags":[],"class_list":["post-3034","page","type-page","status-publish","hentry"],"_links":{"self":[{"href":"https:\/\/portal.unisepe.com.br\/saolourenco\/wp-json\/wp\/v2\/pages\/3034","targetHints":{"allow":["GET"]}}],"collection":[{"href":"https:\/\/portal.unisepe.com.br\/saolourenco\/wp-json\/wp\/v2\/pages"}],"about":[{"href":"https:\/\/portal.unisepe.com.br\/saolourenco\/wp-json\/wp\/v2\/types\/page"}],"author":[{"embeddable":true,"href":"https:\/\/portal.unisepe.com.br\/saolourenco\/wp-json\/wp\/v2\/users\/4"}],"replies":[{"embeddable":true,"href":"https:\/\/portal.unisepe.com.br\/saolourenco\/wp-json\/wp\/v2\/comments?post=3034"}],"version-history":[{"count":4,"href":"https:\/\/portal.unisepe.com.br\/saolourenco\/wp-json\/wp\/v2\/pages\/3034\/revisions"}],"predecessor-version":[{"id":6239,"href":"https:\/\/portal.unisepe.com.br\/saolourenco\/wp-json\/wp\/v2\/pages\/3034\/revisions\/6239"}],"up":[{"embeddable":true,"href":"https:\/\/portal.unisepe.com.br\/saolourenco\/wp-json\/wp\/v2\/pages\/717"}],"wp:attachment":[{"href":"https:\/\/portal.unisepe.com.br\/saolourenco\/wp-json\/wp\/v2\/media?parent=3034"}],"wp:term":[{"taxonomy":"category","embeddable":true,"href":"https:\/\/portal.unisepe.com.br\/saolourenco\/wp-json\/wp\/v2\/categories?post=3034"},{"taxonomy":"post_tag","embeddable":true,"href":"https:\/\/portal.unisepe.com.br\/saolourenco\/wp-json\/wp\/v2\/tags?post=3034"}],"curies":[{"name":"wp","href":"https:\/\/api.w.org\/{rel}","templated":true}]}}