{"id":3043,"date":"2018-09-19T09:25:18","date_gmt":"2018-09-19T12:25:18","guid":{"rendered":"http:\/\/portal.unisepe.com.br\/saolourenco\/?page_id=3043"},"modified":"2023-04-13T20:53:04","modified_gmt":"2023-04-13T23:53:04","slug":"direito","status":"publish","type":"page","link":"https:\/\/portal.unisepe.com.br\/saolourenco\/biblioteca\/revistas\/direito\/","title":{"rendered":"Direito"},"content":{"rendered":"<ul>\n<li><a href=\"http:\/\/www.egov.ufsc.br\/portal\/buscalegis\" target=\"_blank\" rel=\"noopener noreferrer\">Revista de Inform\u00e1tica Jur\u00eddica<\/a><\/li>\n<li><a href=\"http:\/\/www.redp.com.br\/\" target=\"_blank\" rel=\"noopener noreferrer\">Revista Eletr\u00f4nica de Direito Processual<\/a><\/li>\n<li><a href=\"http:\/\/revistas.unisinos.br\/index.php\/RECHTD\" target=\"_blank\" rel=\"noopener noreferrer\">Revista de Estudos Constitucionais, Hermen\u00eautica e Teoria do Direito<\/a><\/li>\n<li><a href=\"http:\/\/www.uel.br\/revistas\/uel\/index.php\/direitopub\" target=\"_blank\" rel=\"noopener noreferrer\">Revista Eletr\u00f4nica de Direito P\u00fablico da UEL<\/a><\/li>\n<li><a href=\"http:\/\/www.uel.br\/portal\/frm\/frmOpcao.php?opcao=http:\/\/www.uel.br\/revistas\/direitoprivado\" target=\"_blank\" rel=\"noopener noreferrer\">Revista Eletr\u00f4nica de Direito Privado da UEL<\/a><\/li>\n<li><a href=\"http:\/\/www.direitodoestado.com.br\/revistas-eletronicas\" target=\"_blank\" rel=\"noopener noreferrer\">Revista Eletr\u00f4nica Direito do Estado<\/a><\/li>\n<li><a href=\"https:\/\/revistas.ufpr.br\/direito\" target=\"_blank\" rel=\"noopener noreferrer\">Revista da Faculdade de Direito da UFPR<\/a><\/li>\n<li><a href=\"http:\/\/www.e-publicacoes.uerj.br\/index.php\/rfduerj\" target=\"_blank\" rel=\"noopener noreferrer\">Revista da Faculdade de Direito da UERJ<\/a><\/li>\n<li><a href=\"https:\/\/www.direito.ufmg.br\/revista\/index.php\/revista\" target=\"_blank\" rel=\"noopener noreferrer\">Revista da Faculdade de Direito da UFMG<\/a><\/li>\n<li><a href=\"http:\/\/periodicos.pucminas.br\/index.php\/Direito\" target=\"_blank\" rel=\"noopener noreferrer\">Revista da Faculdade Mineira de Direito<\/a><\/li>\n<li><a href=\"https:\/\/direitosp.fgv.br\/publicacoes\/revista\/revista-direito-gv\" target=\"_blank\" rel=\"noopener noreferrer\">Revista Direito FGV<\/a><\/li>\n<li><a href=\"https:\/\/www.portaldeperiodicos.idp.edu.br\/direitopublico\" target=\"_blank\" rel=\"noopener noreferrer\">Revista de Direito P\u00fablico do IDP<\/a><\/li>\n<li><a href=\"https:\/\/www.portaldeperiodicos.idp.edu.br\/observatorio\" target=\"_blank\" rel=\"noopener noreferrer\">Observat\u00f3rio da Jurisdi\u00e7\u00e3o Constitucional<\/a><\/li>\n<li><a href=\"http:\/\/www.cervantesvirtual.com\/portales\/doxa\/\" target=\"_blank\" rel=\"noopener noreferrer\">Revista DOXA<\/a><\/li>\n<li><a href=\"http:\/\/www.e-publicacoes.uerj.br\/index.php\/redpenal\" target=\"_blank\" rel=\"noopener noreferrer\">Revista Eletr\u00f4nica de Direito Penal<\/a><\/li>\n<li><a href=\"http:\/\/www.iob.com.br\/site\" target=\"_blank\" rel=\"noopener noreferrer\">IOB<\/a><\/li>\n<li><a href=\"http:\/\/www.bidforum.com.br\/bidLogin.aspx?ReturnUrl=%2f\" target=\"_blank\" rel=\"noopener noreferrer\">Biblioteca Digital F\u00f3rum<\/a>\u00a0&#8211; ATEN\u00c7\u00c3O! Para acessar, use os seguintes dados: Login: UNISEPE \/ Senha: FSL\u00a0<strong style=\"font-size: 0.95em\">SOMENTE 3(TR\u00caS) USU\u00c1RIOS SIMULT\u00c2NEOS<\/strong><\/li>\n<\/ul>\n","protected":false},"excerpt":{"rendered":"<p>Revista de Inform\u00e1tica Jur\u00eddica Revista Eletr\u00f4nica de Direito Processual Revista de Estudos Constitucionais, Hermen\u00eautica e Teoria do Direito Revista Eletr\u00f4nica de Direito P\u00fablico da UEL Revista Eletr\u00f4nica de Direito Privado da UEL Revista Eletr\u00f4nica Direito do Estado Revista da Faculdade de Direito da UFPR Revista da Faculdade de Direito da<\/p>\n","protected":false},"author":4,"featured_media":0,"parent":717,"menu_order":0,"comment_status":"closed","ping_status":"closed","template":"templates\/template-pagina_menu_vertical.php","meta":{"footnotes":""},"categories":[],"tags":[],"class_list":["post-3043","page","type-page","status-publish","hentry"],"_links":{"self":[{"href":"https:\/\/portal.unisepe.com.br\/saolourenco\/wp-json\/wp\/v2\/pages\/3043","targetHints":{"allow":["GET"]}}],"collection":[{"href":"https:\/\/portal.unisepe.com.br\/saolourenco\/wp-json\/wp\/v2\/pages"}],"about":[{"href":"https:\/\/portal.unisepe.com.br\/saolourenco\/wp-json\/wp\/v2\/types\/page"}],"author":[{"embeddable":true,"href":"https:\/\/portal.unisepe.com.br\/saolourenco\/wp-json\/wp\/v2\/users\/4"}],"replies":[{"embeddable":true,"href":"https:\/\/portal.unisepe.com.br\/saolourenco\/wp-json\/wp\/v2\/comments?post=3043"}],"version-history":[{"count":4,"href":"https:\/\/portal.unisepe.com.br\/saolourenco\/wp-json\/wp\/v2\/pages\/3043\/revisions"}],"predecessor-version":[{"id":6241,"href":"https:\/\/portal.unisepe.com.br\/saolourenco\/wp-json\/wp\/v2\/pages\/3043\/revisions\/6241"}],"up":[{"embeddable":true,"href":"https:\/\/portal.unisepe.com.br\/saolourenco\/wp-json\/wp\/v2\/pages\/717"}],"wp:attachment":[{"href":"https:\/\/portal.unisepe.com.br\/saolourenco\/wp-json\/wp\/v2\/media?parent=3043"}],"wp:term":[{"taxonomy":"category","embeddable":true,"href":"https:\/\/portal.unisepe.com.br\/saolourenco\/wp-json\/wp\/v2\/categories?post=3043"},{"taxonomy":"post_tag","embeddable":true,"href":"https:\/\/portal.unisepe.com.br\/saolourenco\/wp-json\/wp\/v2\/tags?post=3043"}],"curies":[{"name":"wp","href":"https:\/\/api.w.org\/{rel}","templated":true}]}}