{"id":3166,"date":"2018-09-20T14:27:59","date_gmt":"2018-09-20T17:27:59","guid":{"rendered":"http:\/\/portal.unisepe.com.br\/saolourenco\/?page_id=3166"},"modified":"2023-05-10T19:15:20","modified_gmt":"2023-05-10T22:15:20","slug":"nutricao-2","status":"publish","type":"page","link":"https:\/\/portal.unisepe.com.br\/saolourenco\/biblioteca\/revistas\/nutricao-2\/","title":{"rendered":"Nutri\u00e7\u00e3o"},"content":{"rendered":"<p style=\"text-align: center\"><strong>Revistas<\/strong><\/p>\n<ul>\n<li><a href=\"http:\/\/www.scielo.br\/scielo.php?script=sci_serial&amp;pid=1415-5273&amp;lng=en&amp;nrm=iso\" target=\"_blank\" rel=\"noopener noreferrer\">Revista de Nutri\u00e7\u00e3o<\/a><\/li>\n<li><a href=\"http:\/\/www.nutriweb.org.br\/\" target=\"_blank\" rel=\"noopener noreferrer\">Revista NutriWeb<\/a><\/li>\n<li><a href=\"http:\/\/revistaseletronicas.pucrs.br\/ojs\/index.php\/faenfi\" target=\"_blank\" rel=\"noopener noreferrer\">Ci\u00eancia &amp; Sa\u00fade &#8211; PUCRS<\/a><\/li>\n<li><a href=\"http:\/\/www.e-publicacoes.uerj.br\/index.php\/demetra\" target=\"_blank\" rel=\"noopener noreferrer\">DEMETRA: Alimenta\u00e7\u00e3o, Nutri\u00e7\u00e3o &amp; Sa\u00fade<\/a><\/li>\n<li><a href=\"http:\/\/www.e-publicacoes.uerj.br\/index.php\/ceres\" target=\"_blank\" rel=\"noopener noreferrer\">CERES: Nutri\u00e7\u00e3o &amp; Sa\u00fade<\/a><\/li>\n<li><a href=\"http:\/\/www.nutricaoempauta.com.br\/\" target=\"_blank\" rel=\"noopener noreferrer\">Nutri\u00e7\u00e3o em Pauta<\/a><\/li>\n<li><a href=\"http:\/\/renhyd.org\/index.php\/renhyd\" target=\"_blank\" rel=\"noopener noreferrer\">Revista Espanhola de Nutrici\u00f3n Humana y Dietetica<\/a><\/li>\n<li><a href=\"http:\/\/seer.uscs.edu.br\/index.php\/revista_ciencias_saude\/about\" target=\"_blank\" rel=\"noopener noreferrer\">Revista de Aten\u00e7\u00e3o a Sa\u00fade<\/a><\/li>\n<li><a href=\"http:\/\/respyn.uanl.mx\/index.php\/respyn\" target=\"_blank\" rel=\"noopener noreferrer\">Revista de Salud P\u00fablica y Nutrici\u00f3n<\/a><\/li>\n<li><a href=\"https:\/\/scielo.conicyt.cl\/scielo.php?script=sci_serial&amp;pid=0718-2791&amp;lng=es&amp;nrm=iso\" target=\"_blank\" rel=\"noopener noreferrer\">Revista de la Ciencia del Suelo y Nutrici\u00f3n Vegetal<\/a><\/li>\n<li><a href=\"http:\/\/www.scielo.br\/scielo.php?script=sci_serial&amp;pid=1519-3829&amp;lng=en&amp;nrm=iso\" target=\"_blank\" rel=\"noopener noreferrer\">Revista Brasileira de Sa\u00fade Materno Infantil &#8211; Brazilian Journal of Mother and Child Health<\/a><\/li>\n<\/ul>\n<p style=\"text-align: center\"><strong>Links<\/strong><\/p>\n<ul>\n<li><a href=\"http:\/\/portal.revistas.bvs.br\/index.php?issn=0716-1549&amp;lang=pt\" target=\"_blank\" rel=\"noopener noreferrer\">Revista chilena de nutrici\u00f3n<\/a><\/li>\n<li><a href=\"http:\/\/portal.revistas.bvs.br\/index.php?issn=0798-0752&amp;lang=pt\" target=\"_blank\" rel=\"noopener noreferrer\">Anales venezolanos de nutrici\u00f3n<\/a><\/li>\n<li><a href=\"http:\/\/portal.revistas.bvs.br\/index.php?issn=1517-8382&amp;lang=pt\" target=\"_blank\" rel=\"noopener noreferrer\">Brazilian journal of microbiology<\/a><\/li>\n<li><a href=\"http:\/\/portal.revistas.bvs.br\/index.php?issn=0007-9960&amp;lang=pt\" target=\"_blank\" rel=\"noopener noreferrer\">Cahiers de nutrition et de dietetique<\/a><\/li>\n<li><a href=\"http:\/\/portal.revistas.bvs.br\/index.php?issn=0101-2061&amp;lang=pt\" target=\"_blank\" rel=\"noopener noreferrer\">Ciencia e tecnologia de alimentos<\/a><\/li>\n<li><a href=\"http:\/\/portal.revistas.bvs.br\/index.php?issn=0034-6659&amp;lang=pt\" target=\"_blank\" rel=\"noopener noreferrer\">Nutrition and food science<\/a><\/li>\n<li><a href=\"http:\/\/portal.revistas.bvs.br\/index.php?issn=0864-3466&amp;lang=pt\" target=\"_blank\" rel=\"noopener noreferrer\">Revista cubana de salud p\u00fablica<\/a><\/li>\n<li><a href=\"http:\/\/portal.revistas.bvs.br\/index.php?issn=0864-2133&amp;lang=pt\" target=\"_blank\" rel=\"noopener noreferrer\">Revista cubana alimentaci\u00f3n y nutrici\u00f3n<\/a><\/li>\n<li><a href=\"http:\/\/portal.revistas.bvs.br\/index.php?issn=0168-1605&amp;lang=pt\" target=\"_blank\" rel=\"noopener noreferrer\">International journal of food microbiology<\/a><\/li>\n<li><a href=\"http:\/\/portal.revistas.bvs.br\/index.php?issn=0733-5210&amp;lang=pt\" target=\"_blank\" rel=\"noopener noreferrer\">Journal of cereal science<\/a><\/li>\n<li><a href=\"http:\/\/portalms.saude.gov.br\/\" target=\"_blank\" rel=\"noopener noreferrer\">Portal da Sa\u00fade<\/a><\/li>\n<li><a href=\"http:\/\/portal.unisepe.com.br\/saolourenco\/wp-content\/uploads\/sites\/10005\/2018\/09\/ceNutri.pdf\">C\u00f3digo de \u00c9tica do Nutricionista<\/a><\/li>\n<li><a href=\"http:\/\/www.scielo.org.ve\/scielo.php?script=sci_serial&amp;pid=0004-0622&amp;nrm=iso&amp;lng=pt\" target=\"_blank\" rel=\"noopener noreferrer\">Archivos Latinoamericanos de Nutrici\u00f3n<\/a><\/li>\n<li><a href=\"https:\/\/revistas.ufpr.br\/alimentos\" target=\"_blank\" rel=\"noopener noreferrer\">Boletim do CEPPA (Centro de Pesquisa e Processamento de Alimentos da UFPR<\/a><\/li>\n<li><a href=\"http:\/\/www.nepa.unicamp.br\/publicacoes\/principal\" target=\"_blank\" rel=\"noopener noreferrer\">Cadernos de Debate: Revista do NEPA (N\u00facleo de Estudos e Pesquisa em Alimentos da Unicamp)<\/a><\/li>\n<li><a href=\"http:\/\/scielo.isciii.es\/scielo.php?script=sci_serial&amp;pid=0212-1611&amp;lng=en&amp;nrm=iso\" target=\"_blank\" rel=\"noopener noreferrer\">Nutrici\u00f3n Hospitalaria<\/a><\/li>\n<li><a href=\"https:\/\/escholarship.org\/uc\/uclabiolchem_nutritionnoteworthy\" target=\"_blank\" rel=\"noopener noreferrer\">Nutrition Noteworthy<\/a><\/li>\n<li><a href=\"http:\/\/periodicos.unicesumar.edu.br\/\" target=\"_blank\" rel=\"noopener noreferrer\">Sa\u00fade e Pesquisa<\/a><\/li>\n<li><a href=\"http:\/\/www.scielo.br\/scielo.php?script=sci_serial&amp;pid=1414-462X&amp;lng=pt&amp;nrm=iso\" target=\"_blank\" rel=\"noopener noreferrer\">Cadernos de Sa\u00fade Coletiva<\/a><\/li>\n<li><a href=\"http:\/\/www.scielo.br\/scielo.php?script=sci_serial&amp;pid=0101-2800&amp;lng=pt&amp;nrm=iso\" target=\"_blank\" rel=\"noopener noreferrer\">Jornal Brasileiro de Nefrologia<\/a><\/li>\n<li><a href=\"http:\/\/www.scielo.br\/scielo.php?script=sci_serial&amp;pid=1677-5538&amp;lng=pt&amp;nrm=iso\" target=\"_blank\" rel=\"noopener noreferrer\">International Braz J Urol<\/a><\/li>\n<li><a href=\"http:\/\/www.scielo.br\/scielo.php?script=sci_serial&amp;pid=0102-311X&amp;lng=pt&amp;nrm=iso\" target=\"_blank\" rel=\"noopener noreferrer\">Caderno de Sa\u00fade P\u00fablica<\/a><\/li>\n<li><a href=\"http:\/\/www.scielo.br\/scielo.php?script=sci_serial&amp;pid=0101-2061&amp;lng=pt&amp;nrm=iso\" target=\"_blank\" rel=\"noopener noreferrer\">Food Science and Technology<\/a><\/li>\n<\/ul>\n","protected":false},"excerpt":{"rendered":"<p>Revistas Revista de Nutri\u00e7\u00e3o Revista NutriWeb Ci\u00eancia &amp; Sa\u00fade &#8211; PUCRS DEMETRA: Alimenta\u00e7\u00e3o, Nutri\u00e7\u00e3o &amp; Sa\u00fade CERES: Nutri\u00e7\u00e3o &amp; Sa\u00fade Nutri\u00e7\u00e3o em Pauta Revista Espanhola de Nutrici\u00f3n Humana y Dietetica Revista de Aten\u00e7\u00e3o a Sa\u00fade Revista de Salud P\u00fablica y Nutrici\u00f3n Revista de la Ciencia del Suelo y Nutrici\u00f3n Vegetal<\/p>\n","protected":false},"author":4,"featured_media":0,"parent":717,"menu_order":0,"comment_status":"closed","ping_status":"closed","template":"templates\/template-pagina_menu_vertical.php","meta":{"footnotes":""},"categories":[],"tags":[],"class_list":["post-3166","page","type-page","status-publish","hentry"],"_links":{"self":[{"href":"https:\/\/portal.unisepe.com.br\/saolourenco\/wp-json\/wp\/v2\/pages\/3166","targetHints":{"allow":["GET"]}}],"collection":[{"href":"https:\/\/portal.unisepe.com.br\/saolourenco\/wp-json\/wp\/v2\/pages"}],"about":[{"href":"https:\/\/portal.unisepe.com.br\/saolourenco\/wp-json\/wp\/v2\/types\/page"}],"author":[{"embeddable":true,"href":"https:\/\/portal.unisepe.com.br\/saolourenco\/wp-json\/wp\/v2\/users\/4"}],"replies":[{"embeddable":true,"href":"https:\/\/portal.unisepe.com.br\/saolourenco\/wp-json\/wp\/v2\/comments?post=3166"}],"version-history":[{"count":7,"href":"https:\/\/portal.unisepe.com.br\/saolourenco\/wp-json\/wp\/v2\/pages\/3166\/revisions"}],"predecessor-version":[{"id":6276,"href":"https:\/\/portal.unisepe.com.br\/saolourenco\/wp-json\/wp\/v2\/pages\/3166\/revisions\/6276"}],"up":[{"embeddable":true,"href":"https:\/\/portal.unisepe.com.br\/saolourenco\/wp-json\/wp\/v2\/pages\/717"}],"wp:attachment":[{"href":"https:\/\/portal.unisepe.com.br\/saolourenco\/wp-json\/wp\/v2\/media?parent=3166"}],"wp:term":[{"taxonomy":"category","embeddable":true,"href":"https:\/\/portal.unisepe.com.br\/saolourenco\/wp-json\/wp\/v2\/categories?post=3166"},{"taxonomy":"post_tag","embeddable":true,"href":"https:\/\/portal.unisepe.com.br\/saolourenco\/wp-json\/wp\/v2\/tags?post=3166"}],"curies":[{"name":"wp","href":"https:\/\/api.w.org\/{rel}","templated":true}]}}