{"id":319,"date":"2016-07-12T00:05:53","date_gmt":"2016-07-12T00:05:53","guid":{"rendered":"http:\/\/www.fvr.edu.br\/fvr\/site\/?page_id=319"},"modified":"2018-09-19T14:45:01","modified_gmt":"2018-09-19T17:45:01","slug":"atos-legais","status":"publish","type":"page","link":"https:\/\/portal.unisepe.com.br\/saolourenco\/cienciasbiologicas\/atos-legais\/","title":{"rendered":"Atos legais"},"content":{"rendered":"<div id=\"responsive-table\">\n<table class=\"table table-course no-th\">\n<tbody>\n<tr class=\"avalLinhaCampos\" valign=\"middle\">\n<td class=\"subline2 avalTituloCampos\"><strong>Ato Regulat\u00f3rio:\u00a0<\/strong><\/td>\n<td class=\"subline2\">Renova\u00e7\u00e3o de Reconhecimento de Curso<\/td>\n<\/tr>\n<tr class=\"avalLinhaCampos\" valign=\"middle\">\n<td class=\"subline2 avalTituloCampos\"><strong>Tipo de documento:<\/strong><\/td>\n<td class=\"subline2\">Portaria<\/td>\n<td class=\"subline2 avalTituloCampos\"><strong>No. Documento:<\/strong><\/td>\n<td class=\"subline2\">Portaria SERES n\u00ba 651<\/td>\n<\/tr>\n<tr class=\"avalLinhaCampos\" valign=\"middle\">\n<td class=\"subline2 avalTituloCampos\"><strong>Data do Documento:<\/strong><\/td>\n<td class=\"subline2\">24\/12\/2015<\/td>\n<td class=\"subline2 avalTituloCampos\"><strong>Data de Publica\u00e7\u00e3o :<\/strong><\/td>\n<td class=\"subline2\">30\/12\/2015<\/td>\n<\/tr>\n<tr class=\"avalLinhaCampos\" valign=\"middle\">\n<td class=\"subline2 avalTituloCampos\"><strong>Diploma conferido:<\/strong><\/td>\n<td class=\"subline2\">Licenciado em Ci\u00eancias Biol\u00f3gicas<\/td>\n<td class=\"subline2 avalTituloCampos\"><strong>Modalidade :<\/strong><\/td>\n<td class=\"subline2\">Presencial<\/td>\n<\/tr>\n<tr class=\"avalLinhaCampos\" valign=\"middle\">\n<td class=\"subline2 avalTituloCampos\"><strong>Carga hor\u00e1ria do curso::<\/strong><\/td>\n<td class=\"subline2\">2.840 horas<\/td>\n<td class=\"subline2 avalTituloCampos\"><strong>Regime letivo:<\/strong><\/td>\n<td class=\"subline2\">Semestral<\/td>\n<\/tr>\n<tr class=\"avalLinhaCampos\" valign=\"middle\">\n<td class=\"subline2 avalTituloCampos\"><strong>Turno de oferta:<\/strong><\/td>\n<td class=\"subline2\">Noturno<\/td>\n<td class=\"subline2 avalTituloCampos\"><\/td>\n<td class=\"subline2\"><\/td>\n<\/tr>\n<\/tbody>\n<\/table>\n<hr \/>\n<\/div>\n","protected":false},"excerpt":{"rendered":"<p>Ato Regulat\u00f3rio:\u00a0 Renova\u00e7\u00e3o de Reconhecimento de Curso Tipo de documento: Portaria No. Documento: Portaria SERES n\u00ba 651 Data do Documento: 24\/12\/2015 Data de Publica\u00e7\u00e3o : 30\/12\/2015 Diploma conferido: Licenciado em Ci\u00eancias Biol\u00f3gicas Modalidade : Presencial Carga hor\u00e1ria do curso:: 2.840 horas Regime letivo: Semestral Turno de oferta: Noturno<\/p>\n","protected":false},"author":1,"featured_media":0,"parent":317,"menu_order":0,"comment_status":"closed","ping_status":"closed","template":"templates\/template-curso_menu_vertical.php","meta":{"footnotes":""},"categories":[],"tags":[],"class_list":["post-319","page","type-page","status-publish","hentry"],"_links":{"self":[{"href":"https:\/\/portal.unisepe.com.br\/saolourenco\/wp-json\/wp\/v2\/pages\/319","targetHints":{"allow":["GET"]}}],"collection":[{"href":"https:\/\/portal.unisepe.com.br\/saolourenco\/wp-json\/wp\/v2\/pages"}],"about":[{"href":"https:\/\/portal.unisepe.com.br\/saolourenco\/wp-json\/wp\/v2\/types\/page"}],"author":[{"embeddable":true,"href":"https:\/\/portal.unisepe.com.br\/saolourenco\/wp-json\/wp\/v2\/users\/1"}],"replies":[{"embeddable":true,"href":"https:\/\/portal.unisepe.com.br\/saolourenco\/wp-json\/wp\/v2\/comments?post=319"}],"version-history":[{"count":4,"href":"https:\/\/portal.unisepe.com.br\/saolourenco\/wp-json\/wp\/v2\/pages\/319\/revisions"}],"predecessor-version":[{"id":3069,"href":"https:\/\/portal.unisepe.com.br\/saolourenco\/wp-json\/wp\/v2\/pages\/319\/revisions\/3069"}],"up":[{"embeddable":true,"href":"https:\/\/portal.unisepe.com.br\/saolourenco\/wp-json\/wp\/v2\/pages\/317"}],"wp:attachment":[{"href":"https:\/\/portal.unisepe.com.br\/saolourenco\/wp-json\/wp\/v2\/media?parent=319"}],"wp:term":[{"taxonomy":"category","embeddable":true,"href":"https:\/\/portal.unisepe.com.br\/saolourenco\/wp-json\/wp\/v2\/categories?post=319"},{"taxonomy":"post_tag","embeddable":true,"href":"https:\/\/portal.unisepe.com.br\/saolourenco\/wp-json\/wp\/v2\/tags?post=319"}],"curies":[{"name":"wp","href":"https:\/\/api.w.org\/{rel}","templated":true}]}}