{"id":3214,"date":"2018-09-20T18:58:03","date_gmt":"2018-09-20T21:58:03","guid":{"rendered":"http:\/\/portal.unisepe.com.br\/saolourenco\/?page_id=3214"},"modified":"2023-04-13T21:16:09","modified_gmt":"2023-04-14T00:16:09","slug":"pedagogia-2","status":"publish","type":"page","link":"https:\/\/portal.unisepe.com.br\/saolourenco\/biblioteca\/revistas\/pedagogia-2\/","title":{"rendered":"Pedagogia"},"content":{"rendered":"<ul>\n<li><a href=\"https:\/\/www.saraiva.com.br\" target=\"_blank\" rel=\"noopener noreferrer\">Editora Saraiva<\/a><\/li>\n<li><a href=\"http:\/\/www.educacional.com.br\/home\/home.asp\" target=\"_blank\" rel=\"noopener noreferrer\">Educacional<\/a><\/li>\n<li><a href=\"https:\/\/novaescola.org.br\/\" target=\"_blank\" rel=\"noopener noreferrer\">Nova Escola<\/a><\/li>\n<li><a href=\"http:\/\/www.seer.ufu.br\/index.php\/che\/\" target=\"_blank\" rel=\"noopener noreferrer\">Cadernos de Hist\u00f3ria da Educa\u00e7\u00e3o \u2013 UFU<\/a><\/li>\n<li><a href=\"http:\/\/www.prpg.usp.br\/index.php\/pt-br\/pae\/etapa-de-preparacao-pedagogica\/cadernos-de-pedagogia\" target=\"_blank\" rel=\"noopener noreferrer\">Cadernos de Pedagogia &#8211; USP<\/a><\/li>\n<li><a href=\"http:\/\/www.scielo.br\/scielo.php?script=sci_serial&amp;pid=0102-4698&amp;lng=pt&amp;nrm=iso\" target=\"_blank\" rel=\"noopener noreferrer\">Educa\u00e7\u00e3o em Revista<\/a><\/li>\n<li><a href=\"https:\/\/www.paulofreire.org\/acervo-paulo-freire\" target=\"_blank\" rel=\"noopener noreferrer\">Instituto Paulo Freire<\/a><\/li>\n<li><a href=\"http:\/\/www.periodicos.rc.biblioteca.unesp.br\/index.php\/educacao\/index\" target=\"_blank\" rel=\"noopener noreferrer\">Educa\u00e7\u00e3o: teoria e pr\u00e1tica \u2013 UNESP<\/a><\/li>\n<li><a href=\"http:\/\/www.scielo.br\/scielo.php?script=sci_serial&amp;pid=1518-7632&amp;lng=pt&amp;nrm=iso\" target=\"_blank\" rel=\"noopener noreferrer\">Linguagem em Discurso<\/a><\/li>\n<li><a href=\"https:\/\/educacaoespecialinclusiva.wordpress.com\/tag\/revista-ciranda-da-inclusao\/\" target=\"_blank\" rel=\"noopener noreferrer\">Educa\u00e7\u00e3o Especial Inclusiva<\/a><\/li>\n<li><a href=\"https:\/\/www.gestaoeducacional.com.br\/\" target=\"_blank\" rel=\"noopener noreferrer\">Gest\u00e3o Educacional<\/a><\/li>\n<li><a href=\"http:\/\/periodicos.pucminas.br\/index.php\/pedagogiacao\" target=\"_blank\" rel=\"noopener noreferrer\">Pedagogia em A\u00e7\u00e3o \u2013 PUCMINAS<\/a><\/li>\n<li><a href=\"http:\/\/www.scielo.br\/scielo.php?script=sci_serial&amp;pid=1413-2478&amp;lng=en&amp;nrm=iso\" target=\"_blank\" rel=\"noopener noreferrer\">Revista Brasileira de Educa\u00e7\u00e3o<\/a><\/li>\n<li><a href=\"http:\/\/revistas.ulusofona.pt\/index.php\/rleducacao\" target=\"_blank\" rel=\"noopener noreferrer\">Revista Lus\u00f3fona de Educa\u00e7\u00e3o<\/a><\/li>\n<li><a href=\"https:\/\/periodicos.ufsc.br\/index.php\/perspectiva\" target=\"_blank\" rel=\"noopener noreferrer\">Revista Perspectiva &#8211; UFSC<\/a><\/li>\n<li><a href=\"http:\/\/pepsic.bvsalud.org\/scielo.php?script=sci_serial&amp;pid=0103-8486&amp;lng=pt&amp;nrm=iso\" target=\"_blank\" rel=\"noopener noreferrer\">Revista Psicopedagogia<\/a><\/li>\n<li><a href=\"http:\/\/www.revistapsicopedagogia.com.br\/\" target=\"_blank\" rel=\"noopener noreferrer\">Psicopedagogia<\/a><\/li>\n<li><a href=\"http:\/\/www.scielo.br\/scielo.php?pid=0101-3262&amp;script=sci_serial\" target=\"_blank\" rel=\"noopener noreferrer\">Cadernos CEDES<\/a><\/li>\n<li><a href=\"http:\/\/www.scielo.br\/scielo.php?pid=1413-6538&amp;script=sci_serial\" target=\"_blank\" rel=\"noopener noreferrer\">Revista Brasileira de Educa\u00e7\u00e3o Especial<\/a><\/li>\n<li><a href=\"http:\/\/rbep.inep.gov.br\/index.php\/rbep\" target=\"_blank\" rel=\"noopener noreferrer\">Revista Brasileira de Estudos Pedag\u00f3gicos &#8211; Inep<\/a><\/li>\n<li><a href=\"http:\/\/www.sbhe.org.br\/\" target=\"_blank\" rel=\"noopener noreferrer\">Sociedade Brasileira de Hist\u00f3ria da Educa\u00e7\u00e3o<\/a><\/li>\n<li><a href=\"http:\/\/www.scielo.br\/scielo.php?script=sci_serial&amp;pid=0100-1574&amp;nrm=iso&amp;rep=&amp;lng=pt\" target=\"_blank\" rel=\"noopener noreferrer\">Cadernos de Pesquisa<\/a><\/li>\n<li><a href=\"http:\/\/www.scielo.br\/scielo.php?script=sci_serial&amp;pid=0102-4698&amp;lng=pt&amp;nrm=iso\/\" target=\"_blank\" rel=\"noopener noreferrer\">Educa\u00e7\u00e3o em Revista &#8211; FaE\/UFMG<\/a><\/li>\n<li><a href=\"http:\/\/www.rpm.org.br\/\" target=\"_blank\" rel=\"noopener noreferrer\">Revista do Professor de Matem\u00e1tica<\/a><\/li>\n<li><a href=\"https:\/\/periodicos.sbu.unicamp.br\/ojs\/index.php\/zetetike\/\" target=\"_blank\" rel=\"noopener noreferrer\">Zetetike &#8211; UNICAMP<\/a><\/li>\n<li><a href=\"http:\/\/www.scielo.br\/scielo.php?script=sci_serial&amp;pid=0102-2555\" target=\"_blank\" rel=\"noopener noreferrer\">Revista da Faculdade de Educa\u00e7\u00e3o &#8211; USP<\/a><\/li>\n<\/ul>\n","protected":false},"excerpt":{"rendered":"<p>Editora Saraiva Educacional Nova Escola Cadernos de Hist\u00f3ria da Educa\u00e7\u00e3o \u2013 UFU Cadernos de Pedagogia &#8211; USP Educa\u00e7\u00e3o em Revista Instituto Paulo Freire Educa\u00e7\u00e3o: teoria e pr\u00e1tica \u2013 UNESP Linguagem em Discurso Educa\u00e7\u00e3o Especial Inclusiva Gest\u00e3o Educacional Pedagogia em A\u00e7\u00e3o \u2013 PUCMINAS Revista Brasileira de Educa\u00e7\u00e3o Revista Lus\u00f3fona de Educa\u00e7\u00e3o<\/p>\n","protected":false},"author":4,"featured_media":0,"parent":717,"menu_order":0,"comment_status":"closed","ping_status":"closed","template":"templates\/template-pagina_menu_vertical.php","meta":{"footnotes":""},"categories":[],"tags":[],"class_list":["post-3214","page","type-page","status-publish","hentry"],"_links":{"self":[{"href":"https:\/\/portal.unisepe.com.br\/saolourenco\/wp-json\/wp\/v2\/pages\/3214","targetHints":{"allow":["GET"]}}],"collection":[{"href":"https:\/\/portal.unisepe.com.br\/saolourenco\/wp-json\/wp\/v2\/pages"}],"about":[{"href":"https:\/\/portal.unisepe.com.br\/saolourenco\/wp-json\/wp\/v2\/types\/page"}],"author":[{"embeddable":true,"href":"https:\/\/portal.unisepe.com.br\/saolourenco\/wp-json\/wp\/v2\/users\/4"}],"replies":[{"embeddable":true,"href":"https:\/\/portal.unisepe.com.br\/saolourenco\/wp-json\/wp\/v2\/comments?post=3214"}],"version-history":[{"count":11,"href":"https:\/\/portal.unisepe.com.br\/saolourenco\/wp-json\/wp\/v2\/pages\/3214\/revisions"}],"predecessor-version":[{"id":6254,"href":"https:\/\/portal.unisepe.com.br\/saolourenco\/wp-json\/wp\/v2\/pages\/3214\/revisions\/6254"}],"up":[{"embeddable":true,"href":"https:\/\/portal.unisepe.com.br\/saolourenco\/wp-json\/wp\/v2\/pages\/717"}],"wp:attachment":[{"href":"https:\/\/portal.unisepe.com.br\/saolourenco\/wp-json\/wp\/v2\/media?parent=3214"}],"wp:term":[{"taxonomy":"category","embeddable":true,"href":"https:\/\/portal.unisepe.com.br\/saolourenco\/wp-json\/wp\/v2\/categories?post=3214"},{"taxonomy":"post_tag","embeddable":true,"href":"https:\/\/portal.unisepe.com.br\/saolourenco\/wp-json\/wp\/v2\/tags?post=3214"}],"curies":[{"name":"wp","href":"https:\/\/api.w.org\/{rel}","templated":true}]}}

<ul>
<li><a href="https://www.saraiva.com.br" target="_blank" rel="noopener noreferrer">Editora Saraiva</a></li>
<li><a href="http://www.educacional.com.br/home/home.asp" target="_blank" rel="noopener noreferrer">Educacional</a></li>
<li><a href="https://novaescola.org.br/" target="_blank" rel="noopener noreferrer">Nova Escola</a></li>
<li><a href="http://www.seer.ufu.br/index.php/che/" target="_blank" rel="noopener noreferrer">Cadernos de História da Educação – UFU</a></li>
<li><a href="http://www.prpg.usp.br/index.php/pt-br/pae/etapa-de-preparacao-pedagogica/cadernos-de-pedagogia" target="_blank" rel="noopener noreferrer">Cadernos de Pedagogia &#8211; USP</a></li>
<li><a href="http://www.scielo.br/scielo.php?script=sci_serial&amp;pid=0102-4698&amp;lng=pt&amp;nrm=iso" target="_blank" rel="noopener noreferrer">Educação em Revista</a></li>
<li><a href="https://www.paulofreire.org/acervo-paulo-freire" target="_blank" rel="noopener noreferrer">Instituto Paulo Freire</a></li>
<li><a href="http://www.periodicos.rc.biblioteca.unesp.br/index.php/educacao/index" target="_blank" rel="noopener noreferrer">Educação: teoria e prática – UNESP</a></li>
<li><a href="http://www.scielo.br/scielo.php?script=sci_serial&amp;pid=1518-7632&amp;lng=pt&amp;nrm=iso" target="_blank" rel="noopener noreferrer">Linguagem em Discurso</a></li>
<li><a href="https://educacaoespecialinclusiva.wordpress.com/tag/revista-ciranda-da-inclusao/" target="_blank" rel="noopener noreferrer">Educação Especial Inclusiva</a></li>
<li><a href="https://www.gestaoeducacional.com.br/" target="_blank" rel="noopener noreferrer">Gestão Educacional</a></li>
<li><a href="http://periodicos.pucminas.br/index.php/pedagogiacao" target="_blank" rel="noopener noreferrer">Pedagogia em Ação – PUCMINAS</a></li>
<li><a href="http://www.scielo.br/scielo.php?script=sci_serial&amp;pid=1413-2478&amp;lng=en&amp;nrm=iso" target="_blank" rel="noopener noreferrer">Revista Brasileira de Educação</a></li>
<li><a href="http://revistas.ulusofona.pt/index.php/rleducacao" target="_blank" rel="noopener noreferrer">Revista Lusófona de Educação</a></li>
<li><a href="https://periodicos.ufsc.br/index.php/perspectiva" target="_blank" rel="noopener noreferrer">Revista Perspectiva &#8211; UFSC</a></li>
<li><a href="http://pepsic.bvsalud.org/scielo.php?script=sci_serial&amp;pid=0103-8486&amp;lng=pt&amp;nrm=iso" target="_blank" rel="noopener noreferrer">Revista Psicopedagogia</a></li>
<li><a href="http://www.revistapsicopedagogia.com.br/" target="_blank" rel="noopener noreferrer">Psicopedagogia</a></li>
<li><a href="http://www.scielo.br/scielo.php?pid=0101-3262&amp;script=sci_serial" target="_blank" rel="noopener noreferrer">Cadernos CEDES</a></li>
<li><a href="http://www.scielo.br/scielo.php?pid=1413-6538&amp;script=sci_serial" target="_blank" rel="noopener noreferrer">Revista Brasileira de Educação Especial</a></li>
<li><a href="http://rbep.inep.gov.br/index.php/rbep" target="_blank" rel="noopener noreferrer">Revista Brasileira de Estudos Pedagógicos &#8211; Inep</a></li>
<li><a href="http://www.sbhe.org.br/" target="_blank" rel="noopener noreferrer">Sociedade Brasileira de História da Educação</a></li>
<li><a href="http://www.scielo.br/scielo.php?script=sci_serial&amp;pid=0100-1574&amp;nrm=iso&amp;rep=&amp;lng=pt" target="_blank" rel="noopener noreferrer">Cadernos de Pesquisa</a></li>
<li><a href="http://www.scielo.br/scielo.php?script=sci_serial&amp;pid=0102-4698&amp;lng=pt&amp;nrm=iso/" target="_blank" rel="noopener noreferrer">Educação em Revista &#8211; FaE/UFMG</a></li>
<li><a href="http://www.rpm.org.br/" target="_blank" rel="noopener noreferrer">Revista do Professor de Matemática</a></li>
<li><a href="https://periodicos.sbu.unicamp.br/ojs/index.php/zetetike/" target="_blank" rel="noopener noreferrer">Zetetike &#8211; UNICAMP</a></li>
<li><a href="http://www.scielo.br/scielo.php?script=sci_serial&amp;pid=0102-2555" target="_blank" rel="noopener noreferrer">Revista da Faculdade de Educação &#8211; USP</a></li>
</ul>

<p>Editora Saraiva Educacional Nova Escola Cadernos de História da Educação – UFU Cadernos de Pedagogia &#8211; USP Educação em Revista Instituto Paulo Freire Educação: teoria e prática – UNESP Linguagem em Discurso Educação Especial Inclusiva Gestão Educacional Pedagogia em Ação – PUCMINAS Revista Brasileira de Educação Revista Lusófona de Educação</p>
