{"id":3224,"date":"2018-09-20T19:46:10","date_gmt":"2018-09-20T22:46:10","guid":{"rendered":"http:\/\/portal.unisepe.com.br\/saolourenco\/?page_id=3224"},"modified":"2023-04-13T21:07:32","modified_gmt":"2023-04-14T00:07:32","slug":"servico-social","status":"publish","type":"page","link":"https:\/\/portal.unisepe.com.br\/saolourenco\/biblioteca\/revistas\/servico-social\/","title":{"rendered":"Servi\u00e7o Social"},"content":{"rendered":"<p>&nbsp;<\/p>\n<ul>\n<li><a href=\"http:\/\/revistas.pucsp.br\/index.php\/rvva\" target=\"_blank\" rel=\"noopener noreferrer\">Refazendo V\u00ednculos &#8211; Revista de Servi\u00e7o Social da PUC-SP<\/a><\/li>\n<li><a href=\"http:\/\/www.e-publicacoes.uerj.br\/index.php\/psi-sabersocial\" target=\"_blank\" rel=\"noopener noreferrer\">Psicologia e Saber Social &#8211; UERJ<\/a><\/li>\n<li><a href=\"https:\/\/www.journals.uchicago.edu\/action\/cookieAbsent\" target=\"_blank\" rel=\"noopener noreferrer\">American Journal of Sociology<\/a><\/li>\n<li><a href=\"http:\/\/www.scielo.br\/scielo.php?script=sci_serial&amp;pid=0102-6445&amp;lng=pt&amp;nrm=iso\" target=\"_blank\" rel=\"noopener noreferrer\">Lua Nova &#8211; Revista de Cultura e Politica<\/a><\/li>\n<li><a href=\"https:\/\/periodicos.ufsc.br\/index.php\/politica\" target=\"_blank\" rel=\"noopener noreferrer\">Politica e Sociedade<\/a><\/li>\n<li><a href=\"http:\/\/revista.uepb.edu.br\/index.php\/qualitas\/index\" target=\"_blank\" rel=\"noopener noreferrer\">Qualit@s<\/a><\/li>\n<li><a href=\"https:\/\/revistas.ufpr.br\/campos\" target=\"_blank\" rel=\"noopener noreferrer\">Revista de Antropologia Social<\/a><\/li>\n<li><a href=\"http:\/\/www.uel.br\/revistas\/uel\/index.php\/ssrevista\" target=\"_blank\" rel=\"noopener noreferrer\">SSRevista &#8211; Servi\u00e7o Social em Revista \u2013 UEL \u2013 LONDRINA-PR<\/a><\/li>\n<\/ul>\n<p style=\"text-align: center\"><strong>Colet\u00e2nea de Leis do Servi\u00e7o Social<\/strong><\/p>\n<ul>\n<li><a href=\"http:\/\/portal.unisepe.com.br\/saolourenco\/wp-content\/uploads\/sites\/10005\/2018\/09\/CEP2011_CFESS.pdf\">C\u00d3DIGO DE \u00c9TICA PROFISSIONAL DO\/A ASSISTENTE SOCIAL &#8211; 9\u00aa EDI\u00c7\u00c3O<\/a><\/li>\n<li><a href=\"http:\/\/portal.unisepe.com.br\/saolourenco\/wp-content\/uploads\/sites\/10005\/2018\/09\/L8662.pdf\">LEI N.\u00ba 8.662, DE 7 DE JUNHO DE 1993<\/a><\/li>\n<li><a href=\"http:\/\/portal.unisepe.com.br\/saolourenco\/wp-content\/uploads\/sites\/10005\/2018\/09\/L12317.pdf\">LEI N\u00ba 12.317, DE 26 DE AGOSTO DE 2010<\/a><\/li>\n<li><a href=\"http:\/\/portal.unisepe.com.br\/saolourenco\/wp-content\/uploads\/sites\/10005\/2018\/09\/CEP_1986.pdf\">C\u00d3DIGO DE \u00c9TICA PROFISSIONAL DO ASSISTENTE SOCIAL &#8211; 1986<\/a><\/li>\n<li><a href=\"http:\/\/portal.unisepe.com.br\/saolourenco\/wp-content\/uploads\/sites\/10005\/2018\/09\/CEP_1975.pdf\">C\u00d3DIGO DE \u00c9TICA PROFISSIONAL DO ASSISTENTE SOCIAL &#8211; 1975<\/a><\/li>\n<li><a href=\"http:\/\/portal.unisepe.com.br\/saolourenco\/wp-content\/uploads\/sites\/10005\/2018\/09\/CEP_1965.pdf\">C\u00d3DIGO DE \u00c9TICA PROFISSIONAL DO ASSISTENTE SOCIAL &#8211; 1965<\/a><\/li>\n<li><a href=\"http:\/\/portal.unisepe.com.br\/saolourenco\/wp-content\/uploads\/sites\/10005\/2018\/09\/CEP_1947.pdf\">C\u00d3DIGO DE \u00c9TICA PROFISSIONAL DOS ASSISTENTES SOCIAIS &#8211; 1947<\/a><\/li>\n<li><a href=\"http:\/\/portal.unisepe.com.br\/saolourenco\/wp-content\/uploads\/sites\/10005\/2018\/09\/resolucao_273-93.pdf\">RESOLU\u00c7\u00c3O CFESS 273\/93, DE 13 DE MAR\u00c7O DE 1993<\/a><\/li>\n<li><a href=\"http:\/\/portal.unisepe.com.br\/saolourenco\/wp-content\/uploads\/sites\/10005\/2018\/09\/legislacao_lei_8662.pdf\">LEI 8662\/1993 (PUBLICADA NO DOU DE 8 DE JUNHO DE 1993)<\/a><\/li>\n<li><a href=\"http:\/\/portal.unisepe.com.br\/saolourenco\/wp-content\/uploads\/sites\/10005\/2018\/09\/pnf.pdf\">POL\u00cdTICA NACIONAL DE FISCALIZA\u00c7\u00c3O<\/a><\/li>\n<\/ul>\n","protected":false},"excerpt":{"rendered":"<p>&nbsp; Refazendo V\u00ednculos &#8211; Revista de Servi\u00e7o Social da PUC-SP Psicologia e Saber Social &#8211; UERJ American Journal of Sociology Lua Nova &#8211; Revista de Cultura e Politica Politica e Sociedade Qualit@s Revista de Antropologia Social SSRevista &#8211; Servi\u00e7o Social em Revista \u2013 UEL \u2013 LONDRINA-PR Colet\u00e2nea de Leis do<\/p>\n","protected":false},"author":4,"featured_media":0,"parent":717,"menu_order":0,"comment_status":"closed","ping_status":"closed","template":"templates\/template-pagina_menu_vertical.php","meta":{"footnotes":""},"categories":[],"tags":[],"class_list":["post-3224","page","type-page","status-publish","hentry"],"_links":{"self":[{"href":"https:\/\/portal.unisepe.com.br\/saolourenco\/wp-json\/wp\/v2\/pages\/3224","targetHints":{"allow":["GET"]}}],"collection":[{"href":"https:\/\/portal.unisepe.com.br\/saolourenco\/wp-json\/wp\/v2\/pages"}],"about":[{"href":"https:\/\/portal.unisepe.com.br\/saolourenco\/wp-json\/wp\/v2\/types\/page"}],"author":[{"embeddable":true,"href":"https:\/\/portal.unisepe.com.br\/saolourenco\/wp-json\/wp\/v2\/users\/4"}],"replies":[{"embeddable":true,"href":"https:\/\/portal.unisepe.com.br\/saolourenco\/wp-json\/wp\/v2\/comments?post=3224"}],"version-history":[{"count":6,"href":"https:\/\/portal.unisepe.com.br\/saolourenco\/wp-json\/wp\/v2\/pages\/3224\/revisions"}],"predecessor-version":[{"id":6247,"href":"https:\/\/portal.unisepe.com.br\/saolourenco\/wp-json\/wp\/v2\/pages\/3224\/revisions\/6247"}],"up":[{"embeddable":true,"href":"https:\/\/portal.unisepe.com.br\/saolourenco\/wp-json\/wp\/v2\/pages\/717"}],"wp:attachment":[{"href":"https:\/\/portal.unisepe.com.br\/saolourenco\/wp-json\/wp\/v2\/media?parent=3224"}],"wp:term":[{"taxonomy":"category","embeddable":true,"href":"https:\/\/portal.unisepe.com.br\/saolourenco\/wp-json\/wp\/v2\/categories?post=3224"},{"taxonomy":"post_tag","embeddable":true,"href":"https:\/\/portal.unisepe.com.br\/saolourenco\/wp-json\/wp\/v2\/tags?post=3224"}],"curies":[{"name":"wp","href":"https:\/\/api.w.org\/{rel}","templated":true}]}}