{"id":335,"date":"2016-07-12T00:23:22","date_gmt":"2016-07-12T00:23:22","guid":{"rendered":"http:\/\/www.fvr.edu.br\/fvr\/site\/?page_id=335"},"modified":"2024-08-19T15:22:39","modified_gmt":"2024-08-19T18:22:39","slug":"atos-legais","status":"publish","type":"page","link":"https:\/\/portal.unisepe.com.br\/saolourenco\/ciencias-contabeis\/atos-legais\/","title":{"rendered":"Atos Legais"},"content":{"rendered":"<div id=\"responsive-table\">\n<table class=\"table table-course no-th\">\n<tbody>\n<tr class=\"avalLinhaCampos\" valign=\"middle\">\n<td class=\"subline2 avalTituloCampos\"><strong>Ato Regulat\u00f3rio:\u00a0<\/strong><\/td>\n<td class=\"subline2\">Renova\u00e7\u00e3o de Reconhecimento de Curso<\/td>\n<\/tr>\n<tr class=\"avalLinhaCampos\" valign=\"middle\">\n<td class=\"subline2 avalTituloCampos\"><strong>Tipo de documento:<\/strong><\/td>\n<td class=\"subline2\">Portaria<\/td>\n<td class=\"subline2 avalTituloCampos\"><strong>No. Documento:<\/strong><\/td>\n<td class=\"subline2\">Portaria Seres n\u00ba. 386<\/td>\n<\/tr>\n<tr class=\"avalLinhaCampos\" valign=\"middle\">\n<td class=\"subline2 avalTituloCampos\"><strong>Data do Documento:<\/strong><\/td>\n<td class=\"subline2\">13\/08\/2024<\/td>\n<td class=\"subline2 avalTituloCampos\"><strong>Data de Publica\u00e7\u00e3o :<\/strong><\/td>\n<td class=\"subline2\">14\/08\/2024<\/td>\n<\/tr>\n<tr class=\"avalLinhaCampos\" valign=\"middle\">\n<td class=\"subline2 avalTituloCampos\"><strong>Diploma conferido:<\/strong><\/td>\n<td class=\"subline2\">Bacharel em Ci\u00eancias Cont\u00e1beis<\/td>\n<td class=\"subline2 avalTituloCampos\"><strong>Modalidade :<\/strong><\/td>\n<td class=\"subline2\">Presencial<\/td>\n<\/tr>\n<tr class=\"avalLinhaCampos\" valign=\"middle\">\n<td class=\"subline2 avalTituloCampos\"><strong>Carga hor\u00e1ria do curso::<\/strong><\/td>\n<td class=\"subline2\">3.360 horas<\/td>\n<td class=\"subline2 avalTituloCampos\"><strong>Regime letivo:<\/strong><\/td>\n<td class=\"subline2\">Semestral<\/td>\n<\/tr>\n<tr class=\"avalLinhaCampos\" valign=\"middle\">\n<td class=\"subline2 avalTituloCampos\"><strong>Turno de oferta:<\/strong><\/td>\n<td class=\"subline2\">Noturno<\/td>\n<td class=\"subline2 avalTituloCampos\"><\/td>\n<td class=\"subline2\"><\/td>\n<\/tr>\n<\/tbody>\n<\/table>\n<hr \/>\n<\/div>\n","protected":false},"excerpt":{"rendered":"<p>Ato Regulat\u00f3rio:\u00a0 Renova\u00e7\u00e3o de Reconhecimento de Curso Tipo de documento: Portaria No. Documento: Portaria Seres n\u00ba. 386 Data do Documento: 13\/08\/2024 Data de Publica\u00e7\u00e3o : 14\/08\/2024 Diploma conferido: Bacharel em Ci\u00eancias Cont\u00e1beis Modalidade : Presencial Carga hor\u00e1ria do curso:: 3.360 horas Regime letivo: Semestral Turno de oferta: Noturno<\/p>\n","protected":false},"author":1,"featured_media":0,"parent":331,"menu_order":0,"comment_status":"closed","ping_status":"closed","template":"templates\/template-curso_menu_vertical.php","meta":{"footnotes":""},"categories":[],"tags":[],"class_list":["post-335","page","type-page","status-publish","hentry"],"_links":{"self":[{"href":"https:\/\/portal.unisepe.com.br\/saolourenco\/wp-json\/wp\/v2\/pages\/335","targetHints":{"allow":["GET"]}}],"collection":[{"href":"https:\/\/portal.unisepe.com.br\/saolourenco\/wp-json\/wp\/v2\/pages"}],"about":[{"href":"https:\/\/portal.unisepe.com.br\/saolourenco\/wp-json\/wp\/v2\/types\/page"}],"author":[{"embeddable":true,"href":"https:\/\/portal.unisepe.com.br\/saolourenco\/wp-json\/wp\/v2\/users\/1"}],"replies":[{"embeddable":true,"href":"https:\/\/portal.unisepe.com.br\/saolourenco\/wp-json\/wp\/v2\/comments?post=335"}],"version-history":[{"count":5,"href":"https:\/\/portal.unisepe.com.br\/saolourenco\/wp-json\/wp\/v2\/pages\/335\/revisions"}],"predecessor-version":[{"id":6640,"href":"https:\/\/portal.unisepe.com.br\/saolourenco\/wp-json\/wp\/v2\/pages\/335\/revisions\/6640"}],"up":[{"embeddable":true,"href":"https:\/\/portal.unisepe.com.br\/saolourenco\/wp-json\/wp\/v2\/pages\/331"}],"wp:attachment":[{"href":"https:\/\/portal.unisepe.com.br\/saolourenco\/wp-json\/wp\/v2\/media?parent=335"}],"wp:term":[{"taxonomy":"category","embeddable":true,"href":"https:\/\/portal.unisepe.com.br\/saolourenco\/wp-json\/wp\/v2\/categories?post=335"},{"taxonomy":"post_tag","embeddable":true,"href":"https:\/\/portal.unisepe.com.br\/saolourenco\/wp-json\/wp\/v2\/tags?post=335"}],"curies":[{"name":"wp","href":"https:\/\/api.w.org\/{rel}","templated":true}]}}