{"id":3937,"date":"2019-07-12T10:22:21","date_gmt":"2019-07-12T13:22:21","guid":{"rendered":"http:\/\/portal.unisepe.com.br\/saolourenco\/?page_id=3937"},"modified":"2019-11-12T10:19:49","modified_gmt":"2019-11-12T13:19:49","slug":"carga-horaria-do-curso","status":"publish","type":"page","link":"https:\/\/portal.unisepe.com.br\/saolourenco\/direito-processo-civil-enfase-em-consumidor-contratos-e-responsabilidade-civil\/carga-horaria-do-curso\/","title":{"rendered":"Carga Hor\u00e1ria do Curso"},"content":{"rendered":"<p style=\"text-align: center\"><em><strong>Carga Hor\u00e1ria do Curso<\/strong><\/em><\/p>\n<p style=\"text-align: center\">360 h\/a + 30h\/a (Elabora\u00e7\u00e3o de Artigo Cient\u00edfico ou TCC) = 390 h\/a<\/p>\n<p style=\"text-align: center\"><em><strong>In\u00edcio do Curso<\/strong><\/em><\/p>\n<p style=\"text-align: center\">21 de mar\u00e7o de 2020<\/p>\n<p style=\"text-align: center\"><em><strong>Hor\u00e1rio das Aulas<\/strong><\/em><\/p>\n<p style=\"text-align: center\">Aulas quinzenais aos s\u00e1bados (8:00h \u00e0s 14:00h).<\/p>\n<p style=\"text-align: center\"><em><strong>Dura\u00e7\u00e3o<\/strong><\/em><\/p>\n<p style=\"text-align: center\">Vinte e um meses (Dezoito meses de aula + tr\u00eas meses para entrega de um Artigo Cient\u00edfico ou TCC).<\/p>\n","protected":false},"excerpt":{"rendered":"<p>Carga Hor\u00e1ria do Curso 360 h\/a + 30h\/a (Elabora\u00e7\u00e3o de Artigo Cient\u00edfico ou TCC) = 390 h\/a In\u00edcio do Curso 21 de mar\u00e7o de 2020 Hor\u00e1rio das Aulas Aulas quinzenais aos s\u00e1bados (8:00h \u00e0s 14:00h). Dura\u00e7\u00e3o Vinte e um meses (Dezoito meses de aula + tr\u00eas meses para entrega de<\/p>\n","protected":false},"author":4,"featured_media":0,"parent":3927,"menu_order":0,"comment_status":"closed","ping_status":"closed","template":"templates\/template-pagina_menu_vertical.php","meta":{"footnotes":""},"categories":[],"tags":[],"class_list":["post-3937","page","type-page","status-publish","hentry"],"_links":{"self":[{"href":"https:\/\/portal.unisepe.com.br\/saolourenco\/wp-json\/wp\/v2\/pages\/3937","targetHints":{"allow":["GET"]}}],"collection":[{"href":"https:\/\/portal.unisepe.com.br\/saolourenco\/wp-json\/wp\/v2\/pages"}],"about":[{"href":"https:\/\/portal.unisepe.com.br\/saolourenco\/wp-json\/wp\/v2\/types\/page"}],"author":[{"embeddable":true,"href":"https:\/\/portal.unisepe.com.br\/saolourenco\/wp-json\/wp\/v2\/users\/4"}],"replies":[{"embeddable":true,"href":"https:\/\/portal.unisepe.com.br\/saolourenco\/wp-json\/wp\/v2\/comments?post=3937"}],"version-history":[{"count":11,"href":"https:\/\/portal.unisepe.com.br\/saolourenco\/wp-json\/wp\/v2\/pages\/3937\/revisions"}],"predecessor-version":[{"id":4519,"href":"https:\/\/portal.unisepe.com.br\/saolourenco\/wp-json\/wp\/v2\/pages\/3937\/revisions\/4519"}],"up":[{"embeddable":true,"href":"https:\/\/portal.unisepe.com.br\/saolourenco\/wp-json\/wp\/v2\/pages\/3927"}],"wp:attachment":[{"href":"https:\/\/portal.unisepe.com.br\/saolourenco\/wp-json\/wp\/v2\/media?parent=3937"}],"wp:term":[{"taxonomy":"category","embeddable":true,"href":"https:\/\/portal.unisepe.com.br\/saolourenco\/wp-json\/wp\/v2\/categories?post=3937"},{"taxonomy":"post_tag","embeddable":true,"href":"https:\/\/portal.unisepe.com.br\/saolourenco\/wp-json\/wp\/v2\/tags?post=3937"}],"curies":[{"name":"wp","href":"https:\/\/api.w.org\/{rel}","templated":true}]}}