{"id":4040,"date":"2019-07-15T14:39:00","date_gmt":"2019-07-15T17:39:00","guid":{"rendered":"http:\/\/portal.unisepe.com.br\/saolourenco\/?page_id=4040"},"modified":"2025-10-23T16:24:18","modified_gmt":"2025-10-23T19:24:18","slug":"ciencias-criminais","status":"publish","type":"page","link":"https:\/\/portal.unisepe.com.br\/saolourenco\/ciencias-criminais\/","title":{"rendered":"Ci\u00eancias Criminais"},"content":{"rendered":"<p style=\"text-align: justify;\"><a href=\"http:\/\/www.escolamineiradedireito.com.br.\" target=\"_blank\" rel=\"noopener\"><img loading=\"lazy\" decoding=\"async\" class=\"alignleft wp-image-4098 size-thumbnail\" src=\"http:\/\/portal.unisepe.com.br\/saolourenco\/wp-content\/uploads\/sites\/10005\/2019\/07\/IMG-20190716-WA0043-150x150.jpg\" alt=\"\" width=\"150\" height=\"150\" srcset=\"https:\/\/portal.unisepe.com.br\/saolourenco\/wp-content\/uploads\/sites\/10005\/2019\/07\/IMG-20190716-WA0043-150x150.jpg 150w, https:\/\/portal.unisepe.com.br\/saolourenco\/wp-content\/uploads\/sites\/10005\/2019\/07\/IMG-20190716-WA0043-300x300.jpg 300w, https:\/\/portal.unisepe.com.br\/saolourenco\/wp-content\/uploads\/sites\/10005\/2019\/07\/IMG-20190716-WA0043-768x768.jpg 768w, https:\/\/portal.unisepe.com.br\/saolourenco\/wp-content\/uploads\/sites\/10005\/2019\/07\/IMG-20190716-WA0043-225x225.jpg 225w, https:\/\/portal.unisepe.com.br\/saolourenco\/wp-content\/uploads\/sites\/10005\/2019\/07\/IMG-20190716-WA0043.jpg 800w\" sizes=\"auto, (max-width: 150px) 100vw, 150px\" \/><\/a><\/p>\n<p>&nbsp;<\/p>\n<p>&nbsp;<\/p>\n<p style=\"text-align: justify;\">\u00a0 \u00a0 \u00a0 \u00a0 \u00a0 A P\u00f3s-Gradua\u00e7\u00e3o de Ci\u00eancias Criminais do <span data-teams=\"true\">Centro Universit\u00e1rio <\/span>S\u00e3o Louren\u00e7o \u00e9 realizada com a colabora\u00e7\u00e3o da Escola Mineira de Direito (EMD). Para mais informa\u00e7\u00f5es acesse: <a href=\"http:\/\/www.escolamineiradedireito.com.br.\" target=\"_blank\" rel=\"noopener\"><strong>www.escolamineiradedireito.com.br.<\/strong><\/a><\/p>\n<p>&nbsp;<\/p>\n<p>&nbsp;<\/p>\n<p style=\"text-align: justify;\">\u00a0 \u00a0 \u00a0 \u00a0 \u00a0 A\u00a0P\u00f3s-gradua\u00e7\u00e3o em Ci\u00eancias Criminais dar\u00e1 grande realce a metodologias participativas que colocam o aluno como protagonista do processo de aprendizagem. Os m\u00f3dulos mesclar\u00e3o aulas dialogadas, discuss\u00e3o de casos, exerc\u00edcios aplicativos, an\u00e1lises de decis\u00f5es judiciais e simula\u00e7\u00e3o de situa\u00e7\u00f5es concretas.<\/p>\n<p style=\"text-align: center;\"><strong>Objetivos do Curso<\/strong><\/p>\n<ul>\n<li style=\"text-align: justify;\">Aprofundar discuss\u00f5es t\u00e9cnicas e ferramentas para auxiliar na resolu\u00e7\u00e3o de problemas pr\u00e1ticos do mundo jur\u00eddico, desde sua caracteriza\u00e7\u00e3o at\u00e9 a proposi\u00e7\u00e3o de eventuais solu\u00e7\u00f5es na \u00e1rea criminal;<\/li>\n<li style=\"text-align: justify;\">Desenvolver habilidades de comunica\u00e7\u00e3o verbal e escrita de forma eficiente e eficaz para o advogado que busca militar na \u00e1rea Criminal;<\/li>\n<li style=\"text-align: justify;\">Preparar o aluno para exercer a carreira docente.<\/li>\n<\/ul>\n<p style=\"text-align: center;\"><strong>P\u00fablico Alvo<\/strong><\/p>\n<p style=\"text-align: justify;\">\u00a0 \u00a0 \u00a0 \u00a0 \u00a0 Graduados em Direito, advogados ou consultores jur\u00eddicos, servidores p\u00fablicos em geral.<\/p>\n","protected":false},"excerpt":{"rendered":"<p>&nbsp; &nbsp; \u00a0 \u00a0 \u00a0 \u00a0 \u00a0 A P\u00f3s-Gradua\u00e7\u00e3o de Ci\u00eancias Criminais do Centro Universit\u00e1rio S\u00e3o Louren\u00e7o \u00e9 realizada com a colabora\u00e7\u00e3o da Escola Mineira de Direito (EMD). Para mais informa\u00e7\u00f5es acesse: www.escolamineiradedireito.com.br. &nbsp; &nbsp; \u00a0 \u00a0 \u00a0 \u00a0 \u00a0 A\u00a0P\u00f3s-gradua\u00e7\u00e3o em Ci\u00eancias Criminais dar\u00e1 grande realce a metodologias participativas<\/p>\n","protected":false},"author":4,"featured_media":0,"parent":0,"menu_order":0,"comment_status":"closed","ping_status":"closed","template":"templates\/template-pagina_menu_vertical.php","meta":{"footnotes":""},"categories":[],"tags":[],"class_list":["post-4040","page","type-page","status-publish","hentry"],"_links":{"self":[{"href":"https:\/\/portal.unisepe.com.br\/saolourenco\/wp-json\/wp\/v2\/pages\/4040","targetHints":{"allow":["GET"]}}],"collection":[{"href":"https:\/\/portal.unisepe.com.br\/saolourenco\/wp-json\/wp\/v2\/pages"}],"about":[{"href":"https:\/\/portal.unisepe.com.br\/saolourenco\/wp-json\/wp\/v2\/types\/page"}],"author":[{"embeddable":true,"href":"https:\/\/portal.unisepe.com.br\/saolourenco\/wp-json\/wp\/v2\/users\/4"}],"replies":[{"embeddable":true,"href":"https:\/\/portal.unisepe.com.br\/saolourenco\/wp-json\/wp\/v2\/comments?post=4040"}],"version-history":[{"count":41,"href":"https:\/\/portal.unisepe.com.br\/saolourenco\/wp-json\/wp\/v2\/pages\/4040\/revisions"}],"predecessor-version":[{"id":6799,"href":"https:\/\/portal.unisepe.com.br\/saolourenco\/wp-json\/wp\/v2\/pages\/4040\/revisions\/6799"}],"wp:attachment":[{"href":"https:\/\/portal.unisepe.com.br\/saolourenco\/wp-json\/wp\/v2\/media?parent=4040"}],"wp:term":[{"taxonomy":"category","embeddable":true,"href":"https:\/\/portal.unisepe.com.br\/saolourenco\/wp-json\/wp\/v2\/categories?post=4040"},{"taxonomy":"post_tag","embeddable":true,"href":"https:\/\/portal.unisepe.com.br\/saolourenco\/wp-json\/wp\/v2\/tags?post=4040"}],"curies":[{"name":"wp","href":"https:\/\/api.w.org\/{rel}","templated":true}]}}