{"id":4048,"date":"2019-07-15T14:41:18","date_gmt":"2019-07-15T17:41:18","guid":{"rendered":"http:\/\/portal.unisepe.com.br\/saolourenco\/?page_id=4048"},"modified":"2019-07-17T14:39:39","modified_gmt":"2019-07-17T17:39:39","slug":"corpo-docente","status":"publish","type":"page","link":"https:\/\/portal.unisepe.com.br\/saolourenco\/ciencias-criminais\/corpo-docente\/","title":{"rendered":"Corpo Docente"},"content":{"rendered":"<h4 style=\"text-align: center\"><strong>Coordena\u00e7\u00e3o<\/strong><\/h4>\n<p><em><strong>Prof. Me. Fernando de Paula Batista Mello<\/strong><\/em><\/p>\n<p style=\"text-align: justify\">Doutorando em Direito Civil pela Faculdade de Direito da Universidade de Coimbra &#8211; FDUC em regime de cotutela com a Faculdade de Direito de S\u00e3o Paulo &#8211; FDUSP. Mestre em Ci\u00eancias Jur\u00eddico-Civil\u00edsticas, men\u00e7\u00e3o em Direito Civil, pela Faculdade de Direito da Universidade de Coimbra &#8211; FDUC. Graduado em Direito pelo Instituto Vianna J\u00fanior. Pesquisador Visitante Bolsista do Instituto Max-Planck de Direito Privado Comparado e Internacional (Hamburgo &#8211; Alemanha). Pesquisador Visitante da Universidade de Hamburgo (Hamburgo &#8211; Alemanha). Colaborador do Instituto Jur\u00eddico da Faculdade de Direito da Universidade de Coimbra (Coimbra &#8211; Portugal). Diretor Executivo da Escola Mineira de Direito (EMD); Professor de Direito Civil e Processo Civil da FADIVA e UNIFAAT; Coordenador do N\u00facleo de Pr\u00e1tica Jur\u00eddica (NPJ) da UNIFAAT; Coordenador dos Cursos Preparat\u00f3rios para OAB da Escola Mineira de Direito (EMD); Coordenador do Curso de P\u00f3s-Gradua\u00e7\u00e3o da FADIVA; Co-coordenador do Curso de P\u00f3s-Gradua\u00e7\u00e3o em Direito Processual Civil da UNIFAAT; Coordenador do Curso de P\u00f3s-gradua\u00e7\u00e3o em Direito Processual Civil da FACICA com o apoio da Escola Mineira de Direito (EMD); Coordenador dos Cursos de P\u00f3s-gradua\u00e7\u00e3o da Faculdade de S\u00e3o Louren\u00e7o com o apoio da Escola Mineira de Direito (EMD). Advogado e Parecerista.<\/p>\n<p>&nbsp;<\/p>\n<h4 style=\"text-align: center\"><strong>Corpo Docente<\/strong><\/h4>\n<p><em><strong>Prof. Dr. Lu\u00eds Carlos Hon\u00f3rio de Valois Coelho (Juiz de Direito)<\/strong><\/em><\/p>\n<p style=\"text-align: justify\">P\u00f3s-doutorando em Criminologia na Universidade de Hamburgo, Alemanha. Doutor e Mestre em Criminologia e Direito Penal pela Universidade de S\u00e3o Paulo &#8211; USP, Largo de S\u00e3o Francisco. Juiz de Direito titular da Vara de Execu\u00e7\u00f5es Penais do Amazonas. Membro do Instituto Brasileiro de Ci\u00eancias Criminais &#8211; IBCCrim e da Associa\u00e7\u00e3o de Ju\u00edzes para Democracia &#8211; AJD.<\/p>\n<p><em><strong>Prof. Dr. Alexandre Moraes da Rosa (Juiz de Direito)<\/strong><\/em><\/p>\n<p style=\"text-align: justify\">Juiz de Direito (TJSC), Doutor em Direito (UFPR) e Professor Universit\u00e1rio (UNIVALI-SC e UFSC). Pesquisa Novas Tecnologias, Big Data, Jurimetria, Decis\u00e3o, Automa\u00e7\u00e3o e Intelig\u00eancia Artificial aplicadas ao Direito Judici\u00e1rio, com perspectiva transdisciplinar. Coordena os Grupos de Pesquisa: Judici\u00e1rio do Futuro (CNPq UFSC) e o Novas Tecnologias, Big Data, Jurimetria, Automa\u00e7\u00e3o e Intelig\u00eancia Artificial aplicadas ao Direito (CNPq UNIVALI).<\/p>\n<p><em><strong>Prof. Eduardo Fontes (Delegado Federal)<\/strong><\/em><\/p>\n<p style=\"text-align: justify\">Mestrando em Ci\u00eancias Jur\u00eddicas pela Universidade de Lisboa. Especialista em Seguran\u00e7a P\u00fablica e Direitos Humanos pelo Minist\u00e9rio da Justi\u00e7a. Professor e coordenador de p\u00f3s-gradua\u00e7\u00e3o do CERS. Escritor de livros e coordenador de cole\u00e7\u00e3o pela Juspodivm. Coach da Ad Verum. Aprovado nos concursos de Procurador do Estado de S\u00e3o Paulo e Delegado de Pol\u00edcia Civil no Paran\u00e1. Delegado de Pol\u00edcia Federal. Premiado como melhor Delegado de Pol\u00edcia do Brasil na categoria jur\u00eddica.<\/p>\n<p><em><strong>Prof.\u00aa Dr\u00aa. Maria Patr\u00edcia Vanzolini<\/strong><\/em><\/p>\n<p style=\"text-align: justify\">Doutora e Mestre em Direito pela Pontif\u00edcia Universidade Cat\u00f3lica de S\u00e3o Paulo(PUC). Professora da Universidade Presbiteriana Mackenzie e do Complexo Educacional Dam\u00e1sio de Jesus. Advogada s\u00f3cia do escrit\u00f3rio &#8211; Brito, Vanzolini e Porcer Advogados Associados. Professora convidada da Escola Superior da Magistratura e da Escola Superior do Minist\u00e9rio P\u00fablico. Autora do &#8220;Manual de Direito Penal&#8221; pela Editora Saraiva dentre outras obras.<\/p>\n<p><em><strong>Prof. Dr. Alexis Couto de Brito<\/strong><\/em><\/p>\n<p style=\"text-align: justify\">P\u00f3s-doutor pela Faculdade de Direito de Coimbra. Doutor em Direito Penal pela USP e P\u00f3s-graduado em Direito pela Universidade Castilla-La Macha de Toledo (Espanha). Pesquisador convidado do Instituto de Filosofia do Direito da Universidade de Munique (Alemanha). Professor da Universidade Presbiteriana Mackenzie. Professor do Programa de P\u00f3s-gradua\u00e7\u00e3o em Direito (stricto sensu) da EPD. Conselho Editorial da Revista Opini\u00f3n Jur\u00eddica (Col\u00f4mbia), Revista Penal (Espanha) e da Revista Brasileira de Ci\u00eancias Criminais Advogado criminalista membro da Comiss\u00e3o de Direito Penal e da Comiss\u00e3o de Direito Penal Econ\u00f4mico da OAB\/SP.<\/p>\n<p><em><strong>Prof. Me. Saulo Ramos Furquim<\/strong><\/em><\/p>\n<p style=\"text-align: justify\">Mestre em Ci\u00eancias Jur\u00eddico-Criminais pela Faculdade de Direito de Coimbra (Portugal). P\u00f3s-Graduado em Ci\u00eancias Penais. Professor na gradua\u00e7\u00e3o em Direito nas Faculdades de Atibaia (UNIFAAT) de Direito Penal e Legisla\u00e7\u00e3o Penal Especial. Autor do livro &#8220;A Criminologia Cultural e a Criminaliza\u00e7\u00e3o Cultural Perif\u00e9rica&#8221;, editora Lumen Juris. Advogado e Professor de Direito Penal.<\/p>\n<p><em><strong>Prof\u00aa. Me. Gabriela Segarra<\/strong><\/em><\/p>\n<p style=\"text-align: justify\">Mestrado em Direito Penal pela Faculdade de Direito de Coimbra (Portugal) com per\u00edodo de mobilidade estudantil na Universidad Complutense de Madrid; P\u00f3s-Gradua\u00e7\u00e3o em Direito Penal Econ\u00f4mico Europeu pela FDUC; P\u00f3s-Gradua\u00e7\u00e3o em Direito e Processo Penal pela Universidade Presbiteriana Mackenzie; Graduada pela Universidade Presbiteriana Mackenzie. Professora da (UNIFAAT).<\/p>\n<p><em><strong>Prof\u00aa. Me. Louise Araujo<\/strong><\/em><\/p>\n<p style=\"text-align: justify\">Mestre em Ci\u00eancias Jur\u00eddico-Pol\u00edticas pela Faculdade de Direito da Universidade de Coimbra (Portugal). Especialista em direitos humanos e democracia pelo Centro de Direitos Humanos da Faculdade de Direito da Universidade de Coimbra,. Foi aluna do Curso de extens\u00e3o em Direito Internacional pela Academia de Haia de Direito Internacional \/ CIJ. Professora na \u00e1rea de Direitos Humanos e Direito Internacional na EBRADI e na Escola Superior da Advocacia &#8211; ESA \u2013 OAB\/SP. Membra da Comiss\u00e3o de Direitos Humanos e da Comiss\u00e3o de Criminologia da OAB S\u00e3o Paulo.<\/p>\n<p><em><strong>Prof. Me. Rodrigo Murad (Defensor P\u00fablico)<\/strong><\/em><\/p>\n<p style=\"text-align: justify\">Doutorando em Direito Penal pela Universidad de Buenos Aires na Rep\u00fablica Argentina. Possui o t\u00edtulo de Mestre em Direito na \u00e1rea &#8220;Acesso \u00e0 Justi\u00e7a e Direito Processual&#8221;. \u00c9 P\u00f3s-graduado em Criminologia, Pol\u00edtica Criminal e Seguran\u00e7a P\u00fablica pela Uniderp. Possui P\u00f3s-Gradua\u00e7\u00e3o em Direito Privado pela UniGrario (2005). P\u00f3s-graduado em Direito de Fam\u00edlia e Sucess\u00f5es. Defensor P\u00fablico do Estado de Minas Gerais. Professor de Direito Penal.<\/p>\n<p><em><strong>Prof. Dr. M\u00e1rio Ant\u00f4nio Concei\u00e7\u00e3o (Promotor de Justi\u00e7a)<\/strong><\/em><\/p>\n<p style=\"text-align: justify\">Doutor em Direito Internacional pela PUC-Minas (2011). Mestre em Direito Empresarial pela Faculdade de Direito Direito Milton Campos (2002). P\u00f3s-graduado em Direito Constitucional pela Universidade de Paris II (1996). Promotor de Justi\u00e7a. Professor Universit\u00e1rio.<\/p>\n<p><em><strong>Prof. Me. Rafael Serra Oliveira<\/strong><\/em><\/p>\n<p style=\"text-align: justify\">Mestre em Ci\u00eancias Jur\u00eddico-Criminais pela Faculdade de Direito de Coimbra (Portugal). Especialista em Direito Penal Econ\u00f4mico pela Funda\u00e7\u00e3o Get\u00falio Vargas de S\u00e3o Paulo. Membro da Comiss\u00e3o de Direito Penal da OAB\/SP, do conselho editorial da Revista Liberdades, da comiss\u00e3o especial IBCCRIM\/ Coimbra, do Instituto Brasileiro de Ci\u00eancias Criminais e do Instituto de Defesa do Direito de Defesa (IDDD). Advogado Criminalista.<\/p>\n<p><em><strong>Prof\u00aa. Dr\u00aa. Carla Silene Cardoso Lisb\u00f4a Bernardo Gomes<\/strong><\/em><\/p>\n<p style=\"text-align: justify\">Doutora pela Pontif\u00edcia Universidade Cat\u00f3lica de Minas Gerais (PUC-MG) e Mestre em Direito pela Pontif\u00edcia Universidade Cat\u00f3lica do Rio de Janeiro (PUC-RJ). Diretora Nacional das Coordenadorias Estaduais do IBCCRIM e 2\u00aa Vice Presidente do ICP. Advogada Criminalista e S\u00f3cia do escrit\u00f3rio Carla Silene &amp; Eduardo Milhomens Sociedade de Advogados. Tem experi\u00eancia na \u00e1rea de Direito, com \u00eanfase em Direitos Humanos, atuando principalmente nos seguintes temas: direito penal, assist\u00eancia educacional e remi\u00e7\u00e3o.<\/p>\n<p><em><strong>Prof. Me. Wellington Clair de Castro (Delegado Regional)<\/strong><\/em><\/p>\n<p style=\"text-align: justify\">Doutorando em Direito Penal pela PUC\/SP; Mestre em Direito Constitucional pela FDSM &#8211; Faculdade de Direito do Sul de Minas &#8211; Pouso Alegre\/MG. Professor de Direito Penal e Medicina Legal. Delegado de Pol\u00edcia Civil do Estado de Minas Gerais.<\/p>\n<p><em><strong>Prof. Me. Matheus Almeida Caetano<\/strong><\/em><\/p>\n<p style=\"text-align: justify\">Doutorando em Ci\u00eancias Jur\u00eddico-Criminais pela Faculdade de Direito de Coimbra. Mestre em Direito, Estado e Sociedade pela UFSC. Especialista em Direito Penal Econ\u00f3mico e Europeu pelo Instituto de Direito Penal Econ\u00f3mico e Europeu da FDUC. Investigador Colaborador do Instituto Jur\u00eddico da FDUC. Pesquisador Visitante junto aos Strafrechtliches Institut der Rheinische Friedrich-Wilhelms Universit\u00e4t Bonn e Max-Planck-Institut f\u00fcr ausl\u00e4ndisches und internationales Strafrecht, Freiburg im Breisgau.<\/p>\n<p><em><strong>Prof. Me. Matheus Magnus Santos Lemini<\/strong><\/em><\/p>\n<p style=\"text-align: justify\">Mestre em Direito pela Faculdade de Direito do Sul de Minas. P\u00f3s-Graduado em Ci\u00eancias Criminais pela Universidade de Desenvolvimento da Regi\u00e3o do Pantanal (UNIDERP). Ex-Coordenador do Procon Municipal da Prefeitura Municipal de Machado\/MG e Assessor Jur\u00eddico da C\u00e2mara do Rio Claro\/MG. Professor de Processo Penal na UNISEPE &#8211; Faculdade S\u00e3o Louren\u00e7o da cidade de S\u00e3o Louren\u00e7o\/MG.<\/p>\n<p><em><strong>Prof. Me. Cristiano Silva de Almeida (Delegado de Pol\u00edcia)<\/strong><\/em><\/p>\n<p style=\"text-align: justify\">Mestre em Direitos Sociais, Difusos e Coletivos. Delegado Regional de Policial. Especialista em Direito P\u00fablico e Direito Privado. Professor de Criminologia da P\u00f3s-gradua\u00e7\u00e3o da ACADEPOL\/PCMG e da Universidade de Nova Igua\u00e7u (UNIG).<\/p>\n<p><em><strong>Prof\u00aa. Ludmila Lins Grilo (Ju\u00edza de Direito)<\/strong><\/em><\/p>\n<p style=\"text-align: justify\">Ju\u00edza de Direito do Tribunal de Justi\u00e7a de Minas Gerais. Ex-professora de Direito Penal da Faculdade Pit\u00e1goras de Ipatinga\/MG. Professora no Burke Instituto Conservador. Formada pela Escola de Altos Estudos em Ci\u00eancias Criminais em 2018. Palestrante em congressos e eventos.<\/p>\n<p><em><strong>Prof. Me. Daniel Ribeiro Costa (Promotor de Justi\u00e7a do GAECO)<\/strong><\/em><\/p>\n<p style=\"text-align: justify\">Mestre em Direito Processual Penal pela UFMG. Integrante do Grupo de Atua\u00e7\u00e3o Especial de Repress\u00e3o ao Crime Organizado \u2013 GAECO. Promotor de Justi\u00e7a. Tem experi\u00eancia na \u00e1rea de Direito, com \u00eanfase em Direito Penal, Direito Processual Penal.<\/p>\n<p><em><strong>Prof. Me. R\u00f4mulo Luis Veloso de Carvalho (Defensor P\u00fablico)<\/strong><\/em><\/p>\n<p style=\"text-align: justify\">Mestre em Direito Penal pela Pontif\u00edcia Universidade Cat\u00f3lica de Minas Gerais (PUC-MG). P\u00f3s-graduado (lato sensu) em direito no Curso de Especializa\u00e7\u00e3o em Direito da Escola da Magistratura do Estado do Rio de Janeiro. Graduado pela Universidade Federal do Estado do Rio de Janeiro (UFRJ). \u00c9 defensor p\u00fablico na Defensoria P\u00fablica do Estado de Minas Gerais. Conselheiro Titular do Conselho Penitenci\u00e1rio do Estado de Minas Gerais. Tem experi\u00eancia na \u00e1rea de Direito, com \u00eanfase em Direito Penal.<\/p>\n<p><em><strong>Prof\u00aa. Me. Patr\u00edcia Bemfica<\/strong><\/em><\/p>\n<p style=\"text-align: justify\">Especialista em Direito Penal. Mestra em Educa\u00e7\u00e3o pela Universidade do Vale do Sapuca\u00ed &#8211; UNIV\u00c1S. Ex- Analista Executivo da Defesa Social no Estado de Minas Gerais. Professora de Direito Penal, Est\u00e1gio Supervisionado Penal e Pr\u00e1tica Jur\u00eddica-Criminal. Advogada.<\/p>\n<p><em><strong>Prof\u00aa. Me. Priscilla Guimar\u00e3es Corn\u00e9lio<\/strong><\/em><\/p>\n<p style=\"text-align: justify\">Especialista (p\u00f3s &#8220;lato sensu&#8221;) em Direito Penal e Processual Penal pela Faculdade de Direito Dam\u00e1sio de Jesus. Mestre em Hist\u00f3ria pela Universidade Federal de Alfenas. S\u00f3cia Propriet\u00e1ria no escrit\u00f3rio Guimar\u00e3es Maselli; Professora Universit\u00e1ria de Direito Civil, Direito Processual Civil, Est\u00e1gio Supervisionado Civil e Escrit\u00f3rio Modelo Criminal.<\/p>\n","protected":false},"excerpt":{"rendered":"<p>Coordena\u00e7\u00e3o Prof. Me. Fernando de Paula Batista Mello Doutorando em Direito Civil pela Faculdade de Direito da Universidade de Coimbra &#8211; FDUC em regime de cotutela com a Faculdade de Direito de S\u00e3o Paulo &#8211; FDUSP. Mestre em Ci\u00eancias Jur\u00eddico-Civil\u00edsticas, men\u00e7\u00e3o em Direito Civil, pela Faculdade de Direito da Universidade<\/p>\n","protected":false},"author":4,"featured_media":0,"parent":4040,"menu_order":0,"comment_status":"closed","ping_status":"closed","template":"templates\/template-pagina_menu_vertical.php","meta":{"footnotes":""},"categories":[],"tags":[],"class_list":["post-4048","page","type-page","status-publish","hentry"],"_links":{"self":[{"href":"https:\/\/portal.unisepe.com.br\/saolourenco\/wp-json\/wp\/v2\/pages\/4048","targetHints":{"allow":["GET"]}}],"collection":[{"href":"https:\/\/portal.unisepe.com.br\/saolourenco\/wp-json\/wp\/v2\/pages"}],"about":[{"href":"https:\/\/portal.unisepe.com.br\/saolourenco\/wp-json\/wp\/v2\/types\/page"}],"author":[{"embeddable":true,"href":"https:\/\/portal.unisepe.com.br\/saolourenco\/wp-json\/wp\/v2\/users\/4"}],"replies":[{"embeddable":true,"href":"https:\/\/portal.unisepe.com.br\/saolourenco\/wp-json\/wp\/v2\/comments?post=4048"}],"version-history":[{"count":6,"href":"https:\/\/portal.unisepe.com.br\/saolourenco\/wp-json\/wp\/v2\/pages\/4048\/revisions"}],"predecessor-version":[{"id":4111,"href":"https:\/\/portal.unisepe.com.br\/saolourenco\/wp-json\/wp\/v2\/pages\/4048\/revisions\/4111"}],"up":[{"embeddable":true,"href":"https:\/\/portal.unisepe.com.br\/saolourenco\/wp-json\/wp\/v2\/pages\/4040"}],"wp:attachment":[{"href":"https:\/\/portal.unisepe.com.br\/saolourenco\/wp-json\/wp\/v2\/media?parent=4048"}],"wp:term":[{"taxonomy":"category","embeddable":true,"href":"https:\/\/portal.unisepe.com.br\/saolourenco\/wp-json\/wp\/v2\/categories?post=4048"},{"taxonomy":"post_tag","embeddable":true,"href":"https:\/\/portal.unisepe.com.br\/saolourenco\/wp-json\/wp\/v2\/tags?post=4048"}],"curies":[{"name":"wp","href":"https:\/\/api.w.org\/{rel}","templated":true}]}}