{"id":5980,"date":"2023-03-06T20:48:03","date_gmt":"2023-03-06T23:48:03","guid":{"rendered":"https:\/\/portal.unisepe.com.br\/saolourenco\/?page_id=5980"},"modified":"2025-10-23T17:44:49","modified_gmt":"2025-10-23T20:44:49","slug":"projetos","status":"publish","type":"page","link":"https:\/\/portal.unisepe.com.br\/saolourenco\/nrse\/projetos\/","title":{"rendered":"Projetos"},"content":{"rendered":"<p style=\"text-align: center;\"><strong>A\u00e7\u00f5es de responsabilidade social:<\/strong><\/p>\n<ul>\n<li><strong><a href=\"https:\/\/portal.unisepe.com.br\/saolourenco\/wp-content\/uploads\/sites\/10005\/2023\/03\/Educa\u00e7\u00e3o-Ambiental.pdf\" target=\"_blank\" rel=\"noopener noreferrer\">Educa\u00e7\u00e3o Ambiental<\/a><\/strong><\/li>\n<li><a href=\"https:\/\/portal.unisepe.com.br\/saolourenco\/wp-content\/uploads\/sites\/10005\/2023\/03\/Campanha-do-Agasalho-da-Faculdade-de-S\u00e3o-Louren\u00e7o-.pdf\" target=\"_blank\" rel=\"noopener noreferrer\"><strong>Campanha do Agasalho do\u00a0<span data-teams=\"true\">Centro Universit\u00e1rio<\/span> S\u00e3o Louren\u00e7o<\/strong><\/a><\/li>\n<li><a href=\"https:\/\/portal.unisepe.com.br\/saolourenco\/wp-content\/uploads\/sites\/10005\/2023\/03\/PROGRAMA-PROERS.pdf\"><strong>Programa PROERS<\/strong><\/a><\/li>\n<li><a href=\"https:\/\/portal.unisepe.com.br\/saolourenco\/wp-content\/uploads\/sites\/10005\/2023\/03\/PROJETO-A-SA\u00daDE-CUIDA-DA-CIDADE.pdf\" target=\"_blank\" rel=\"noopener noreferrer\"><strong>PROJETO &#8211; A SA\u00daDE CUIDA DA CIDADE<\/strong><\/a><\/li>\n<li><a href=\"https:\/\/portal.unisepe.com.br\/saolourenco\/wp-content\/uploads\/sites\/10005\/2023\/03\/Rodovia-Segura-Fauna-Viva.pdf\" target=\"_blank\" rel=\"noopener noreferrer\"><strong>Rodovia Segura Fauna Viva<\/strong><\/a><\/li>\n<\/ul>\n","protected":false},"excerpt":{"rendered":"<p>A\u00e7\u00f5es de responsabilidade social: Educa\u00e7\u00e3o Ambiental Campanha do Agasalho do\u00a0Centro Universit\u00e1rio S\u00e3o Louren\u00e7o Programa PROERS PROJETO &#8211; A SA\u00daDE CUIDA DA CIDADE Rodovia Segura Fauna Viva<\/p>\n","protected":false},"author":4,"featured_media":0,"parent":5976,"menu_order":0,"comment_status":"closed","ping_status":"closed","template":"templates\/template-pagina_menu_vertical.php","meta":{"footnotes":""},"categories":[],"tags":[],"class_list":["post-5980","page","type-page","status-publish","hentry"],"_links":{"self":[{"href":"https:\/\/portal.unisepe.com.br\/saolourenco\/wp-json\/wp\/v2\/pages\/5980","targetHints":{"allow":["GET"]}}],"collection":[{"href":"https:\/\/portal.unisepe.com.br\/saolourenco\/wp-json\/wp\/v2\/pages"}],"about":[{"href":"https:\/\/portal.unisepe.com.br\/saolourenco\/wp-json\/wp\/v2\/types\/page"}],"author":[{"embeddable":true,"href":"https:\/\/portal.unisepe.com.br\/saolourenco\/wp-json\/wp\/v2\/users\/4"}],"replies":[{"embeddable":true,"href":"https:\/\/portal.unisepe.com.br\/saolourenco\/wp-json\/wp\/v2\/comments?post=5980"}],"version-history":[{"count":8,"href":"https:\/\/portal.unisepe.com.br\/saolourenco\/wp-json\/wp\/v2\/pages\/5980\/revisions"}],"predecessor-version":[{"id":6825,"href":"https:\/\/portal.unisepe.com.br\/saolourenco\/wp-json\/wp\/v2\/pages\/5980\/revisions\/6825"}],"up":[{"embeddable":true,"href":"https:\/\/portal.unisepe.com.br\/saolourenco\/wp-json\/wp\/v2\/pages\/5976"}],"wp:attachment":[{"href":"https:\/\/portal.unisepe.com.br\/saolourenco\/wp-json\/wp\/v2\/media?parent=5980"}],"wp:term":[{"taxonomy":"category","embeddable":true,"href":"https:\/\/portal.unisepe.com.br\/saolourenco\/wp-json\/wp\/v2\/categories?post=5980"},{"taxonomy":"post_tag","embeddable":true,"href":"https:\/\/portal.unisepe.com.br\/saolourenco\/wp-json\/wp\/v2\/tags?post=5980"}],"curies":[{"name":"wp","href":"https:\/\/api.w.org\/{rel}","templated":true}]}}